CREATE TABLE IF NOT EXISTS `field_data_field_sq_ft` (
  `entity_type` varchar(128) NOT NULL DEFAULT '' COMMENT 'The entity type this data is attached to',
  `bundle` varchar(128) NOT NULL DEFAULT '' COMMENT 'The field instance bundle to which this row belongs, used when deleting a field instance',
  `deleted` tinyint(4) NOT NULL DEFAULT '0' COMMENT 'A boolean indicating whether this data item has been deleted',
  `entity_id` int(10) unsigned NOT NULL COMMENT 'The entity id this data is attached to',
  `revision_id` int(10) unsigned DEFAULT NULL COMMENT 'The entity revision id this data is attached to, or NULL if the entity type is not versioned',
  `language` varchar(32) NOT NULL DEFAULT '' COMMENT 'The language for this data item.',
  `delta` int(10) unsigned NOT NULL COMMENT 'The sequence number for this data item, used for multi-value fields',
  `field_sq_ft_value` varchar(255) DEFAULT NULL,
  `field_sq_ft_format` varchar(255) DEFAULT NULL,
  PRIMARY KEY (`entity_type`,`entity_id`,`deleted`,`delta`,`language`),
  KEY `entity_type` (`entity_type`),
  KEY `bundle` (`bundle`),
  KEY `deleted` (`deleted`),
  KEY `entity_id` (`entity_id`),
  KEY `revision_id` (`revision_id`),
  KEY `language` (`language`),
  KEY `field_sq_ft_format` (`field_sq_ft_format`)
) ENGINE=InnoDB DEFAULT CHARSET=utf8 COMMENT='Data storage for field 154 (field_sq_ft)';

--
-- Дамп данных таблицы `field_data_field_sq_ft`
--

INSERT INTO `field_data_field_sq_ft` (`entity_type`, `bundle`, `deleted`, `entity_id`, `revision_id`, `language`, `delta`, `field_sq_ft_value`, `field_sq_ft_format`) VALUES
('node', 'house', 0, 34, 34, 'und', 0, '400', NULL),
('node', 'house', 0, 35, 35, 'und', 0, '600', NULL),
('node', 'house', 0, 36, 36, 'und', 0, '1500', NULL),
('node', 'house', 0, 37, 37, 'und', 0, '2000', NULL),
('node', 'house', 0, 38, 38, 'und', 0, '1000', NULL),
('node', 'house', 0, 39, 39, 'und', 0, '600', NULL);

-- --------------------------------------------------------

--
-- Структура таблицы `field_data_field_status`
--

CREATE TABLE IF NOT EXISTS `field_data_field_status` (
  `entity_type` varchar(128) NOT NULL DEFAULT '' COMMENT 'The entity type this data is attached to',
  `bundle` varchar(128) NOT NULL DEFAULT '' COMMENT 'The field instance bundle to which this row belongs, used when deleting a field instance',
  `deleted` tinyint(4) NOT NULL DEFAULT '0' COMMENT 'A boolean indicating whether this data item has been deleted',
  `entity_id` int(10) unsigned NOT NULL COMMENT 'The entity id this data is attached to',
  `revision_id` int(10) unsigned DEFAULT NULL COMMENT 'The entity revision id this data is attached to, or NULL if the entity type is not versioned',
  `language` varchar(32) NOT NULL DEFAULT '' COMMENT 'The language for this data item.',
  `delta` int(10) unsigned NOT NULL COMMENT 'The sequence number for this data item, used for multi-value fields',
  `field_status_value` varchar(255) DEFAULT NULL,
  `field_status_format` varchar(255) DEFAULT NULL,
  PRIMARY KEY (`entity_type`,`entity_id`,`deleted`,`delta`,`language`),
  KEY `entity_type` (`entity_type`),
  KEY `bundle` (`bundle`),
  KEY `deleted` (`deleted`),
  KEY `entity_id` (`entity_id`),
  KEY `revision_id` (`revision_id`),
  KEY `language` (`language`),
  KEY `field_status_format` (`field_status_format`)
) ENGINE=InnoDB DEFAULT CHARSET=utf8 COMMENT='Data storage for field 153 (field_status)';

--
-- Дамп данных таблицы `field_data_field_status`
--

INSERT INTO `field_data_field_status` (`entity_type`, `bundle`, `deleted`, `entity_id`, `revision_id`, `language`, `delta`, `field_status_value`, `field_status_format`) VALUES
('node', 'house', 0, 34, 34, 'und', 0, 'Rent', NULL),
('node', 'house', 0, 35, 35, 'und', 0, 'rent', NULL),
('node', 'house', 0, 36, 36, 'und', 0, 'Sale', NULL),
('node', 'house', 0, 37, 37, 'und', 0, 'Rent', NULL),
('node', 'house', 0, 38, 38, 'und', 0, 'Sale', NULL),
('node', 'house', 0, 39, 39, 'und', 0, 'rent', NULL);

-- --------------------------------------------------------

--
-- Структура таблицы `field_data_field_tags`
--

CREATE TABLE IF NOT EXISTS `field_data_field_tags` (
  `entity_type` varchar(128) NOT NULL DEFAULT '' COMMENT 'The entity type this data is attached to',
  `bundle` varchar(128) NOT NULL DEFAULT '' COMMENT 'The field instance bundle to which this row belongs, used when deleting a field instance',
  `deleted` tinyint(4) NOT NULL DEFAULT '0' COMMENT 'A boolean indicating whether this data item has been deleted',
  `entity_id` int(10) unsigned NOT NULL COMMENT 'The entity id this data is attached to',
  `revision_id` int(10) unsigned DEFAULT NULL COMMENT 'The entity revision id this data is attached to, or NULL if the entity type is not versioned',
  `language` varchar(32) NOT NULL DEFAULT '' COMMENT 'The language for this data item.',
  `delta` int(10) unsigned NOT NULL COMMENT 'The sequence number for this data item, used for multi-value fields',
  `field_tags_tid` int(10) unsigned DEFAULT NULL,
  PRIMARY KEY (`entity_type`,`entity_id`,`deleted`,`delta`,`language`),
  KEY `entity_type` (`entity_type`),
  KEY `bundle` (`bundle`),
  KEY `deleted` (`deleted`),
  KEY `entity_id` (`entity_id`),
  KEY `revision_id` (`revision_id`),
  KEY `language` (`language`),
  KEY `field_tags_tid` (`field_tags_tid`)
) ENGINE=InnoDB DEFAULT CHARSET=utf8 COMMENT='Data storage for field 3 (field_tags)';

-- --------------------------------------------------------

--
-- Структура таблицы `field_data_field_text`
--

CREATE TABLE IF NOT EXISTS `field_data_field_text` (
  `entity_type` varchar(128) NOT NULL DEFAULT '' COMMENT 'The entity type this data is attached to',
  `bundle` varchar(128) NOT NULL DEFAULT '' COMMENT 'The field instance bundle to which this row belongs, used when deleting a field instance',
  `deleted` tinyint(4) NOT NULL DEFAULT '0' COMMENT 'A boolean indicating whether this data item has been deleted',
  `entity_id` int(10) unsigned NOT NULL COMMENT 'The entity id this data is attached to',
  `revision_id` int(10) unsigned DEFAULT NULL COMMENT 'The entity revision id this data is attached to, or NULL if the entity type is not versioned',
  `language` varchar(32) NOT NULL DEFAULT '' COMMENT 'The language for this data item.',
  `delta` int(10) unsigned NOT NULL COMMENT 'The sequence number for this data item, used for multi-value fields',
  `field_text_value` varchar(255) DEFAULT NULL,
  `field_text_format` varchar(255) DEFAULT NULL,
  PRIMARY KEY (`entity_type`,`entity_id`,`deleted`,`delta`,`language`),
  KEY `entity_type` (`entity_type`),
  KEY `bundle` (`bundle`),
  KEY `deleted` (`deleted`),
  KEY `entity_id` (`entity_id`),
  KEY `revision_id` (`revision_id`),
  KEY `language` (`language`),
  KEY `field_text_format` (`field_text_format`)
) ENGINE=InnoDB DEFAULT CHARSET=utf8 COMMENT='Data storage for field 118 (field_text)';

--
-- Дамп данных таблицы `field_data_field_text`
--

INSERT INTO `field_data_field_text` (`entity_type`, `bundle`, `deleted`, `entity_id`, `revision_id`, `language`, `delta`, `field_text_value`, `field_text_format`) VALUES
('node', 'team', 0, 12, 12, 'und', 0, 'Agent', NULL),
('node', 'team', 0, 13, 13, 'und', 0, 'Agent', NULL),
('node', 'team', 0, 14, 14, 'und', 0, 'Agent', NULL),
('node', 'team', 0, 15, 15, 'und', 0, 'Agent', NULL);

-- --------------------------------------------------------

--
-- Структура таблицы `field_data_field_thumbnail_images`
--

CREATE TABLE IF NOT EXISTS `field_data_field_thumbnail_images` (
  `entity_type` varchar(128) NOT NULL DEFAULT '' COMMENT 'The entity type this data is attached to',
  `bundle` varchar(128) NOT NULL DEFAULT '' COMMENT 'The field instance bundle to which this row belongs, used when deleting a field instance',
  `deleted` tinyint(4) NOT NULL DEFAULT '0' COMMENT 'A boolean indicating whether this data item has been deleted',
  `entity_id` int(10) unsigned NOT NULL COMMENT 'The entity id this data is attached to',
  `revision_id` int(10) unsigned DEFAULT NULL COMMENT 'The entity revision id this data is attached to, or NULL if the entity type is not versioned',
  `language` varchar(32) NOT NULL DEFAULT '' COMMENT 'The language for this data item.',
  `delta` int(10) unsigned NOT NULL COMMENT 'The sequence number for this data item, used for multi-value fields',
  `field_thumbnail_images_fid` int(10) unsigned DEFAULT NULL COMMENT 'The file_managed.fid being referenced in this field.',
  `field_thumbnail_images_alt` varchar(512) DEFAULT NULL COMMENT 'Alternative image text, for the image’s ’alt’ attribute.',
  `field_thumbnail_images_title` varchar(1024) DEFAULT NULL COMMENT 'Image title text, for the image’s ’title’ attribute.',
  `field_thumbnail_images_width` int(10) unsigned DEFAULT NULL COMMENT 'The width of the image in pixels.',
  `field_thumbnail_images_height` int(10) unsigned DEFAULT NULL COMMENT 'The height of the image in pixels.',
  PRIMARY KEY (`entity_type`,`entity_id`,`deleted`,`delta`,`language`),
  KEY `entity_type` (`entity_type`),
  KEY `bundle` (`bundle`),
  KEY `deleted` (`deleted`),
  KEY `entity_id` (`entity_id`),
  KEY `revision_id` (`revision_id`),
  KEY `language` (`language`),
  KEY `field_thumbnail_images_fid` (`field_thumbnail_images_fid`)
) ENGINE=InnoDB DEFAULT CHARSET=utf8 COMMENT='Data storage for field 142 (field_thumbnail_images)';

--
-- Дамп данных таблицы `field_data_field_thumbnail_images`
--

INSERT INTO `field_data_field_thumbnail_images` (`entity_type`, `bundle`, `deleted`, `entity_id`, `revision_id`, `language`, `delta`, `field_thumbnail_images_fid`, `field_thumbnail_images_alt`, `field_thumbnail_images_title`, `field_thumbnail_images_width`, `field_thumbnail_images_height`) VALUES
('node', 'house', 0, 34, 34, 'und', 0, 541, '', '', 1980, 880),
('node', 'house', 0, 35, 35, 'und', 0, 533, '', '', 1980, 880),
('node', 'house', 0, 35, 35, 'und', 1, 534, '', '', 1980, 880),
('node', 'house', 0, 36, 36, 'und', 0, 539, '', '', 1980, 880),
('node', 'house', 0, 37, 37, 'und', 0, 545, '', '', 1980, 880),
('node', 'house', 0, 38, 38, 'und', 0, 543, '', '', 1980, 880),
('node', 'house', 0, 39, 39, 'und', 0, 536, '', '', 1980, 880),
('node', 'house', 0, 39, 39, 'und', 1, 537, '', '', 1980, 880);

-- --------------------------------------------------------

--
-- Структура таблицы `field_data_field_web_site`
--

CREATE TABLE IF NOT EXISTS `field_data_field_web_site` (
  `entity_type` varchar(128) NOT NULL DEFAULT '' COMMENT 'The entity type this data is attached to',
  `bundle` varchar(128) NOT NULL DEFAULT '' COMMENT 'The field instance bundle to which this row belongs, used when deleting a field instance',
  `deleted` tinyint(4) NOT NULL DEFAULT '0' COMMENT 'A boolean indicating whether this data item has been deleted',
  `entity_id` int(10) unsigned NOT NULL COMMENT 'The entity id this data is attached to',
  `revision_id` int(10) unsigned DEFAULT NULL COMMENT 'The entity revision id this data is attached to, or NULL if the entity type is not versioned',
  `language` varchar(32) NOT NULL DEFAULT '' COMMENT 'The language for this data item.',
  `delta` int(10) unsigned NOT NULL COMMENT 'The sequence number for this data item, used for multi-value fields',
  `field_web_site_value` varchar(255) DEFAULT NULL,
  `field_web_site_format` varchar(255) DEFAULT NULL,
  PRIMARY KEY (`entity_type`,`entity_id`,`deleted`,`delta`,`language`),
  KEY `entity_type` (`entity_type`),
  KEY `bundle` (`bundle`),
  KEY `deleted` (`deleted`),
  KEY `entity_id` (`entity_id`),
  KEY `revision_id` (`revision_id`),
  KEY `language` (`language`),
  KEY `field_web_site_format` (`field_web_site_format`)
) ENGINE=InnoDB DEFAULT CHARSET=utf8 COMMENT='Data storage for field 169 (field_web_site)';

--
-- Дамп данных таблицы `field_data_field_web_site`
--

INSERT INTO `field_data_field_web_site` (`entity_type`, `bundle`, `deleted`, `entity_id`, `revision_id`, `language`, `delta`, `field_web_site_value`, `field_web_site_format`) VALUES
('user', 'user', 0, 35, 35, 'und', 0, 'http://www.ordasoft.com', NULL),
('user', 'user', 0, 36, 36, 'und', 0, 'http://www.ordasoft.com', NULL),
('user', 'user', 0, 37, 37, 'und', 0, 'http://www.ordasoft.com', NULL),
('user', 'user', 0, 38, 38, 'und', 0, 'http://www.ordasoft.com', NULL);

-- --------------------------------------------------------

--
-- Структура таблицы `field_data_field_year`
--

CREATE TABLE IF NOT EXISTS `field_data_field_year` (
  `entity_type` varchar(128) NOT NULL DEFAULT '' COMMENT 'The entity type this data is attached to',
  `bundle` varchar(128) NOT NULL DEFAULT '' COMMENT 'The field instance bundle to which this row belongs, used when deleting a field instance',
  `deleted` tinyint(4) NOT NULL DEFAULT '0' COMMENT 'A boolean indicating whether this data item has been deleted',
  `entity_id` int(10) unsigned NOT NULL COMMENT 'The entity id this data is attached to',
  `revision_id` int(10) unsigned DEFAULT NULL COMMENT 'The entity revision id this data is attached to, or NULL if the entity type is not versioned',
  `language` varchar(32) NOT NULL DEFAULT '' COMMENT 'The language for this data item.',
  `delta` int(10) unsigned NOT NULL COMMENT 'The sequence number for this data item, used for multi-value fields',
  `field_year_value` varchar(255) DEFAULT NULL,
  `field_year_format` varchar(255) DEFAULT NULL,
  PRIMARY KEY (`entity_type`,`entity_id`,`deleted`,`delta`,`language`),
  KEY `entity_type` (`entity_type`),
  KEY `bundle` (`bundle`),
  KEY `deleted` (`deleted`),
  KEY `entity_id` (`entity_id`),
  KEY `revision_id` (`revision_id`),
  KEY `language` (`language`),
  KEY `field_year_format` (`field_year_format`)
) ENGINE=InnoDB DEFAULT CHARSET=utf8 COMMENT='Data storage for field 151 (field_year)';

--
-- Дамп данных таблицы `field_data_field_year`
--

INSERT INTO `field_data_field_year` (`entity_type`, `bundle`, `deleted`, `entity_id`, `revision_id`, `language`, `delta`, `field_year_value`, `field_year_format`) VALUES
('node', 'house', 0, 34, 34, 'und', 0, '2012', NULL),
('node', 'house', 0, 35, 35, 'und', 0, '2000', NULL),
('node', 'house', 0, 36, 36, 'und', 0, '2011', NULL),
('node', 'house', 0, 37, 37, 'und', 0, '2005', NULL),
('node', 'house', 0, 38, 38, 'und', 0, '2010', NULL),
('node', 'house', 0, 39, 39, 'und', 0, '2000', NULL);

-- --------------------------------------------------------

--
-- Структура таблицы `field_data_field__ountry_it`
--

CREATE TABLE IF NOT EXISTS `field_data_field__ountry_it` (
  `entity_type` varchar(128) NOT NULL DEFAULT '' COMMENT 'The entity type this data is attached to',
  `bundle` varchar(128) NOT NULL DEFAULT '' COMMENT 'The field instance bundle to which this row belongs, used when deleting a field instance',
  `deleted` tinyint(4) NOT NULL DEFAULT '0' COMMENT 'A boolean indicating whether this data item has been deleted',
  `entity_id` int(10) unsigned NOT NULL COMMENT 'The entity id this data is attached to',
  `revision_id` int(10) unsigned DEFAULT NULL COMMENT 'The entity revision id this data is attached to, or NULL if the entity type is not versioned',
  `language` varchar(32) NOT NULL DEFAULT '' COMMENT 'The language for this data item.',
  `delta` int(10) unsigned NOT NULL COMMENT 'The sequence number for this data item, used for multi-value fields',
  `field__ountry_it_value` varchar(255) DEFAULT NULL,
  `field__ountry_it_format` varchar(255) DEFAULT NULL,
  PRIMARY KEY (`entity_type`,`entity_id`,`deleted`,`delta`,`language`),
  KEY `entity_type` (`entity_type`),
  KEY `bundle` (`bundle`),
  KEY `deleted` (`deleted`),
  KEY `entity_id` (`entity_id`),
  KEY `revision_id` (`revision_id`),
  KEY `language` (`language`),
  KEY `field__ountry_it_format` (`field__ountry_it_format`)
) ENGINE=InnoDB DEFAULT CHARSET=utf8 COMMENT='Data storage for field 167 (field__ountry_it)';

--
-- Дамп данных таблицы `field_data_field__ountry_it`
--

INSERT INTO `field_data_field__ountry_it` (`entity_type`, `bundle`, `deleted`, `entity_id`, `revision_id`, `language`, `delta`, `field__ountry_it_value`, `field__ountry_it_format`) VALUES
('user', 'user', 0, 35, 35, 'und', 0, 'Spain', NULL),
('user', 'user', 0, 36, 36, 'und', 0, 'United States', NULL),
('user', 'user', 0, 37, 37, 'und', 0, 'United States', NULL),
('user', 'user', 0, 38, 38, 'und', 0, 'United States', NULL);

-- --------------------------------------------------------

--
-- Структура таблицы `field_data_media_description`
--

CREATE TABLE IF NOT EXISTS `field_data_media_description` (
  `entity_type` varchar(128) NOT NULL DEFAULT '' COMMENT 'The entity type this data is attached to',
  `bundle` varchar(128) NOT NULL DEFAULT '' COMMENT 'The field instance bundle to which this row belongs, used when deleting a field instance',
  `deleted` tinyint(4) NOT NULL DEFAULT '0' COMMENT 'A boolean indicating whether this data item has been deleted',
  `entity_id` int(10) unsigned NOT NULL COMMENT 'The entity id this data is attached to',
  `revision_id` int(10) unsigned DEFAULT NULL COMMENT 'The entity revision id this data is attached to, or NULL if the entity type is not versioned',
  `language` varchar(32) NOT NULL DEFAULT '' COMMENT 'The language for this data item.',
  `delta` int(10) unsigned NOT NULL COMMENT 'The sequence number for this data item, used for multi-value fields',
  `media_description_value` longtext,
  `media_description_format` varchar(255) DEFAULT NULL,
  PRIMARY KEY (`entity_type`,`entity_id`,`deleted`,`delta`,`language`),
  KEY `entity_type` (`entity_type`),
  KEY `bundle` (`bundle`),
  KEY `deleted` (`deleted`),
  KEY `entity_id` (`entity_id`),
  KEY `revision_id` (`revision_id`),
  KEY `language` (`language`),
  KEY `media_description_format` (`media_description_format`)
) ENGINE=InnoDB DEFAULT CHARSET=utf8 COMMENT='Data storage for field 19 (media_description)';

-- --------------------------------------------------------

--
-- Структура таблицы `field_data_media_gallery_allow_download`
--

CREATE TABLE IF NOT EXISTS `field_data_media_gallery_allow_download` (
  `entity_type` varchar(128) NOT NULL DEFAULT '' COMMENT 'The entity type this data is attached to',
  `bundle` varchar(128) NOT NULL DEFAULT '' COMMENT 'The field instance bundle to which this row belongs, used when deleting a field instance',
  `deleted` tinyint(4) NOT NULL DEFAULT '0' COMMENT 'A boolean indicating whether this data item has been deleted',
  `entity_id` int(10) unsigned NOT NULL COMMENT 'The entity id this data is attached to',
  `revision_id` int(10) unsigned DEFAULT NULL COMMENT 'The entity revision id this data is attached to, or NULL if the entity type is not versioned',
  `language` varchar(32) NOT NULL DEFAULT '' COMMENT 'The language for this data item.',
  `delta` int(10) unsigned NOT NULL COMMENT 'The sequence number for this data item, used for multi-value fields',
  `media_gallery_allow_download_value` int(11) DEFAULT NULL,
  PRIMARY KEY (`entity_type`,`entity_id`,`deleted`,`delta`,`language`),
  KEY `entity_type` (`entity_type`),
  KEY `bundle` (`bundle`),
  KEY `deleted` (`deleted`),
  KEY `entity_id` (`entity_id`),
  KEY `revision_id` (`revision_id`),
  KEY `language` (`language`),
  KEY `media_gallery_allow_download_value` (`media_gallery_allow_download_value`)
) ENGINE=InnoDB DEFAULT CHARSET=utf8 COMMENT='Data storage for field 14 (media_gallery_allow_download)';

-- --------------------------------------------------------

--
-- Структура таблицы `field_data_media_gallery_block_columns`
--

CREATE TABLE IF NOT EXISTS `field_data_media_gallery_block_columns` (
  `entity_type` varchar(128) NOT NULL DEFAULT '' COMMENT 'The entity type this data is attached to',
  `bundle` varchar(128) NOT NULL DEFAULT '' COMMENT 'The field instance bundle to which this row belongs, used when deleting a field instance',
  `deleted` tinyint(4) NOT NULL DEFAULT '0' COMMENT 'A boolean indicating whether this data item has been deleted',
  `entity_id` int(10) unsigned NOT NULL COMMENT 'The entity id this data is attached to',
  `revision_id` int(10) unsigned DEFAULT NULL COMMENT 'The entity revision id this data is attached to, or NULL if the entity type is not versioned',
  `language` varchar(32) NOT NULL DEFAULT '' COMMENT 'The language for this data item.',
  `delta` int(10) unsigned NOT NULL COMMENT 'The sequence number for this data item, used for multi-value fields',
  `media_gallery_block_columns_value` float DEFAULT NULL,
  PRIMARY KEY (`entity_type`,`entity_id`,`deleted`,`delta`,`language`),
  KEY `entity_type` (`entity_type`),
  KEY `bundle` (`bundle`),
  KEY `deleted` (`deleted`),
  KEY `entity_id` (`entity_id`),
  KEY `revision_id` (`revision_id`),
  KEY `language` (`language`),
  KEY `media_gallery_block_columns_value` (`media_gallery_block_columns_value`)
) ENGINE=InnoDB DEFAULT CHARSET=utf8 COMMENT='Data storage for field 16 (media_gallery_block_columns)';

-- --------------------------------------------------------

--
-- Структура таблицы `field_data_media_gallery_block_rows`
--

CREATE TABLE IF NOT EXISTS `field_data_media_gallery_block_rows` (
  `entity_type` varchar(128) NOT NULL DEFAULT '' COMMENT 'The entity type this data is attached to',
  `bundle` varchar(128) NOT NULL DEFAULT '' COMMENT 'The field instance bundle to which this row belongs, used when deleting a field instance',
  `deleted` tinyint(4) NOT NULL DEFAULT '0' COMMENT 'A boolean indicating whether this data item has been deleted',
  `entity_id` int(10) unsigned NOT NULL COMMENT 'The entity id this data is attached to',
  `revision_id` int(10) unsigned DEFAULT NULL COMMENT 'The entity revision id this data is attached to, or NULL if the entity type is not versioned',
  `language` varchar(32) NOT NULL DEFAULT '' COMMENT 'The language for this data item.',
  `delta` int(10) unsigned NOT NULL COMMENT 'The sequence number for this data item, used for multi-value fields',
  `media_gallery_block_rows_value` int(11) DEFAULT NULL,
  PRIMARY KEY (`entity_type`,`entity_id`,`deleted`,`delta`,`language`),
  KEY `entity_type` (`entity_type`),
  KEY `bundle` (`bundle`),
  KEY `deleted` (`deleted`),
  KEY `entity_id` (`entity_id`),
  KEY `revision_id` (`revision_id`),
  KEY `language` (`language`)
) ENGINE=InnoDB DEFAULT CHARSET=utf8 COMMENT='Data storage for field 17 (media_gallery_block_rows)';

-- --------------------------------------------------------

--
-- Структура таблицы `field_data_media_gallery_columns`
--

CREATE TABLE IF NOT EXISTS `field_data_media_gallery_columns` (
  `entity_type` varchar(128) NOT NULL DEFAULT '' COMMENT 'The entity type this data is attached to',
  `bundle` varchar(128) NOT NULL DEFAULT '' COMMENT 'The field instance bundle to which this row belongs, used when deleting a field instance',
  `deleted` tinyint(4) NOT NULL DEFAULT '0' COMMENT 'A boolean indicating whether this data item has been deleted',
  `entity_id` int(10) unsigned NOT NULL COMMENT 'The entity id this data is attached to',
  `revision_id` int(10) unsigned DEFAULT NULL COMMENT 'The entity revision id this data is attached to, or NULL if the entity type is not versioned',
  `language` varchar(32) NOT NULL DEFAULT '' COMMENT 'The language for this data item.',
  `delta` int(10) unsigned NOT NULL COMMENT 'The sequence number for this data item, used for multi-value fields',
  `media_gallery_columns_value` float DEFAULT NULL,
  PRIMARY KEY (`entity_type`,`entity_id`,`deleted`,`delta`,`language`),
  KEY `entity_type` (`entity_type`),
  KEY `bundle` (`bundle`),
  KEY `deleted` (`deleted`),
  KEY `entity_id` (`entity_id`),
  KEY `revision_id` (`revision_id`),
  KEY `language` (`language`),
  KEY `media_gallery_columns_value` (`media_gallery_columns_value`)
) ENGINE=InnoDB DEFAULT CHARSET=utf8 COMMENT='Data storage for field 11 (media_gallery_columns)';

-- --------------------------------------------------------

--
-- Структура таблицы `field_data_media_gallery_description`
--

CREATE TABLE IF NOT EXISTS `field_data_media_gallery_description` (
  `entity_type` varchar(128) NOT NULL DEFAULT '' COMMENT 'The entity type this data is attached to',
  `bundle` varchar(128) NOT NULL DEFAULT '' COMMENT 'The field instance bundle to which this row belongs, used when deleting a field instance',
  `deleted` tinyint(4) NOT NULL DEFAULT '0' COMMENT 'A boolean indicating whether this data item has been deleted',
  `entity_id` int(10) unsigned NOT NULL COMMENT 'The entity id this data is attached to',
  `revision_id` int(10) unsigned DEFAULT NULL COMMENT 'The entity revision id this data is attached to, or NULL if the entity type is not versioned',
  `language` varchar(32) NOT NULL DEFAULT '' COMMENT 'The language for this data item.',
  `delta` int(10) unsigned NOT NULL COMMENT 'The sequence number for this data item, used for multi-value fields',
  `media_gallery_description_value` longtext,
  `media_gallery_description_format` varchar(255) DEFAULT NULL,
  PRIMARY KEY (`entity_type`,`entity_id`,`deleted`,`delta`,`language`),
  KEY `entity_type` (`entity_type`),
  KEY `bundle` (`bundle`),
  KEY `deleted` (`deleted`),
  KEY `entity_id` (`entity_id`),
  KEY `revision_id` (`revision_id`),
  KEY `language` (`language`),
  KEY `media_gallery_description_format` (`media_gallery_description_format`)
) ENGINE=InnoDB DEFAULT CHARSET=utf8 COMMENT='Data storage for field 8 (media_gallery_description)';

-- --------------------------------------------------------

--
-- Структура таблицы `field_data_media_gallery_expose_block`
--

CREATE TABLE IF NOT EXISTS `field_data_media_gallery_expose_block` (
  `entity_type` varchar(128) NOT NULL DEFAULT '' COMMENT 'The entity type this data is attached to',
  `bundle` varchar(128) NOT NULL DEFAULT '' COMMENT 'The field instance bundle to which this row belongs, used when deleting a field instance',
  `deleted` tinyint(4) NOT NULL DEFAULT '0' COMMENT 'A boolean indicating whether this data item has been deleted',
  `entity_id` int(10) unsigned NOT NULL COMMENT 'The entity id this data is attached to',
  `revision_id` int(10) unsigned DEFAULT NULL COMMENT 'The entity revision id this data is attached to, or NULL if the entity type is not versioned',
  `language` varchar(32) NOT NULL DEFAULT '' COMMENT 'The language for this data item.',
  `delta` int(10) unsigned NOT NULL COMMENT 'The sequence number for this data item, used for multi-value fields',
  `media_gallery_expose_block_value` int(11) DEFAULT NULL,
  PRIMARY KEY (`entity_type`,`entity_id`,`deleted`,`delta`,`language`),
  KEY `entity_type` (`entity_type`),
  KEY `bundle` (`bundle`),
  KEY `deleted` (`deleted`),
  KEY `entity_id` (`entity_id`),
  KEY `revision_id` (`revision_id`),
  KEY `language` (`language`),
  KEY `media_gallery_expose_block_value` (`media_gallery_expose_block_value`)
) ENGINE=InnoDB DEFAULT CHARSET=utf8 COMMENT='Data storage for field 15 (media_gallery_expose_block)';

-- --------------------------------------------------------

--
-- Структура таблицы `field_data_media_gallery_format`
--

CREATE TABLE IF NOT EXISTS `field_data_media_gallery_format` (
  `entity_type` varchar(128) NOT NULL DEFAULT '' COMMENT 'The entity type this data is attached to',
  `bundle` varchar(128) NOT NULL DEFAULT '' COMMENT 'The field instance bundle to which this row belongs, used when deleting a field instance',
  `deleted` tinyint(4) NOT NULL DEFAULT '0' COMMENT 'A boolean indicating whether this data item has been deleted',
  `entity_id` int(10) unsigned NOT NULL COMMENT 'The entity id this data is attached to',
  `revision_id` int(10) unsigned DEFAULT NULL COMMENT 'The entity revision id this data is attached to, or NULL if the entity type is not versioned',
  `language` varchar(32) NOT NULL DEFAULT '' COMMENT 'The language for this data item.',
  `delta` int(10) unsigned NOT NULL COMMENT 'The sequence number for this data item, used for multi-value fields',
  `media_gallery_format_value` varchar(255) DEFAULT NULL,
  PRIMARY KEY (`entity_type`,`entity_id`,`deleted`,`delta`,`language`),
  KEY `entity_type` (`entity_type`),
  KEY `bundle` (`bundle`),
  KEY `deleted` (`deleted`),
  KEY `entity_id` (`entity_id`),
  KEY `revision_id` (`revision_id`),
  KEY `language` (`language`),
  KEY `media_gallery_format_value` (`media_gallery_format_value`)
) ENGINE=InnoDB DEFAULT CHARSET=utf8 COMMENT='Data storage for field 9 (media_gallery_format)';

-- --------------------------------------------------------

--
-- Структура таблицы `field_data_media_gallery_image_info_where`
--

CREATE TABLE IF NOT EXISTS `field_data_media_gallery_image_info_where` (
  `entity_type` varchar(128) NOT NULL DEFAULT '' COMMENT 'The entity type this data is attached to',
  `bundle` varchar(128) NOT NULL DEFAULT '' COMMENT 'The field instance bundle to which this row belongs, used when deleting a field instance',
  `deleted` tinyint(4) NOT NULL DEFAULT '0' COMMENT 'A boolean indicating whether this data item has been deleted',
  `entity_id` int(10) unsigned NOT NULL COMMENT 'The entity id this data is attached to',
  `revision_id` int(10) unsigned DEFAULT NULL COMMENT 'The entity revision id this data is attached to, or NULL if the entity type is not versioned',
  `language` varchar(32) NOT NULL DEFAULT '' COMMENT 'The language for this data item.',
  `delta` int(10) unsigned NOT NULL COMMENT 'The sequence number for this data item, used for multi-value fields',
  `media_gallery_image_info_where_value` varchar(255) DEFAULT NULL,
  PRIMARY KEY (`entity_type`,`entity_id`,`deleted`,`delta`,`language`),
  KEY `entity_type` (`entity_type`),
  KEY `bundle` (`bundle`),
  KEY `deleted` (`deleted`),
  KEY `entity_id` (`entity_id`),
  KEY `revision_id` (`revision_id`),
  KEY `language` (`language`),
  KEY `media_gallery_image_info_where_value` (`media_gallery_image_info_where_value`)
) ENGINE=InnoDB DEFAULT CHARSET=utf8 COMMENT='Data storage for field 13 (media_gallery_image_info_where)';

-- --------------------------------------------------------

--
-- Структура таблицы `field_data_media_gallery_lightbox_extras`
--

CREATE TABLE IF NOT EXISTS `field_data_media_gallery_lightbox_extras` (
  `entity_type` varchar(128) NOT NULL DEFAULT '' COMMENT 'The entity type this data is attached to',
  `bundle` varchar(128) NOT NULL DEFAULT '' COMMENT 'The field instance bundle to which this row belongs, used when deleting a field instance',
  `deleted` tinyint(4) NOT NULL DEFAULT '0' COMMENT 'A boolean indicating whether this data item has been deleted',
  `entity_id` int(10) unsigned NOT NULL COMMENT 'The entity id this data is attached to',
  `revision_id` int(10) unsigned DEFAULT NULL COMMENT 'The entity revision id this data is attached to, or NULL if the entity type is not versioned',
  `language` varchar(32) NOT NULL DEFAULT '' COMMENT 'The language for this data item.',
  `delta` int(10) unsigned NOT NULL COMMENT 'The sequence number for this data item, used for multi-value fields',
  `media_gallery_lightbox_extras_value` int(11) DEFAULT NULL,
  PRIMARY KEY (`entity_type`,`entity_id`,`deleted`,`delta`,`language`),
  KEY `entity_type` (`entity_type`),
  KEY `bundle` (`bundle`),
  KEY `deleted` (`deleted`),
  KEY `entity_id` (`entity_id`),
  KEY `revision_id` (`revision_id`),
  KEY `language` (`language`),
  KEY `media_gallery_lightbox_extras_value` (`media_gallery_lightbox_extras_value`)
) ENGINE=InnoDB DEFAULT CHARSET=utf8 COMMENT='Data storage for field 10 (media_gallery_lightbox_extras)';

-- --------------------------------------------------------

--
-- Структура таблицы `field_data_media_gallery_media`
--

CREATE TABLE IF NOT EXISTS `field_data_media_gallery_media` (
  `entity_type` varchar(128) NOT NULL DEFAULT '' COMMENT 'The entity type this data is attached to',
  `bundle` varchar(128) NOT NULL DEFAULT '' COMMENT 'The field instance bundle to which this row belongs, used when deleting a field instance',
  `deleted` tinyint(4) NOT NULL DEFAULT '0' COMMENT 'A boolean indicating whether this data item has been deleted',
  `entity_id` int(10) unsigned NOT NULL COMMENT 'The entity id this data is attached to',
  `revision_id` int(10) unsigned DEFAULT NULL COMMENT 'The entity revision id this data is attached to, or NULL if the entity type is not versioned',
  `language` varchar(32) NOT NULL DEFAULT '' COMMENT 'The language for this data item.',
  `delta` int(10) unsigned NOT NULL COMMENT 'The sequence number for this data item, used for multi-value fields',
  `media_gallery_media_fid` int(10) unsigned DEFAULT NULL,
  `media_gallery_media_title` varchar(255) DEFAULT NULL,
  `media_gallery_media_data` longtext,
  PRIMARY KEY (`entity_type`,`entity_id`,`deleted`,`delta`,`language`),
  KEY `entity_type` (`entity_type`),
  KEY `bundle` (`bundle`),
  KEY `deleted` (`deleted`),
  KEY `entity_id` (`entity_id`),
  KEY `revision_id` (`revision_id`),
  KEY `language` (`language`),
  KEY `media_gallery_media_fid` (`media_gallery_media_fid`)
) ENGINE=InnoDB DEFAULT CHARSET=utf8 COMMENT='Data storage for field 7 (media_gallery_media)';

-- --------------------------------------------------------

--
-- Структура таблицы `field_data_media_gallery_rows`
--

CREATE TABLE IF NOT EXISTS `field_data_media_gallery_rows` (
  `entity_type` varchar(128) NOT NULL DEFAULT '' COMMENT 'The entity type this data is attached to',
  `bundle` varchar(128) NOT NULL DEFAULT '' COMMENT 'The field instance bundle to which this row belongs, used when deleting a field instance',
  `deleted` tinyint(4) NOT NULL DEFAULT '0' COMMENT 'A boolean indicating whether this data item has been deleted',
  `entity_id` int(10) unsigned NOT NULL COMMENT 'The entity id this data is attached to',
  `revision_id` int(10) unsigned DEFAULT NULL COMMENT 'The entity revision id this data is attached to, or NULL if the entity type is not versioned',
  `language` varchar(32) NOT NULL DEFAULT '' COMMENT 'The language for this data item.',
  `delta` int(10) unsigned NOT NULL COMMENT 'The sequence number for this data item, used for multi-value fields',
  `media_gallery_rows_value` int(11) DEFAULT NULL,
  PRIMARY KEY (`entity_type`,`entity_id`,`deleted`,`delta`,`language`),
  KEY `entity_type` (`entity_type`),
  KEY `bundle` (`bundle`),
  KEY `deleted` (`deleted`),
  KEY `entity_id` (`entity_id`),
  KEY `revision_id` (`revision_id`),
  KEY `language` (`language`)
) ENGINE=InnoDB DEFAULT CHARSET=utf8 COMMENT='Data storage for field 12 (media_gallery_rows)';

-- --------------------------------------------------------

--
-- Структура таблицы `field_data_media_title`
--

CREATE TABLE IF NOT EXISTS `field_data_media_title` (
  `entity_type` varchar(128) NOT NULL DEFAULT '' COMMENT 'The entity type this data is attached to',
  `bundle` varchar(128) NOT NULL DEFAULT '' COMMENT 'The field instance bundle to which this row belongs, used when deleting a field instance',
  `deleted` tinyint(4) NOT NULL DEFAULT '0' COMMENT 'A boolean indicating whether this data item has been deleted',
  `entity_id` int(10) unsigned NOT NULL COMMENT 'The entity id this data is attached to',
  `revision_id` int(10) unsigned DEFAULT NULL COMMENT 'The entity revision id this data is attached to, or NULL if the entity type is not versioned',
  `language` varchar(32) NOT NULL DEFAULT '' COMMENT 'The language for this data item.',
  `delta` int(10) unsigned NOT NULL COMMENT 'The sequence number for this data item, used for multi-value fields',
  `media_title_value` varchar(255) DEFAULT NULL,
  `media_title_format` varchar(255) DEFAULT NULL,
  PRIMARY KEY (`entity_type`,`entity_id`,`deleted`,`delta`,`language`),
  KEY `entity_type` (`entity_type`),
  KEY `bundle` (`bundle`),
  KEY `deleted` (`deleted`),
  KEY `entity_id` (`entity_id`),
  KEY `revision_id` (`revision_id`),
  KEY `language` (`language`),
  KEY `media_title_format` (`media_title_format`)
) ENGINE=InnoDB DEFAULT CHARSET=utf8 COMMENT='Data storage for field 20 (media_title)';

-- --------------------------------------------------------

--
-- Структура таблицы `field_deleted_data_164`
--

CREATE TABLE IF NOT EXISTS `field_deleted_data_164` (
  `entity_type` varchar(128) NOT NULL DEFAULT '' COMMENT 'The entity type this data is attached to',
  `bundle` varchar(128) NOT NULL DEFAULT '' COMMENT 'The field instance bundle to which this row belongs, used when deleting a field instance',
  `deleted` tinyint(4) NOT NULL DEFAULT '0' COMMENT 'A boolean indicating whether this data item has been deleted',
  `entity_id` int(10) unsigned NOT NULL COMMENT 'The entity id this data is attached to',
  `revision_id` int(10) unsigned DEFAULT NULL COMMENT 'The entity revision id this data is attached to, or NULL if the entity type is not versioned',
  `language` varchar(32) NOT NULL DEFAULT '' COMMENT 'The language for this data item.',
  `delta` int(10) unsigned NOT NULL COMMENT 'The sequence number for this data item, used for multi-value fields',
  `field_our_contact_value` varchar(255) DEFAULT NULL,
  `field_our_contact_format` varchar(255) DEFAULT NULL,
  PRIMARY KEY (`entity_type`,`entity_id`,`deleted`,`delta`,`language`),
  KEY `entity_type` (`entity_type`),
  KEY `bundle` (`bundle`),
  KEY `deleted` (`deleted`),
  KEY `entity_id` (`entity_id`),
  KEY `revision_id` (`revision_id`),
  KEY `language` (`language`),
  KEY `field_our_contact_format` (`field_our_contact_format`)
) ENGINE=InnoDB DEFAULT CHARSET=utf8 COMMENT='Data storage for field 164 (field_our_contact)';

-- --------------------------------------------------------

--
-- Структура таблицы `field_deleted_revision_164`
--

CREATE TABLE IF NOT EXISTS `field_deleted_revision_164` (
  `entity_type` varchar(128) NOT NULL DEFAULT '' COMMENT 'The entity type this data is attached to',
  `bundle` varchar(128) NOT NULL DEFAULT '' COMMENT 'The field instance bundle to which this row belongs, used when deleting a field instance',
  `deleted` tinyint(4) NOT NULL DEFAULT '0' COMMENT 'A boolean indicating whether this data item has been deleted',
  `entity_id` int(10) unsigned NOT NULL COMMENT 'The entity id this data is attached to',
  `revision_id` int(10) unsigned NOT NULL COMMENT 'The entity revision id this data is attached to',
  `language` varchar(32) NOT NULL DEFAULT '' COMMENT 'The language for this data item.',
  `delta` int(10) unsigned NOT NULL COMMENT 'The sequence number for this data item, used for multi-value fields',
  `field_our_contact_value` varchar(255) DEFAULT NULL,
  `field_our_contact_format` varchar(255) DEFAULT NULL,
  PRIMARY KEY (`entity_type`,`entity_id`,`revision_id`,`deleted`,`delta`,`language`),
  KEY `entity_type` (`entity_type`),
  KEY `bundle` (`bundle`),
  KEY `deleted` (`deleted`),
  KEY `entity_id` (`entity_id`),
  KEY `revision_id` (`revision_id`),
  KEY `language` (`language`),
  KEY `field_our_contact_format` (`field_our_contact_format`)
) ENGINE=InnoDB DEFAULT CHARSET=utf8 COMMENT='Revision archive storage for field 164 (field_our_contact)';

-- --------------------------------------------------------

--
-- Структура таблицы `field_revision_body`
--

CREATE TABLE IF NOT EXISTS `field_revision_body` (
  `entity_type` varchar(128) NOT NULL DEFAULT '' COMMENT 'The entity type this data is attached to',
  `bundle` varchar(128) NOT NULL DEFAULT '' COMMENT 'The field instance bundle to which this row belongs, used when deleting a field instance',
  `deleted` tinyint(4) NOT NULL DEFAULT '0' COMMENT 'A boolean indicating whether this data item has been deleted',
  `entity_id` int(10) unsigned NOT NULL COMMENT 'The entity id this data is attached to',
  `revision_id` int(10) unsigned NOT NULL COMMENT 'The entity revision id this data is attached to',
  `language` varchar(32) NOT NULL DEFAULT '' COMMENT 'The language for this data item.',
  `delta` int(10) unsigned NOT NULL COMMENT 'The sequence number for this data item, used for multi-value fields',
  `body_value` longtext,
  `body_summary` longtext,
  `body_format` varchar(255) DEFAULT NULL,
  PRIMARY KEY (`entity_type`,`entity_id`,`revision_id`,`deleted`,`delta`,`language`),
  KEY `entity_type` (`entity_type`),
  KEY `bundle` (`bundle`),
  KEY `deleted` (`deleted`),
  KEY `entity_id` (`entity_id`),
  KEY `revision_id` (`revision_id`),
  KEY `language` (`language`),
  KEY `body_format` (`body_format`)
) ENGINE=InnoDB DEFAULT CHARSET=utf8 COMMENT='Revision archive storage for field 2 (body)';

--
-- Дамп данных таблицы `field_revision_body`
--

INSERT INTO `field_revision_body` (`entity_type`, `bundle`, `deleted`, `entity_id`, `revision_id`, `language`, `delta`, `body_value`, `body_summary`, `body_format`) VALUES
('node', 'blog', 0, 19, 19, 'und', 0, 'Ea duo tale soluta. Vix te affert quodsi, vix ex case wisi augue. Ne illud ocurreret est. Ea mea saepe bonorum, cu usu illud possim, accusam posidonium vim at. Vel an persius eloquentiam definitiones. In cum sale facete.Lorem ipsum dolor sit amet, sed te laudem iisque, ius debitis minimum ea, an mucius suscipit est.Erant prompta dolorum ad mel, cetero platonem sententiae vim id. Augue meliore mei eu, his graece aliquip facilisis ut, dicunt detracto sit an. At eos vide tempor electram. Doming antiopam his cu, in iriure iisque viderer mel, eius vitae sit ut. Scaevola appellantur in nam, ut usu veri cetero delicatissimi.\r\nEt nisl adolescens efficiendi pri. Cu est modus epicuri. Porro harum scripta his eu. Ut error sanctus nominati vel, at eum graeci definitiones, te vis alii soleat similique. Vix volumus ponderum eloquentiam ei, eum dolor decore liberavisse cu. Ad cum menandri vulputate efficiantu', '', 'full_html'),
('node', 'blog', 0, 20, 20, 'und', 0, 'Ea duo tale soluta. Vix te affert quodsi, vix ex case wisi augue. Ne illud ocurreret est. Ea mea saepe bonorum, cu usu illud possim, accusam posidonium vim at. Vel an persius eloquentiam definitiones. In cum sale facete.Lorem ipsum dolor sit amet, sed te laudem iisque, ius debitis minimum ea, an mucius suscipit est.Ea duo tale soluta. Vix te affert quodsi, vix ex case wisi augue. Ne illud ocurreret est. Ea mea saepe bonorum, cu usu illud possim, accusam posidonium vim at. Vel an persius eloquentiam definitiones. In cum sale facete.\r\nLorem ipsum dolor sit amet, sed te laudem iisque, ius debitis minimum ea, an mucius suscipit est', '', 'full_html'),
('node', 'blog', 0, 21, 21, 'und', 0, 'Ea duo tale soluta. Vix te affert quodsi, vix ex case wisi augue. Ne illud ocurreret est.', '', 'full_html'),
('node', 'blog', 0, 22, 22, 'und', 0, 'Lorem ipsum dolor sit amet, consectetur adipiscing elit, sed do eiusmod tempor incididunt ut labore et dolore magna aliqua. Ut enim ad minim veniam, quis nostrud exercitation ullamco laboris nisi ut aliquip ex ea commodo consequat. Duis aute irure dolor in reprehenderit in voluptate velit esse cillum dolore eu fugiat nulla pariatur. Excepteur sint occaecat cupidatat non proident, sunt in culpa qui officia deserunt mollit anim id est laborum.', '', 'full_html');

-- --------------------------------------------------------

--
-- Структура таблицы `field_revision_comment_body`
--

CREATE TABLE IF NOT EXISTS `field_revision_comment_body` (
  `entity_type` varchar(128) NOT NULL DEFAULT '' COMMENT 'The entity type this data is attached to',
  `bundle` varchar(128) NOT NULL DEFAULT '' COMMENT 'The field instance bundle to which this row belongs, used when deleting a field instance',
  `deleted` tinyint(4) NOT NULL DEFAULT '0' COMMENT 'A boolean indicating whether this data item has been deleted',
  `entity_id` int(10) unsigned NOT NULL COMMENT 'The entity id this data is attached to',
  `revision_id` int(10) unsigned NOT NULL COMMENT 'The entity revision id this data is attached to',
  `language` varchar(32) NOT NULL DEFAULT '' COMMENT 'The language for this data item.',
  `delta` int(10) unsigned NOT NULL COMMENT 'The sequence number for this data item, used for multi-value fields',
  `comment_body_value` longtext,
  `comment_body_format` varchar(255) DEFAULT NULL,
  PRIMARY KEY (`entity_type`,`entity_id`,`revision_id`,`deleted`,`delta`,`language`),
  KEY `entity_type` (`entity_type`),
  KEY `bundle` (`bundle`),
  KEY `deleted` (`deleted`),
  KEY `entity_id` (`entity_id`),
  KEY `revision_id` (`revision_id`),
  KEY `language` (`language`),
  KEY `comment_body_format` (`comment_body_format`)
) ENGINE=InnoDB DEFAULT CHARSET=utf8 COMMENT='Revision archive storage for field 1 (comment_body)';

-- --------------------------------------------------------

--
-- Структура таблицы `field_revision_field_about_agent_it`
--

CREATE TABLE IF NOT EXISTS `field_revision_field_about_agent_it` (
  `entity_type` varchar(128) NOT NULL DEFAULT '' COMMENT 'The entity type this data is attached to',
  `bundle` varchar(128) NOT NULL DEFAULT '' COMMENT 'The field instance bundle to which this row belongs, used when deleting a field instance',
  `deleted` tinyint(4) NOT NULL DEFAULT '0' COMMENT 'A boolean indicating whether this data item has been deleted',
  `entity_id` int(10) unsigned NOT NULL COMMENT 'The entity id this data is attached to',
  `revision_id` int(10) unsigned NOT NULL COMMENT 'The entity revision id this data is attached to',
  `language` varchar(32) NOT NULL DEFAULT '' COMMENT 'The language for this data item.',
  `delta` int(10) unsigned NOT NULL COMMENT 'The sequence number for this data item, used for multi-value fields',
  `field_about_agent_it_value` longtext,
  `field_about_agent_it_format` varchar(255) DEFAULT NULL,
  PRIMARY KEY (`entity_type`,`entity_id`,`revision_id`,`deleted`,`delta`,`language`),
  KEY `entity_type` (`entity_type`),
  KEY `bundle` (`bundle`),
  KEY `deleted` (`deleted`),
  KEY `entity_id` (`entity_id`),
  KEY `revision_id` (`revision_id`),
  KEY `language` (`language`),
  KEY `field_about_agent_it_format` (`field_about_agent_it_format`)
) ENGINE=InnoDB DEFAULT CHARSET=utf8 COMMENT='Revision archive storage for field 171 (field_about_agent...';

--
-- Дамп данных таблицы `field_revision_field_about_agent_it`
--

INSERT INTO `field_revision_field_about_agent_it` (`entity_type`, `bundle`, `deleted`, `entity_id`, `revision_id`, `language`, `delta`, `field_about_agent_it_value`, `field_about_agent_it_format`) VALUES
('user', 'user', 0, 35, 35, 'und', 0, 'Lorem ipsum dolor sit amet, consectetur adipiscing elit, sed do eiusmod tempor incididunt ut labore et dolore magna aliqua. Ut enim ad minim veniam, quis nostrud exercitation ullamco laboris nisi ut aliquip ex ea commodo consequat. Duis aute irure dolor in reprehenderit in voluptate velit esse cillum dolore eu fugiat nulla pariatur. Excepteur sint occaecat cupidatat non proident, sunt in culpa qui officia deserunt mollit anim id est laborum', NULL),
('user', 'user', 0, 36, 36, 'und', 0, 'Lorem ipsum dolor sit amet, consectetur adipiscing elit, sed do eiusmod tempor incididunt ut labore et dolore magna aliqua. Ut enim ad minim veniam, quis nostrud exercitation ullamco laboris nisi ut aliquip ex ea commodo consequat. Duis aute irure dolor in reprehenderit in voluptate velit esse cillum dolore eu fugiat nulla pariatur. Excepteur sint occaecat cupidatat non proident, sunt in culpa qui officia deserunt mollit anim id est laborum', NULL),
('user', 'user', 0, 37, 37, 'und', 0, 'Lorem ipsum dolor sit amet, consectetur adipiscing elit, sed do eiusmod tempor incididunt ut labore et dolore magna aliqua. Ut enim ad minim veniam, quis nostrud exercitation ullamco laboris nisi ut aliquip ex ea commodo consequat. Duis aute irure dolor in reprehenderit in voluptate velit esse cillum dolore eu fugiat nulla pariatur. Excepteur sint occaecat cupidatat non proident, sunt in culpa qui officia deserunt mollit anim id est laborum', NULL),
('user', 'user', 0, 38, 38, 'und', 0, 'Lorem ipsum dolor sit amet, consectetur adipiscing elit, sed do eiusmod tempor incididunt ut labore et dolore magna aliqua. Ut enim ad minim veniam, quis nostrud exercitation ullamco laboris nisi ut aliquip ex ea commodo consequat. Duis aute irure dolor in reprehenderit in voluptate velit esse cillum dolore eu fugiat nulla pariatur. Excepteur sint occaecat cupidatat non proident, sunt in culpa qui officia deserunt mollit anim id est laborum', NULL);

-- --------------------------------------------------------

--
-- Структура таблицы `field_revision_field_bathrooms`
--

CREATE TABLE IF NOT EXISTS `field_revision_field_bathrooms` (
  `entity_type` varchar(128) NOT NULL DEFAULT '' COMMENT 'The entity type this data is attached to',
  `bundle` varchar(128) NOT NULL DEFAULT '' COMMENT 'The field instance bundle to which this row belongs, used when deleting a field instance',
  `deleted` tinyint(4) NOT NULL DEFAULT '0' COMMENT 'A boolean indicating whether this data item has been deleted',
  `entity_id` int(10) unsigned NOT NULL COMMENT 'The entity id this data is attached to',
  `revision_id` int(10) unsigned NOT NULL COMMENT 'The entity revision id this data is attached to',
  `language` varchar(32) NOT NULL DEFAULT '' COMMENT 'The language for this data item.',
  `delta` int(10) unsigned NOT NULL COMMENT 'The sequence number for this data item, used for multi-value fields',
  `field_bathrooms_value` varchar(255) DEFAULT NULL,
  `field_bathrooms_format` varchar(255) DEFAULT NULL,
  PRIMARY KEY (`entity_type`,`entity_id`,`revision_id`,`deleted`,`delta`,`language`),
  KEY `entity_type` (`entity_type`),
  KEY `bundle` (`bundle`),
  KEY `deleted` (`deleted`),
  KEY `entity_id` (`entity_id`),
  KEY `revision_id` (`revision_id`),
  KEY `language` (`language`),
  KEY `field_bathrooms_format` (`field_bathrooms_format`)
) ENGINE=InnoDB DEFAULT CHARSET=utf8 COMMENT='Revision archive storage for field 148 (field_bathrooms)';

--
-- Дамп данных таблицы `field_revision_field_bathrooms`
--

INSERT INTO `field_revision_field_bathrooms` (`entity_type`, `bundle`, `deleted`, `entity_id`, `revision_id`, `language`, `delta`, `field_bathrooms_value`, `field_bathrooms_format`) VALUES
('node', 'house', 0, 34, 34, 'und', 0, '4', NULL),
('node', 'house', 0, 35, 35, 'und', 0, '2', NULL),
('node', 'house', 0, 36, 36, 'und', 0, '5', NULL),
('node', 'house', 0, 37, 37, 'und', 0, '4', NULL),
('node', 'house', 0, 38, 38, 'und', 0, '5', NULL),
('node', 'house', 0, 39, 39, 'und', 0, '2', NULL);

-- --------------------------------------------------------

--
-- Структура таблицы `field_revision_field_bedrooms`
--

CREATE TABLE IF NOT EXISTS `field_revision_field_bedrooms` (
  `entity_type` varchar(128) NOT NULL DEFAULT '' COMMENT 'The entity type this data is attached to',
  `bundle` varchar(128) NOT NULL DEFAULT '' COMMENT 'The field instance bundle to which this row belongs, used when deleting a field instance',
  `deleted` tinyint(4) NOT NULL DEFAULT '0' COMMENT 'A boolean indicating whether this data item has been deleted',
  `entity_id` int(10) unsigned NOT NULL COMMENT 'The entity id this data is attached to',
  `revision_id` int(10) unsigned NOT NULL COMMENT 'The entity revision id this data is attached to',
  `language` varchar(32) NOT NULL DEFAULT '' COMMENT 'The language for this data item.',
  `delta` int(10) unsigned NOT NULL COMMENT 'The sequence number for this data item, used for multi-value fields',
  `field_bedrooms_value` varchar(255) DEFAULT NULL,
  `field_bedrooms_format` varchar(255) DEFAULT NULL,
  PRIMARY KEY (`entity_type`,`entity_id`,`revision_id`,`deleted`,`delta`,`language`),
  KEY `entity_type` (`entity_type`),
  KEY `bundle` (`bundle`),
  KEY `deleted` (`deleted`),
  KEY `entity_id` (`entity_id`),
  KEY `revision_id` (`revision_id`),
  KEY `language` (`language`),
  KEY `field_bedrooms_format` (`field_bedrooms_format`)
) ENGINE=InnoDB DEFAULT CHARSET=utf8 COMMENT='Revision archive storage for field 149 (field_bedrooms)';

--
-- Дамп данных таблицы `field_revision_field_bedrooms`
--

INSERT INTO `field_revision_field_bedrooms` (`entity_type`, `bundle`, `deleted`, `entity_id`, `revision_id`, `language`, `delta`, `field_bedrooms_value`, `field_bedrooms_format`) VALUES
('node', 'house', 0, 34, 34, 'und', 0, '2', NULL),
('node', 'house', 0, 35, 35, 'und', 0, '2', NULL),
('node', 'house', 0, 36, 36, 'und', 0, '5', NULL),
('node', 'house', 0, 37, 37, 'und', 0, '3', NULL),
('node', 'house', 0, 38, 38, 'und', 0, '4', NULL),
('node', 'house', 0, 39, 39, 'und', 0, '2', NULL);

-- --------------------------------------------------------

--
-- Структура таблицы `field_revision_field_body_price`
--

CREATE TABLE IF NOT EXISTS `field_revision_field_body_price` (
  `entity_type` varchar(128) NOT NULL DEFAULT '' COMMENT 'The entity type this data is attached to',
  `bundle` varchar(128) NOT NULL DEFAULT '' COMMENT 'The field instance bundle to which this row belongs, used when deleting a field instance',
  `deleted` tinyint(4) NOT NULL DEFAULT '0' COMMENT 'A boolean indicating whether this data item has been deleted',
  `entity_id` int(10) unsigned NOT NULL COMMENT 'The entity id this data is attached to',
  `revision_id` int(10) unsigned NOT NULL COMMENT 'The entity revision id this data is attached to',
  `language` varchar(32) NOT NULL DEFAULT '' COMMENT 'The language for this data item.',
  `delta` int(10) unsigned NOT NULL COMMENT 'The sequence number for this data item, used for multi-value fields',
  `field_body_price_value` longtext,
  `field_body_price_format` varchar(255) DEFAULT NULL,
  PRIMARY KEY (`entity_type`,`entity_id`,`revision_id`,`deleted`,`delta`,`language`),
  KEY `entity_type` (`entity_type`),
  KEY `bundle` (`bundle`),
  KEY `deleted` (`deleted`),
  KEY `entity_id` (`entity_id`),
  KEY `revision_id` (`revision_id`),
  KEY `language` (`language`),
  KEY `field_body_price_format` (`field_body_price_format`)
) ENGINE=InnoDB DEFAULT CHARSET=utf8 COMMENT='Revision archive storage for field 123 (field_body_price)';

--
-- Дамп данных таблицы `field_revision_field_body_price`
--

INSERT INTO `field_revision_field_body_price` (`entity_type`, `bundle`, `deleted`, `entity_id`, `revision_id`, `language`, `delta`, `field_body_price_value`, `field_body_price_format`) VALUES
('node', 'more', 0, 23, 23, 'und', 0, 'Lorem ipsum dolor', 'full_html');

-- --------------------------------------------------------

--
-- Структура таблицы `field_revision_field_body_slider_top`
--

CREATE TABLE IF NOT EXISTS `field_revision_field_body_slider_top` (
  `entity_type` varchar(128) NOT NULL DEFAULT '' COMMENT 'The entity type this data is attached to',
  `bundle` varchar(128) NOT NULL DEFAULT '' COMMENT 'The field instance bundle to which this row belongs, used when deleting a field instance',
  `deleted` tinyint(4) NOT NULL DEFAULT '0' COMMENT 'A boolean indicating whether this data item has been deleted',
  `entity_id` int(10) unsigned NOT NULL COMMENT 'The entity id this data is attached to',
  `revision_id` int(10) unsigned NOT NULL COMMENT 'The entity revision id this data is attached to',
  `language` varchar(32) NOT NULL DEFAULT '' COMMENT 'The language for this data item.',
  `delta` int(10) unsigned NOT NULL COMMENT 'The sequence number for this data item, used for multi-value fields',
  `field_body_slider_top_value` longtext,
  `field_body_slider_top_format` varchar(255) DEFAULT NULL,
  PRIMARY KEY (`entity_type`,`entity_id`,`revision_id`,`deleted`,`delta`,`language`),
  KEY `entity_type` (`entity_type`),
  KEY `bundle` (`bundle`),
  KEY `deleted` (`deleted`),
  KEY `entity_id` (`entity_id`),
  KEY `revision_id` (`revision_id`),
  KEY `language` (`language`),
  KEY `field_body_slider_top_format` (`field_body_slider_top_format`)
) ENGINE=InnoDB DEFAULT CHARSET=utf8 COMMENT='Revision archive storage for field 112 (field_body_slider...';

--
-- Дамп данных таблицы `field_revision_field_body_slider_top`
--

INSERT INTO `field_revision_field_body_slider_top` (`entity_type`, `bundle`, `deleted`, `entity_id`, `revision_id`, `language`, `delta`, `field_body_slider_top_value`, `field_body_slider_top_format`) VALUES
('node', 'slideshow_top', 0, 1, 1, 'und', 0, '<div class="buttonBox container">\r\n<h1>RealEstate</h1>\r\n<p>Drupal Theme</p>\r\n<div class="col-lg-6">\r\n    <a class="animated rirst" href="#" style="opacity: 1;">Start right now</a>\r\n</div>\r\n<div class="col-lg-6">\r\n    <a class="animated last" href="#" style="opacity: 1;">Ask a question</a>\r\n</div>\r\n</div>', 'full_html'),
('node', 'slideshow_top', 0, 1, 1, 'und', 1, '<div class="buttonBox container">\r\n<h1>Our House</h1>\r\n<p>Neat and clean theme</p>\r\n<div class="col-lg-6">\r\n    <a class="animated rirst" href="#" style="opacity: 1;">To learn more</a>\r\n</div>\r\n<div class="col-lg-6">\r\n    <a class="animated last" href="#" style="opacity: 1;">In more detail</a>\r\n</div>\r\n</div>', 'full_html');

-- --------------------------------------------------------

--
-- Структура таблицы `field_revision_field_button_link`
--

CREATE TABLE IF NOT EXISTS `field_revision_field_button_link` (
  `entity_type` varchar(128) NOT NULL DEFAULT '' COMMENT 'The entity type this data is attached to',
  `bundle` varchar(128) NOT NULL DEFAULT '' COMMENT 'The field instance bundle to which this row belongs, used when deleting a field instance',
  `deleted` tinyint(4) NOT NULL DEFAULT '0' COMMENT 'A boolean indicating whether this data item has been deleted',
  `entity_id` int(10) unsigned NOT NULL COMMENT 'The entity id this data is attached to',
  `revision_id` int(10) unsigned NOT NULL COMMENT 'The entity revision id this data is attached to',
  `language` varchar(32) NOT NULL DEFAULT '' COMMENT 'The language for this data item.',
  `delta` int(10) unsigned NOT NULL COMMENT 'The sequence number for this data item, used for multi-value fields',
  `field_button_link_value` varchar(255) DEFAULT NULL,
  `field_button_link_format` varchar(255) DEFAULT NULL,
  PRIMARY KEY (`entity_type`,`entity_id`,`revision_id`,`deleted`,`delta`,`language`),
  KEY `entity_type` (`entity_type`),
  KEY `bundle` (`bundle`),
  KEY `deleted` (`deleted`),
  KEY `entity_id` (`entity_id`),
  KEY `revision_id` (`revision_id`),
  KEY `language` (`language`),
  KEY `field_button_link_format` (`field_button_link_format`)
) ENGINE=InnoDB DEFAULT CHARSET=utf8 COMMENT='Revision archive storage for field 125 (field_button_link)';

--
-- Дамп данных таблицы `field_revision_field_button_link`
--

INSERT INTO `field_revision_field_button_link` (`entity_type`, `bundle`, `deleted`, `entity_id`, `revision_id`, `language`, `delta`, `field_button_link_value`, `field_button_link_format`) VALUES
('node', 'more', 0, 23, 23, 'und', 0, '#', NULL);

-- --------------------------------------------------------

--
-- Структура таблицы `field_revision_field_button_name`
--

CREATE TABLE IF NOT EXISTS `field_revision_field_button_name` (
  `entity_type` varchar(128) NOT NULL DEFAULT '' COMMENT 'The entity type this data is attached to',
  `bundle` varchar(128) NOT NULL DEFAULT '' COMMENT 'The field instance bundle to which this row belongs, used when deleting a field instance',
  `deleted` tinyint(4) NOT NULL DEFAULT '0' COMMENT 'A boolean indicating whether this data item has been deleted',
  `entity_id` int(10) unsigned NOT NULL COMMENT 'The entity id this data is attached to',
  `revision_id` int(10) unsigned NOT NULL COMMENT 'The entity revision id this data is attached to',
  `language` varchar(32) NOT NULL DEFAULT '' COMMENT 'The language for this data item.',
  `delta` int(10) unsigned NOT NULL COMMENT 'The sequence number for this data item, used for multi-value fields',
  `field_button_name_value` varchar(255) DEFAULT NULL,
  `field_button_name_format` varchar(255) DEFAULT NULL,
  PRIMARY KEY (`entity_type`,`entity_id`,`revision_id`,`deleted`,`delta`,`language`),
  KEY `entity_type` (`entity_type`),
  KEY `bundle` (`bundle`),
  KEY `deleted` (`deleted`),
  KEY `entity_id` (`entity_id`),
  KEY `revision_id` (`revision_id`),
  KEY `language` (`language`),
  KEY `field_button_name_format` (`field_button_name_format`)
) ENGINE=InnoDB DEFAULT CHARSET=utf8 COMMENT='Revision archive storage for field 124 (field_button_name)';

--
-- Дамп данных таблицы `field_revision_field_button_name`
--

INSERT INTO `field_revision_field_button_name` (`entity_type`, `bundle`, `deleted`, `entity_id`, `revision_id`, `language`, `delta`, `field_button_name_value`, `field_button_name_format`) VALUES
('node', 'more', 0, 23, 23, 'und', 0, 'Enroll', NULL);

-- --------------------------------------------------------

--
-- Структура таблицы `field_revision_field_category`
--

CREATE TABLE IF NOT EXISTS `field_revision_field_category` (
  `entity_type` varchar(128) NOT NULL DEFAULT '' COMMENT 'The entity type this data is attached to',
  `bundle` varchar(128) NOT NULL DEFAULT '' COMMENT 'The field instance bundle to which this row belongs, used when deleting a field instance',
  `deleted` tinyint(4) NOT NULL DEFAULT '0' COMMENT 'A boolean indicating whether this data item has been deleted',
  `entity_id` int(10) unsigned NOT NULL COMMENT 'The entity id this data is attached to',
  `revision_id` int(10) unsigned NOT NULL COMMENT 'The entity revision id this data is attached to',
  `language` varchar(32) NOT NULL DEFAULT '' COMMENT 'The language for this data item.',
  `delta` int(10) unsigned NOT NULL COMMENT 'The sequence number for this data item, used for multi-value fields',
  `field_category_tid` int(10) unsigned DEFAULT NULL,
  PRIMARY KEY (`entity_type`,`entity_id`,`revision_id`,`deleted`,`delta`,`language`),
  KEY `entity_type` (`entity_type`),
  KEY `bundle` (`bundle`),
  KEY `deleted` (`deleted`),
  KEY `entity_id` (`entity_id`),
  KEY `revision_id` (`revision_id`),
  KEY `language` (`language`),
  KEY `field_category_tid` (`field_category_tid`)
) ENGINE=InnoDB DEFAULT CHARSET=utf8 COMMENT='Revision archive storage for field 111 (field_category)';

--
-- Дамп данных таблицы `field_revision_field_category`
--

INSERT INTO `field_revision_field_category` (`entity_type`, `bundle`, `deleted`, `entity_id`, `revision_id`, `language`, `delta`, `field_category_tid`) VALUES
('node', 'blog', 0, 19, 19, 'und', 0, 5),
('node', 'blog', 0, 20, 20, 'und', 0, 4),
('node', 'blog', 0, 21, 21, 'und', 0, 3),
('node', 'blog', 0, 22, 22, 'und', 0, 2);

-- --------------------------------------------------------

--
-- Структура таблицы `field_revision_field_category_it`
--

CREATE TABLE IF NOT EXISTS `field_revision_field_category_it` (
  `entity_type` varchar(128) NOT NULL DEFAULT '' COMMENT 'The entity type this data is attached to',
  `bundle` varchar(128) NOT NULL DEFAULT '' COMMENT 'The field instance bundle to which this row belongs, used when deleting a field instance',
  `deleted` tinyint(4) NOT NULL DEFAULT '0' COMMENT 'A boolean indicating whether this data item has been deleted',
  `entity_id` int(10) unsigned NOT NULL COMMENT 'The entity id this data is attached to',
  `revision_id` int(10) unsigned NOT NULL COMMENT 'The entity revision id this data is attached to',
  `language` varchar(32) NOT NULL DEFAULT '' COMMENT 'The language for this data item.',
  `delta` int(10) unsigned NOT NULL COMMENT 'The sequence number for this data item, used for multi-value fields',
  `field_category_it_tid` int(10) unsigned DEFAULT NULL,
  PRIMARY KEY (`entity_type`,`entity_id`,`revision_id`,`deleted`,`delta`,`language`),
  KEY `entity_type` (`entity_type`),
  KEY `bundle` (`bundle`),
  KEY `deleted` (`deleted`),
  KEY `entity_id` (`entity_id`),
  KEY `revision_id` (`revision_id`),
  KEY `language` (`language`),
  KEY `field_category_it_tid` (`field_category_it_tid`)
) ENGINE=InnoDB DEFAULT CHARSET=utf8 COMMENT='Revision archive storage for field 144 (field_category_it)';

--
-- Дамп данных таблицы `field_revision_field_category_it`
--

INSERT INTO `field_revision_field_category_it` (`entity_type`, `bundle`, `deleted`, `entity_id`, `revision_id`, `language`, `delta`, `field_category_it_tid`) VALUES
('node', 'house', 0, 34, 34, 'und', 0, 8),
('node', 'house', 0, 35, 35, 'und', 0, 12),
('node', 'house', 0, 36, 36, 'und', 0, 10),
('node', 'house', 0, 37, 37, 'und', 0, 8),
('node', 'house', 0, 38, 38, 'und', 0, 7),
('node', 'house', 0, 39, 39, 'und', 0, 8);

-- --------------------------------------------------------

--
-- Структура таблицы `field_revision_field_city_it`
--

CREATE TABLE IF NOT EXISTS `field_revision_field_city_it` (
  `entity_type` varchar(128) NOT NULL DEFAULT '' COMMENT 'The entity type this data is attached to',
  `bundle` varchar(128) NOT NULL DEFAULT '' COMMENT 'The field instance bundle to which this row belongs, used when deleting a field instance',
  `deleted` tinyint(4) NOT NULL DEFAULT '0' COMMENT 'A boolean indicating whether this data item has been deleted',
  `entity_id` int(10) unsigned NOT NULL COMMENT 'The entity id this data is attached to',
  `revision_id` int(10) unsigned NOT NULL COMMENT 'The entity revision id this data is attached to',
  `language` varchar(32) NOT NULL DEFAULT '' COMMENT 'The language for this data item.',
  `delta` int(10) unsigned NOT NULL COMMENT 'The sequence number for this data item, used for multi-value fields',
  `field_city_it_value` varchar(255) DEFAULT NULL,
  `field_city_it_format` varchar(255) DEFAULT NULL,
  PRIMARY KEY (`entity_type`,`entity_id`,`revision_id`,`deleted`,`delta`,`language`),
  KEY `entity_type` (`entity_type`),
  KEY `bundle` (`bundle`),
  KEY `deleted` (`deleted`),
  KEY `entity_id` (`entity_id`),
  KEY `revision_id` (`revision_id`),
  KEY `language` (`language`),
  KEY `field_city_it_format` (`field_city_it_format`)
) ENGINE=InnoDB DEFAULT CHARSET=utf8 COMMENT='Revision archive storage for field 166 (field_city_it)';

--
-- Дамп данных таблицы `field_revision_field_city_it`
--

INSERT INTO `field_revision_field_city_it` (`entity_type`, `bundle`, `deleted`, `entity_id`, `revision_id`, `language`, `delta`, `field_city_it_value`, `field_city_it_format`) VALUES
('user', 'user', 0, 35, 35, 'und', 0, 'Madrid', NULL),
('user', 'user', 0, 36, 36, 'und', 0, 'New York', NULL),
('user', 'user', 0, 37, 37, 'und', 0, 'Trenton', NULL),
('user', 'user', 0, 38, 38, 'und', 0, 'Trenton', NULL);

-- --------------------------------------------------------

--
-- Структура таблицы `field_revision_field_description`
--

CREATE TABLE IF NOT EXISTS `field_revision_field_description` (
  `entity_type` varchar(128) NOT NULL DEFAULT '' COMMENT 'The entity type this data is attached to',
  `bundle` varchar(128) NOT NULL DEFAULT '' COMMENT 'The field instance bundle to which this row belongs, used when deleting a field instance',
  `deleted` tinyint(4) NOT NULL DEFAULT '0' COMMENT 'A boolean indicating whether this data item has been deleted',
  `entity_id` int(10) unsigned NOT NULL COMMENT 'The entity id this data is attached to',
  `revision_id` int(10) unsigned NOT NULL COMMENT 'The entity revision id this data is attached to',
  `language` varchar(32) NOT NULL DEFAULT '' COMMENT 'The language for this data item.',
  `delta` int(10) unsigned NOT NULL COMMENT 'The sequence number for this data item, used for multi-value fields',
  `field_description_value` longtext,
  `field_description_format` varchar(255) DEFAULT NULL,
  PRIMARY KEY (`entity_type`,`entity_id`,`revision_id`,`deleted`,`delta`,`language`),
  KEY `entity_type` (`entity_type`),
  KEY `bundle` (`bundle`),
  KEY `deleted` (`deleted`),
  KEY `entity_id` (`entity_id`),
  KEY `revision_id` (`revision_id`),
  KEY `language` (`language`),
  KEY `field_description_format` (`field_description_format`)
) ENGINE=InnoDB DEFAULT CHARSET=utf8 COMMENT='Revision archive storage for field 145 (field_description)';

--
-- Дамп данных таблицы `field_revision_field_description`
--

INSERT INTO `field_revision_field_description` (`entity_type`, `bundle`, `deleted`, `entity_id`, `revision_id`, `language`, `delta`, `field_description_value`, `field_description_format`) VALUES
('node', 'house', 0, 34, 34, 'und', 0, 'Lorem ipsum dolor sit amet, consectetur adipiscing elit, sed do eiusmod tempor incididunt ut labore et dolore magna aliqua. Ut enim ad minim veniam, quis nostrud exercitation ullamco laboris nisi ut aliquip ex ea commodo consequat. Duis aute irure dolor in reprehenderit in voluptate velit esse cillum dolore eu fugiat nulla pariatu', NULL),
('node', 'house', 0, 35, 35, 'und', 0, 'Lorem ipsum dolor sit amet, consectetur adipiscing elit, sed do eiusmod tempor incididunt ut labore et dolore magna aliqua. Ut enim ad minim veniam, quis nostrud exercitation ullamco laboris nisi ut aliquip ex ea commodo consequat. Duis aute irure dolor in reprehenderit in voluptate velit esse cillum dolore eu fugiat nulla pariatu', NULL),
('node', 'house', 0, 36, 36, 'und', 0, 'Lorem ipsum dolor sit amet, consectetur adipiscing elit, sed do eiusmod tempor incididunt ut labore et dolore magna aliqua. Ut enim ad minim veniam, quis nostrud exercitation ullamco laboris nisi ut aliquip ex ea commodo consequat. Duis aute irure dolor in reprehenderit in voluptate velit esse cillum dolore eu fugiat nulla pariatu', NULL),
('node', 'house', 0, 37, 37, 'und', 0, 'Lorem ipsum dolor sit amet, consectetur adipiscing elit, sed do eiusmod tempor incididunt ut labore et dolore magna aliqua. Ut enim ad minim veniam, quis nostrud exercitation ullamco laboris nisi ut aliquip ex ea commodo consequat. Duis aute irure dolor in reprehenderit in voluptate velit esse cillum dolore eu fugiat nulla pariatu', NULL),
('node', 'house', 0, 38, 38, 'und', 0, 'Lorem ipsum dolor sit amet, consectetur adipiscing elit, sed do eiusmod tempor incididunt ut labore et dolore magna aliqua. Ut enim ad minim veniam, quis nostrud exercitation ullamco laboris nisi ut aliquip ex ea commodo consequat. Duis aute irure dolor in reprehenderit in voluptate velit esse cillum dolore eu fugiat nulla pariatu', NULL),
('node', 'house', 0, 39, 39, 'und', 0, 'Lorem ipsum dolor sit amet, consectetur adipiscing elit, sed do eiusmod tempor incididunt ut labore et dolore magna aliqua. Ut enim ad minim veniam, quis nostrud exercitation ullamco laboris nisi ut aliquip ex ea commodo consequat. Duis aute irure dolor in reprehenderit in voluptate velit esse cillum dolore eu fugiat nulla pariatu Lorem ipsum dolor sit amet, consectetur adipiscing elit, sed do eiusmod tempor incididunt ut labore et dolore magna aliqua. Ut enim ad minim veniam, quis nostrud exercitation ullamco laboris nisi ut aliquip ex ea commodo consequat. Duis aute irure dolor in reprehenderit in voluptate velit esse cillum dolore eu fugiat nulla pariatu Lorem ipsum dolor sit amet, consectetur adipiscing elit, sed do eiusmod tempor incididunt ut labore et dolore magna aliqua. Ut enim ad minim veniam, quis nostrud exercitation ullamco laboris nisi ut aliquip ex ea commodo consequat. Duis aute irure dolor in reprehenderit in voluptate velit esse cillum dolore eu fugiat nulla pariatu', NULL);

-- --------------------------------------------------------

--
-- Структура таблицы `field_revision_field_description_hp`
--

CREATE TABLE IF NOT EXISTS `field_revision_field_description_hp` (
  `entity_type` varchar(128) NOT NULL DEFAULT '' COMMENT 'The entity type this data is attached to',
  `bundle` varchar(128) NOT NULL DEFAULT '' COMMENT 'The field instance bundle to which this row belongs, used when deleting a field instance',
  `deleted` tinyint(4) NOT NULL DEFAULT '0' COMMENT 'A boolean indicating whether this data item has been deleted',
  `entity_id` int(10) unsigned NOT NULL COMMENT 'The entity id this data is attached to',
  `revision_id` int(10) unsigned NOT NULL COMMENT 'The entity revision id this data is attached to',
  `language` varchar(32) NOT NULL DEFAULT '' COMMENT 'The language for this data item.',
  `delta` int(10) unsigned NOT NULL COMMENT 'The sequence number for this data item, used for multi-value fields',
  `field_description_hp_value` longtext,
  `field_description_hp_format` varchar(255) DEFAULT NULL,
  PRIMARY KEY (`entity_type`,`entity_id`,`revision_id`,`deleted`,`delta`,`language`),
  KEY `entity_type` (`entity_type`),
  KEY `bundle` (`bundle`),
  KEY `deleted` (`deleted`),
  KEY `entity_id` (`entity_id`),
  KEY `revision_id` (`revision_id`),
  KEY `language` (`language`),
  KEY `field_description_hp_format` (`field_description_hp_format`)
) ENGINE=InnoDB DEFAULT CHARSET=utf8 COMMENT='Revision archive storage for field 147 (field_description...';

--
-- Дамп данных таблицы `field_revision_field_description_hp`
--

INSERT INTO `field_revision_field_description_hp` (`entity_type`, `bundle`, `deleted`, `entity_id`, `revision_id`, `language`, `delta`, `field_description_hp_value`, `field_description_hp_format`) VALUES
('node', 'slideshow_bottom', 0, 40, 40, 'und', 0, '<div class="caption">\r\n    <img src="/real_pro/sites/all/themes/realestate/images/ava3.png" alt="images" align="none">\r\n    <h3>M.F. Johanson</h3>\r\n    <p>Ad cum menandri vulputate efficiantur. Porro harum scripta his eu.</p>\r\n</div>\r\n<div class="caption">\r\n    <img src="/real_pro/sites/all/themes/realestate/images/ava2.png" alt="images">\r\n    <h3>Zapara Hurek</h3>\r\n    <p>Porro harum scripta his eu. Ut error sanctus nominati vel, at eum graeci definitiones.</p>\r\n</div>\r\n<div class="caption">\r\n    <img src="/real_pro/sites/all/themes/realestate/images/ava1.png" alt="images">\r\n    <h3>Morison Grid</h3>\r\n    <p>Et nisl adolescens efficiendi pri. Cu est modus epicuri. Porro harum scripta his eu.</p>\r\n</div>', 'full_html'),
('node', 'slideshow_bottom', 0, 40, 40, 'und', 1, '<div class="caption">\r\n    <img src="/real_pro/sites/all/themes/realestate/images/ava3.png" alt="images" align="none">\r\n    <h3>M.F. Johanson</h3>\r\n    <p>Ad cum menandri vulputate efficiantur. Porro harum scripta his eu.</p>\r\n</div>\r\n<div class="caption">\r\n    <img src="/real_pro/sites/all/themes/realestate/images/ava2.png" alt="images">\r\n    <h3>Zapara Hurek</h3>\r\n    <p>Porro harum scripta his eu. Ut error sanctus nominati vel, at eum graeci definitiones.</p>\r\n</div>\r\n<div class="caption">\r\n    <img src="/real_pro/sites/all/themes/realestate/images/ava1.png" alt="images">\r\n    <h3>Morison Grid</h3>\r\n    <p>Et nisl adolescens efficiendi pri. Cu est modus epicuri. Porro harum scripta his eu.</p>\r\n</div>', 'full_html');

-- --------------------------------------------------------

--
-- Структура таблицы `field_revision_field_garages`
--

CREATE TABLE IF NOT EXISTS `field_revision_field_garages` (
  `entity_type` varchar(128) NOT NULL DEFAULT '' COMMENT 'The entity type this data is attached to',
  `bundle` varchar(128) NOT NULL DEFAULT '' COMMENT 'The field instance bundle to which this row belongs, used when deleting a field instance',
  `deleted` tinyint(4) NOT NULL DEFAULT '0' COMMENT 'A boolean indicating whether this data item has been deleted',
  `entity_id` int(10) unsigned NOT NULL COMMENT 'The entity id this data is attached to',
  `revision_id` int(10) unsigned NOT NULL COMMENT 'The entity revision id this data is attached to',
  `language` varchar(32) NOT NULL DEFAULT '' COMMENT 'The language for this data item.',
  `delta` int(10) unsigned NOT NULL COMMENT 'The sequence number for this data item, used for multi-value fields',
  `field_garages_value` varchar(255) DEFAULT NULL,
  `field_garages_format` varchar(255) DEFAULT NULL,
  PRIMARY KEY (`entity_type`,`entity_id`,`revision_id`,`deleted`,`delta`,`language`),
  KEY `entity_type` (`entity_type`),
  KEY `bundle` (`bundle`),
  KEY `deleted` (`deleted`),
  KEY `entity_id` (`entity_id`),
  KEY `revision_id` (`revision_id`),
  KEY `language` (`language`),
  KEY `field_garages_format` (`field_garages_format`)
) ENGINE=InnoDB DEFAULT CHARSET=utf8 COMMENT='Revision archive storage for field 150 (field_garages)';

--
-- Дамп данных таблицы `field_revision_field_garages`
--

INSERT INTO `field_revision_field_garages` (`entity_type`, `bundle`, `deleted`, `entity_id`, `revision_id`, `language`, `delta`, `field_garages_value`, `field_garages_format`) VALUES
('node', 'house', 0, 34, 34, 'und', 0, '3', NULL),
('node', 'house', 0, 35, 35, 'und', 0, '2', NULL),
('node', 'house', 0, 36, 36, 'und', 0, '3', NULL),
('node', 'house', 0, 37, 37, 'und', 0, '1', NULL),
('node', 'house', 0, 38, 38, 'und', 0, '1', NULL),
('node', 'house', 0, 39, 39, 'und', 0, '2', NULL);

-- --------------------------------------------------------

--
-- Структура таблицы `field_revision_field_image`
--

CREATE TABLE IF NOT EXISTS `field_revision_field_image` (
  `entity_type` varchar(128) NOT NULL DEFAULT '' COMMENT 'The entity type this data is attached to',
  `bundle` varchar(128) NOT NULL DEFAULT '' COMMENT 'The field instance bundle to which this row belongs, used when deleting a field instance',
  `deleted` tinyint(4) NOT NULL DEFAULT '0' COMMENT 'A boolean indicating whether this data item has been deleted',
  `entity_id` int(10) unsigned NOT NULL COMMENT 'The entity id this data is attached to',
  `revision_id` int(10) unsigned NOT NULL COMMENT 'The entity revision id this data is attached to',
  `language` varchar(32) NOT NULL DEFAULT '' COMMENT 'The language for this data item.',
  `delta` int(10) unsigned NOT NULL COMMENT 'The sequence number for this data item, used for multi-value fields',
  `field_image_fid` int(10) unsigned DEFAULT NULL COMMENT 'The file_managed.fid being referenced in this field.',
  `field_image_alt` varchar(512) DEFAULT NULL COMMENT 'Alternative image text, for the image’s ’alt’ attribute.',
  `field_image_title` varchar(1024) DEFAULT NULL COMMENT 'Image title text, for the image’s ’title’ attribute.',
  `field_image_width` int(10) unsigned DEFAULT NULL COMMENT 'The width of the image in pixels.',
  `field_image_height` int(10) unsigned DEFAULT NULL COMMENT 'The height of the image in pixels.',
  PRIMARY KEY (`entity_type`,`entity_id`,`revision_id`,`deleted`,`delta`,`language`),
  KEY `entity_type` (`entity_type`),
  KEY `bundle` (`bundle`),
  KEY `deleted` (`deleted`),
  KEY `entity_id` (`entity_id`),
  KEY `revision_id` (`revision_id`),
  KEY `language` (`language`),
  KEY `field_image_fid` (`field_image_fid`)
) ENGINE=InnoDB DEFAULT CHARSET=utf8 COMMENT='Revision archive storage for field 4 (field_image)';

-- --------------------------------------------------------

--
-- Структура таблицы `field_revision_field_images_house`
--

CREATE TABLE IF NOT EXISTS `field_revision_field_images_house` (
  `entity_type` varchar(128) NOT NULL DEFAULT '' COMMENT 'The entity type this data is attached to',
  `bundle` varchar(128) NOT NULL DEFAULT '' COMMENT 'The field instance bundle to which this row belongs, used when deleting a field instance',
  `deleted` tinyint(4) NOT NULL DEFAULT '0' COMMENT 'A boolean indicating whether this data item has been deleted',
  `entity_id` int(10) unsigned NOT NULL COMMENT 'The entity id this data is attached to',
  `revision_id` int(10) unsigned NOT NULL COMMENT 'The entity revision id this data is attached to',
  `language` varchar(32) NOT NULL DEFAULT '' COMMENT 'The language for this data item.',
  `delta` int(10) unsigned NOT NULL COMMENT 'The sequence number for this data item, used for multi-value fields',
  `field_images_house_fid` int(10) unsigned DEFAULT NULL COMMENT 'The file_managed.fid being referenced in this field.',
  `field_images_house_alt` varchar(512) DEFAULT NULL COMMENT 'Alternative image text, for the image’s ’alt’ attribute.',
  `field_images_house_title` varchar(1024) DEFAULT NULL COMMENT 'Image title text, for the image’s ’title’ attribute.',
  `field_images_house_width` int(10) unsigned DEFAULT NULL COMMENT 'The width of the image in pixels.',
  `field_images_house_height` int(10) unsigned DEFAULT NULL COMMENT 'The height of the image in pixels.',
  PRIMARY KEY (`entity_type`,`entity_id`,`revision_id`,`deleted`,`delta`,`language`),
  KEY `entity_type` (`entity_type`),
  KEY `bundle` (`bundle`),
  KEY `deleted` (`deleted`),
  KEY `entity_id` (`entity_id`),
  KEY `revision_id` (`revision_id`),
  KEY `language` (`language`),
  KEY `field_images_house_fid` (`field_images_house_fid`)
) ENGINE=InnoDB DEFAULT CHARSET=utf8 COMMENT='Revision archive storage for field 146 (field_images_house)';

--
-- Дамп данных таблицы `field_revision_field_images_house`
--

INSERT INTO `field_revision_field_images_house` (`entity_type`, `bundle`, `deleted`, `entity_id`, `revision_id`, `language`, `delta`, `field_images_house_fid`, `field_images_house_alt`, `field_images_house_title`, `field_images_house_width`, `field_images_house_height`) VALUES
('node', 'more', 0, 23, 23, 'und', 0, 550, '', '', 1980, 880);

-- --------------------------------------------------------

--
-- Структура таблицы `field_revision_field_image_category`
--

CREATE TABLE IF NOT EXISTS `field_revision_field_image_category` (
  `entity_type` varchar(128) NOT NULL DEFAULT '' COMMENT 'The entity type this data is attached to',
  `bundle` varchar(128) NOT NULL DEFAULT '' COMMENT 'The field instance bundle to which this row belongs, used when deleting a field instance',
  `deleted` tinyint(4) NOT NULL DEFAULT '0' COMMENT 'A boolean indicating whether this data item has been deleted',
  `entity_id` int(10) unsigned NOT NULL COMMENT 'The entity id this data is attached to',
  `revision_id` int(10) unsigned NOT NULL COMMENT 'The entity revision id this data is attached to',
  `language` varchar(32) NOT NULL DEFAULT '' COMMENT 'The language for this data item.',
  `delta` int(10) unsigned NOT NULL COMMENT 'The sequence number for this data item, used for multi-value fields',
  `field_image_category_fid` int(10) unsigned DEFAULT NULL COMMENT 'The file_managed.fid being referenced in this field.',
  `field_image_category_alt` varchar(512) DEFAULT NULL COMMENT 'Alternative image text, for the image’s ’alt’ attribute.',
  `field_image_category_title` varchar(1024) DEFAULT NULL COMMENT 'Image title text, for the image’s ’title’ attribute.',
  `field_image_category_width` int(10) unsigned DEFAULT NULL COMMENT 'The width of the image in pixels.',
  `field_image_category_height` int(10) unsigned DEFAULT NULL COMMENT 'The height of the image in pixels.',
  PRIMARY KEY (`entity_type`,`entity_id`,`revision_id`,`deleted`,`delta`,`language`),
  KEY `entity_type` (`entity_type`),
  KEY `bundle` (`bundle`),
  KEY `deleted` (`deleted`),
  KEY `entity_id` (`entity_id`),
  KEY `revision_id` (`revision_id`),
  KEY `language` (`language`),
  KEY `field_image_category_fid` (`field_image_category_fid`)
) ENGINE=InnoDB DEFAULT CHARSET=utf8 COMMENT='Revision archive storage for field 143 (field_image...';

-- --------------------------------------------------------

--
-- Структура таблицы `field_revision_field_image_house`
--

CREATE TABLE IF NOT EXISTS `field_revision_field_image_house` (
  `entity_type` varchar(128) NOT NULL DEFAULT '' COMMENT 'The entity type this data is attached to',
  `bundle` varchar(128) NOT NULL DEFAULT '' COMMENT 'The field instance bundle to which this row belongs, used when deleting a field instance',
  `deleted` tinyint(4) NOT NULL DEFAULT '0' COMMENT 'A boolean indicating whether this data item has been deleted',
  `entity_id` int(10) unsigned NOT NULL COMMENT 'The entity id this data is attached to',
  `revision_id` int(10) unsigned NOT NULL COMMENT 'The entity revision id this data is attached to',
  `language` varchar(32) NOT NULL DEFAULT '' COMMENT 'The language for this data item.',
  `delta` int(10) unsigned NOT NULL COMMENT 'The sequence number for this data item, used for multi-value fields',
  `field_image_house_fid` int(10) unsigned DEFAULT NULL COMMENT 'The file_managed.fid being referenced in this field.',
  `field_image_house_alt` varchar(512) DEFAULT NULL COMMENT 'Alternative image text, for the image’s ’alt’ attribute.',
  `field_image_house_title` varchar(1024) DEFAULT NULL COMMENT 'Image title text, for the image’s ’title’ attribute.',
  `field_image_house_width` int(10) unsigned DEFAULT NULL COMMENT 'The width of the image in pixels.',
  `field_image_house_height` int(10) unsigned DEFAULT NULL COMMENT 'The height of the image in pixels.',
  PRIMARY KEY (`entity_type`,`entity_id`,`revision_id`,`deleted`,`delta`,`language`),
  KEY `entity_type` (`entity_type`),
  KEY `bundle` (`bundle`),
  KEY `deleted` (`deleted`),
  KEY `entity_id` (`entity_id`),
  KEY `revision_id` (`revision_id`),
  KEY `language` (`language`),
  KEY `field_image_house_fid` (`field_image_house_fid`)
) ENGINE=InnoDB DEFAULT CHARSET=utf8 COMMENT='Revision archive storage for field 140 (field_image_house)';

--
-- Дамп данных таблицы `field_revision_field_image_house`
--

INSERT INTO `field_revision_field_image_house` (`entity_type`, `bundle`, `deleted`, `entity_id`, `revision_id`, `language`, `delta`, `field_image_house_fid`, `field_image_house_alt`, `field_image_house_title`, `field_image_house_width`, `field_image_house_height`) VALUES
('node', 'house', 0, 34, 34, 'und', 0, 540, '', '', 1980, 880),
('node', 'house', 0, 35, 35, 'und', 0, 532, '', '', 1980, 880),
('node', 'house', 0, 36, 36, 'und', 0, 538, '', '', 1980, 880),
('node', 'house', 0, 37, 37, 'und', 0, 544, '', '', 1980, 880),
('node', 'house', 0, 38, 38, 'und', 0, 542, '', '', 1980, 880),
('node', 'house', 0, 39, 39, 'und', 0, 535, '', '', 1980, 880);

-- --------------------------------------------------------

--
-- Структура таблицы `field_revision_field_image_inc`
--

CREATE TABLE IF NOT EXISTS `field_revision_field_image_inc` (
  `entity_type` varchar(128) NOT NULL DEFAULT '' COMMENT 'The entity type this data is attached to',
  `bundle` varchar(128) NOT NULL DEFAULT '' COMMENT 'The field instance bundle to which this row belongs, used when deleting a field instance',
  `deleted` tinyint(4) NOT NULL DEFAULT '0' COMMENT 'A boolean indicating whether this data item has been deleted',
  `entity_id` int(10) unsigned NOT NULL COMMENT 'The entity id this data is attached to',
  `revision_id` int(10) unsigned NOT NULL COMMENT 'The entity revision id this data is attached to',
  `language` varchar(32) NOT NULL DEFAULT '' COMMENT 'The language for this data item.',
  `delta` int(10) unsigned NOT NULL COMMENT 'The sequence number for this data item, used for multi-value fields',
  `field_image_inc_fid` int(10) unsigned DEFAULT NULL COMMENT 'The file_managed.fid being referenced in this field.',
  `field_image_inc_alt` varchar(512) DEFAULT NULL COMMENT 'Alternative image text, for the image’s ’alt’ attribute.',
  `field_image_inc_title` varchar(1024) DEFAULT NULL COMMENT 'Image title text, for the image’s ’title’ attribute.',
  `field_image_inc_width` int(10) unsigned DEFAULT NULL COMMENT 'The width of the image in pixels.',
  `field_image_inc_height` int(10) unsigned DEFAULT NULL COMMENT 'The height of the image in pixels.',
  PRIMARY KEY (`entity_type`,`entity_id`,`revision_id`,`deleted`,`delta`,`language`),
  KEY `entity_type` (`entity_type`),
  KEY `bundle` (`bundle`),
  KEY `deleted` (`deleted`),
  KEY `entity_id` (`entity_id`),
  KEY `revision_id` (`revision_id`),
  KEY `language` (`language`),
  KEY `field_image_inc_fid` (`field_image_inc_fid`)
) ENGINE=InnoDB DEFAULT CHARSET=utf8 COMMENT='Revision archive storage for field 117 (field_image_inc)';

--
-- Дамп данных таблицы `field_revision_field_image_inc`
--

INSERT INTO `field_revision_field_image_inc` (`entity_type`, `bundle`, `deleted`, `entity_id`, `revision_id`, `language`, `delta`, `field_image_inc_fid`, `field_image_inc_alt`, `field_image_inc_title`, `field_image_inc_width`, `field_image_inc_height`) VALUES
('node', 'team', 0, 12, 12, 'und', 0, 548, '', '', 263, 350),
('node', 'team', 0, 13, 13, 'und', 0, 547, '', '', 263, 350),
('node', 'team', 0, 14, 14, 'und', 0, 546, '', '', 263, 350),
('node', 'team', 0, 15, 15, 'und', 0, 549, '', '', 263, 350);

-- --------------------------------------------------------

--
-- Структура таблицы `field_revision_field_img`
--

CREATE TABLE IF NOT EXISTS `field_revision_field_img` (
  `entity_type` varchar(128) NOT NULL DEFAULT '' COMMENT 'The entity type this data is attached to',
  `bundle` varchar(128) NOT NULL DEFAULT '' COMMENT 'The field instance bundle to which this row belongs, used when deleting a field instance',
  `deleted` tinyint(4) NOT NULL DEFAULT '0' COMMENT 'A boolean indicating whether this data item has been deleted',
  `entity_id` int(10) unsigned NOT NULL COMMENT 'The entity id this data is attached to',
  `revision_id` int(10) unsigned NOT NULL COMMENT 'The entity revision id this data is attached to',
  `language` varchar(32) NOT NULL DEFAULT '' COMMENT 'The language for this data item.',
  `delta` int(10) unsigned NOT NULL COMMENT 'The sequence number for this data item, used for multi-value fields',
  `field_img_fid` int(10) unsigned DEFAULT NULL COMMENT 'The file_managed.fid being referenced in this field.',
  `field_img_alt` varchar(512) DEFAULT NULL COMMENT 'Alternative image text, for the image’s ’alt’ attribute.',
  `field_img_title` varchar(1024) DEFAULT NULL COMMENT 'Image title text, for the image’s ’title’ attribute.',
  `field_img_width` int(10) unsigned DEFAULT NULL COMMENT 'The width of the image in pixels.',
  `field_img_height` int(10) unsigned DEFAULT NULL COMMENT 'The height of the image in pixels.',
  PRIMARY KEY (`entity_type`,`entity_id`,`revision_id`,`deleted`,`delta`,`language`),
  KEY `entity_type` (`entity_type`),
  KEY `bundle` (`bundle`),
  KEY `deleted` (`deleted`),
  KEY `entity_id` (`entity_id`),
  KEY `revision_id` (`revision_id`),
  KEY `language` (`language`),
  KEY `field_img_fid` (`field_img_fid`)
) ENGINE=InnoDB DEFAULT CHARSET=utf8 COMMENT='Revision archive storage for field 5 (field_img)';

-- --------------------------------------------------------

--
-- Структура таблицы `field_revision_field_img_blog`
--

CREATE TABLE IF NOT EXISTS `field_revision_field_img_blog` (
  `entity_type` varchar(128) NOT NULL DEFAULT '' COMMENT 'The entity type this data is attached to',
  `bundle` varchar(128) NOT NULL DEFAULT '' COMMENT 'The field instance bundle to which this row belongs, used when deleting a field instance',
  `deleted` tinyint(4) NOT NULL DEFAULT '0' COMMENT 'A boolean indicating whether this data item has been deleted',
  `entity_id` int(10) unsigned NOT NULL COMMENT 'The entity id this data is attached to',
  `revision_id` int(10) unsigned NOT NULL COMMENT 'The entity revision id this data is attached to',
  `language` varchar(32) NOT NULL DEFAULT '' COMMENT 'The language for this data item.',
  `delta` int(10) unsigned NOT NULL COMMENT 'The sequence number for this data item, used for multi-value fields',
  `field_img_blog_fid` int(10) unsigned DEFAULT NULL COMMENT 'The file_managed.fid being referenced in this field.',
  `field_img_blog_alt` varchar(512) DEFAULT NULL COMMENT 'Alternative image text, for the image’s ’alt’ attribute.',
  `field_img_blog_title` varchar(1024) DEFAULT NULL COMMENT 'Image title text, for the image’s ’title’ attribute.',
  `field_img_blog_width` int(10) unsigned DEFAULT NULL COMMENT 'The width of the image in pixels.',
  `field_img_blog_height` int(10) unsigned DEFAULT NULL COMMENT 'The height of the image in pixels.',
  PRIMARY KEY (`entity_type`,`entity_id`,`revision_id`,`deleted`,`delta`,`language`),
  KEY `entity_type` (`entity_type`),
  KEY `bundle` (`bundle`),
  KEY `deleted` (`deleted`),
  KEY `entity_id` (`entity_id`),
  KEY `revision_id` (`revision_id`),
  KEY `language` (`language`),
  KEY `field_img_blog_fid` (`field_img_blog_fid`)
) ENGINE=InnoDB DEFAULT CHARSET=utf8 COMMENT='Revision archive storage for field 31 (field_img_blog)';

--
-- Дамп данных таблицы `field_revision_field_img_blog`
--

INSERT INTO `field_revision_field_img_blog` (`entity_type`, `bundle`, `deleted`, `entity_id`, `revision_id`, `language`, `delta`, `field_img_blog_fid`, `field_img_blog_alt`, `field_img_blog_title`, `field_img_blog_width`, `field_img_blog_height`) VALUES
('node', 'blog', 0, 19, 19, 'und', 0, 527, '', '', 1980, 880),
('node', 'blog', 0, 20, 20, 'und', 0, 529, '', '', 1980, 880),
('node', 'blog', 0, 21, 21, 'und', 0, 530, '', '', 1980, 880),
('node', 'blog', 0, 22, 22, 'und', 0, 531, '', '', 1980, 880);

-- --------------------------------------------------------

--
-- Структура таблицы `field_revision_field_license`
--

CREATE TABLE IF NOT EXISTS `field_revision_field_license` (
  `entity_type` varchar(128) NOT NULL DEFAULT '' COMMENT 'The entity type this data is attached to',
  `bundle` varchar(128) NOT NULL DEFAULT '' COMMENT 'The field instance bundle to which this row belongs, used when deleting a field instance',
  `deleted` tinyint(4) NOT NULL DEFAULT '0' COMMENT 'A boolean indicating whether this data item has been deleted',
  `entity_id` int(10) unsigned NOT NULL COMMENT 'The entity id this data is attached to',
  `revision_id` int(10) unsigned NOT NULL COMMENT 'The entity revision id this data is attached to',
  `language` varchar(32) NOT NULL DEFAULT '' COMMENT 'The language for this data item.',
  `delta` int(10) unsigned NOT NULL COMMENT 'The sequence number for this data item, used for multi-value fields',
  `field_license_value` varchar(255) DEFAULT NULL,
  PRIMARY KEY (`entity_type`,`entity_id`,`revision_id`,`deleted`,`delta`,`language`),
  KEY `entity_type` (`entity_type`),
  KEY `bundle` (`bundle`),
  KEY `deleted` (`deleted`),
  KEY `entity_id` (`entity_id`),
  KEY `revision_id` (`revision_id`),
  KEY `language` (`language`),
  KEY `field_license_value` (`field_license_value`)
) ENGINE=InnoDB DEFAULT CHARSET=utf8 COMMENT='Revision archive storage for field 21 (field_license)';

--
-- Дамп данных таблицы `field_revision_field_license`
--

INSERT INTO `field_revision_field_license` (`entity_type`, `bundle`, `deleted`, `entity_id`, `revision_id`, `language`, `delta`, `field_license_value`) VALUES
('file', 'image', 0, 83, 83, 'und', 0, 'nothing'),
('file', 'image', 0, 84, 84, 'und', 0, 'nothing'),
('file', 'image', 0, 96, 96, 'und', 0, 'nothing'),
('file', 'image', 0, 97, 97, 'und', 0, 'nothing'),
('file', 'image', 0, 99, 99, 'und', 0, 'nothing'),
('file', 'image', 0, 100, 100, 'und', 0, 'nothing'),
('file', 'image', 0, 164, 164, 'und', 0, 'nothing'),
('file', 'image', 0, 259, 259, 'und', 0, 'nothing'),
('file', 'image', 0, 260, 260, 'und', 0, 'nothing'),
('file', 'image', 0, 272, 272, 'und', 0, 'nothing'),
('file', 'image', 0, 282, 282, 'und', 0, 'nothing'),
('file', 'default', 0, 378, 378, 'und', 0, 'nothing'),
('file', 'default', 0, 379, 379, 'und', 0, 'nothing'),
('file', 'image', 0, 455, 455, 'und', 0, 'nothing'),
('file', 'default', 0, 475, 475, 'und', 0, 'nothing'),
('file', 'default', 0, 476, 476, 'und', 0, 'nothing'),
('file', 'default', 0, 477, 477, 'und', 0, 'nothing'),
('file', 'image', 0, 478, 478, 'und', 0, 'nothing'),
('file', 'default', 0, 487, 487, 'und', 0, 'nothing'),
('file', 'default', 0, 488, 488, 'und', 0, 'nothing'),
('file', 'default', 0, 489, 489, 'und', 0, 'nothing'),
('file', 'default', 0, 490, 490, 'und', 0, 'nothing'),
('file', 'default', 0, 514, 514, 'und', 0, 'nothing'),
('file', 'default', 0, 521, 521, 'und', 0, 'nothing'),
('file', 'default', 0, 522, 522, 'und', 0, 'nothing'),
('file', 'image', 0, 527, 527, 'und', 0, 'nothing'),
('file', 'image', 0, 529, 529, 'und', 0, 'nothing'),
('file', 'image', 0, 530, 530, 'und', 0, 'nothing'),
('file', 'image', 0, 531, 531, 'und', 0, 'nothing'),
('file', 'image', 0, 532, 532, 'und', 0, 'nothing'),
('file', 'image', 0, 533, 533, 'und', 0, 'nothing'),
('file', 'image', 0, 534, 534, 'und', 0, 'nothing'),
('file', 'image', 0, 535, 535, 'und', 0, 'nothing'),
('file', 'image', 0, 536, 536, 'und', 0, 'nothing'),
('file', 'image', 0, 537, 537, 'und', 0, 'nothing'),
('file', 'image', 0, 538, 538, 'und', 0, 'nothing'),
('file', 'image', 0, 539, 539, 'und', 0, 'nothing'),
('file', 'image', 0, 540, 540, 'und', 0, 'nothing'),
('file', 'image', 0, 541, 541, 'und', 0, 'nothing'),
('file', 'image', 0, 542, 542, 'und', 0, 'nothing'),
('file', 'image', 0, 543, 543, 'und', 0, 'nothing'),
('file', 'image', 0, 544, 544, 'und', 0, 'nothing'),
('file', 'image', 0, 545, 545, 'und', 0, 'nothing'),
('file', 'image', 0, 546, 546, 'und', 0, 'nothing'),
('file', 'image', 0, 547, 547, 'und', 0, 'nothing'),
('file', 'image', 0, 548, 548, 'und', 0, 'nothing'),
('file', 'image', 0, 549, 549, 'und', 0, 'nothing'),
('file', 'image', 0, 550, 550, 'und', 0, 'nothing'),
('file', 'image', 0, 551, 551, 'und', 0, 'nothing'),
('file', 'image', 0, 552, 552, 'und', 0, 'nothing'),
('file', 'image', 0, 553, 553, 'und', 0, 'nothing'),
('file', 'image', 0, 554, 554, 'und', 0, 'nothing');

-- --------------------------------------------------------

--
-- Структура таблицы `field_revision_field_phone_it`
--

CREATE TABLE IF NOT EXISTS `field_revision_field_phone_it` (
  `entity_type` varchar(128) NOT NULL DEFAULT '' COMMENT 'The entity type this data is attached to',
  `bundle` varchar(128) NOT NULL DEFAULT '' COMMENT 'The field instance bundle to which this row belongs, used when deleting a field instance',
  `deleted` tinyint(4) NOT NULL DEFAULT '0' COMMENT 'A boolean indicating whether this data item has been deleted',
  `entity_id` int(10) unsigned NOT NULL COMMENT 'The entity id this data is attached to',
  `revision_id` int(10) unsigned NOT NULL COMMENT 'The entity revision id this data is attached to',
  `language` varchar(32) NOT NULL DEFAULT '' COMMENT 'The language for this data item.',
  `delta` int(10) unsigned NOT NULL COMMENT 'The sequence number for this data item, used for multi-value fields',
  `field_phone_it_value` varchar(255) DEFAULT NULL,
  `field_phone_it_format` varchar(255) DEFAULT NULL,
  PRIMARY KEY (`entity_type`,`entity_id`,`revision_id`,`deleted`,`delta`,`language`),
  KEY `entity_type` (`entity_type`),
  KEY `bundle` (`bundle`),
  KEY `deleted` (`deleted`),
  KEY `entity_id` (`entity_id`),
  KEY `revision_id` (`revision_id`),
  KEY `language` (`language`),
  KEY `field_phone_it_format` (`field_phone_it_format`)
) ENGINE=InnoDB DEFAULT CHARSET=utf8 COMMENT='Revision archive storage for field 168 (field_phone_it)';

--
-- Дамп данных таблицы `field_revision_field_phone_it`
--

INSERT INTO `field_revision_field_phone_it` (`entity_type`, `bundle`, `deleted`, `entity_id`, `revision_id`, `language`, `delta`, `field_phone_it_value`, `field_phone_it_format`) VALUES
('user', 'user', 0, 35, 35, 'und', 0, '9797888', NULL),
('user', 'user', 0, 36, 36, 'und', 0, '9797888', NULL),
('user', 'user', 0, 37, 37, 'und', 0, '9797567', NULL),
('user', 'user', 0, 38, 38, 'und', 0, '9797567', NULL);

-- --------------------------------------------------------

--
-- Структура таблицы `field_revision_field_prise_house`
--

CREATE TABLE IF NOT EXISTS `field_revision_field_prise_house` (
  `entity_type` varchar(128) NOT NULL DEFAULT '' COMMENT 'The entity type this data is attached to',
  `bundle` varchar(128) NOT NULL DEFAULT '' COMMENT 'The field instance bundle to which this row belongs, used when deleting a field instance',
  `deleted` tinyint(4) NOT NULL DEFAULT '0' COMMENT 'A boolean indicating whether this data item has been deleted',
  `entity_id` int(10) unsigned NOT NULL COMMENT 'The entity id this data is attached to',
  `revision_id` int(10) unsigned NOT NULL COMMENT 'The entity revision id this data is attached to',
  `language` varchar(32) NOT NULL DEFAULT '' COMMENT 'The language for this data item.',
  `delta` int(10) unsigned NOT NULL COMMENT 'The sequence number for this data item, used for multi-value fields',
  `field_prise_house_value` varchar(255) DEFAULT NULL,
  `field_prise_house_format` varchar(255) DEFAULT NULL,
  PRIMARY KEY (`entity_type`,`entity_id`,`revision_id`,`deleted`,`delta`,`language`),
  KEY `entity_type` (`entity_type`),
  KEY `bundle` (`bundle`),
  KEY `deleted` (`deleted`),
  KEY `entity_id` (`entity_id`),
  KEY `revision_id` (`revision_id`),
  KEY `language` (`language`),
  KEY `field_prise_house_format` (`field_prise_house_format`)
) ENGINE=InnoDB DEFAULT CHARSET=utf8 COMMENT='Revision archive storage for field 141 (field_prise_house)';

--
-- Дамп данных таблицы `field_revision_field_prise_house`
--

INSERT INTO `field_revision_field_prise_house` (`entity_type`, `bundle`, `deleted`, `entity_id`, `revision_id`, `language`, `delta`, `field_prise_house_value`, `field_prise_house_format`) VALUES
('node', 'house', 0, 34, 34, 'und', 0, '1000$', NULL),
('node', 'house', 0, 35, 35, 'und', 0, '13498$', NULL),
('node', 'house', 0, 36, 36, 'und', 0, '200000$', NULL),
('node', 'house', 0, 37, 37, 'und', 0, '123456$', NULL),
('node', 'house', 0, 38, 38, 'und', 0, '23324$', NULL),
('node', 'house', 0, 39, 39, 'und', 0, '1249654$', NULL);

-- --------------------------------------------------------

--
-- Структура таблицы `field_revision_field_sq_ft`
--

CREATE TABLE IF NOT EXISTS `field_revision_field_sq_ft` (
  `entity_type` varchar(128) NOT NULL DEFAULT '' COMMENT 'The entity type this data is attached to',
  `bundle` varchar(128) NOT NULL DEFAULT '' COMMENT 'The field instance bundle to which this row belongs, used when deleting a field instance',
  `deleted` tinyint(4) NOT NULL DEFAULT '0' COMMENT 'A boolean indicating whether this data item has been deleted',
  `entity_id` int(10) unsigned NOT NULL COMMENT 'The entity id this data is attached to',
  `revision_id` int(10) unsigned NOT NULL COMMENT 'The entity revision id this data is attached to',
  `language` varchar(32) NOT NULL DEFAULT '' COMMENT 'The language for this data item.',
  `delta` int(10) unsigned NOT NULL COMMENT 'The sequence number for this data item, used for multi-value fields',
  `field_sq_ft_value` varchar(255) DEFAULT NULL,
  `field_sq_ft_format` varchar(255) DEFAULT NULL,
  PRIMARY KEY (`entity_type`,`entity_id`,`revision_id`,`deleted`,`delta`,`language`),
  KEY `entity_type` (`entity_type`),
  KEY `bundle` (`bundle`),
  KEY `deleted` (`deleted`),
  KEY `entity_id` (`entity_id`),
  KEY `revision_id` (`revision_id`),
  KEY `language` (`language`),
  KEY `field_sq_ft_format` (`field_sq_ft_format`)
) ENGINE=InnoDB DEFAULT CHARSET=utf8 COMMENT='Revision archive storage for field 154 (field_sq_ft)';

--
-- Дамп данных таблицы `field_revision_field_sq_ft`
--

INSERT INTO `field_revision_field_sq_ft` (`entity_type`, `bundle`, `deleted`, `entity_id`, `revision_id`, `language`, `delta`, `field_sq_ft_value`, `field_sq_ft_format`) VALUES
('node', 'house', 0, 34, 34, 'und', 0, '400', NULL),
('node', 'house', 0, 35, 35, 'und', 0, '600', NULL),
('node', 'house', 0, 36, 36, 'und', 0, '1500', NULL),
('node', 'house', 0, 37, 37, 'und', 0, '2000', NULL),
('node', 'house', 0, 38, 38, 'und', 0, '1000', NULL),
('node', 'house', 0, 39, 39, 'und', 0, '600', NULL);

-- --------------------------------------------------------

--
-- Структура таблицы `field_revision_field_status`
--

CREATE TABLE IF NOT EXISTS `field_revision_field_status` (
  `entity_type` varchar(128) NOT NULL DEFAULT '' COMMENT 'The entity type this data is attached to',
  `bundle` varchar(128) NOT NULL DEFAULT '' COMMENT 'The field instance bundle to which this row belongs, used when deleting a field instance',
  `deleted` tinyint(4) NOT NULL DEFAULT '0' COMMENT 'A boolean indicating whether this data item has been deleted',
  `entity_id` int(10) unsigned NOT NULL COMMENT 'The entity id this data is attached to',
  `revision_id` int(10) unsigned NOT NULL COMMENT 'The entity revision id this data is attached to',
  `language` varchar(32) NOT NULL DEFAULT '' COMMENT 'The language for this data item.',
  `delta` int(10) unsigned NOT NULL COMMENT 'The sequence number for this data item, used for multi-value fields',
  `field_status_value` varchar(255) DEFAULT NULL,
  `field_status_format` varchar(255) DEFAULT NULL,
  PRIMARY KEY (`entity_type`,`entity_id`,`revision_id`,`deleted`,`delta`,`language`),
  KEY `entity_type` (`entity_type`),
  KEY `bundle` (`bundle`),
  KEY `deleted` (`deleted`),
  KEY `entity_id` (`entity_id`),
  KEY `revision_id` (`revision_id`),
  KEY `language` (`language`),
  KEY `field_status_format` (`field_status_format`)
) ENGINE=InnoDB DEFAULT CHARSET=utf8 COMMENT='Revision archive storage for field 153 (field_status)';

--
-- Дамп данных таблицы `field_revision_field_status`
--

INSERT INTO `field_revision_field_status` (`entity_type`, `bundle`, `deleted`, `entity_id`, `revision_id`, `language`, `delta`, `field_status_value`, `field_status_format`) VALUES
('node', 'house', 0, 34, 34, 'und', 0, 'Rent', NULL),
('node', 'house', 0, 35, 35, 'und', 0, 'rent', NULL),
('node', 'house', 0, 36, 36, 'und', 0, 'Sale', NULL),
('node', 'house', 0, 37, 37, 'und', 0, 'Rent', NULL),
('node', 'house', 0, 38, 38, 'und', 0, 'Sale', NULL),
('node', 'house', 0, 39, 39, 'und', 0, 'rent', NULL);

-- --------------------------------------------------------

--
-- Структура таблицы `field_revision_field_tags`
--

CREATE TABLE IF NOT EXISTS `field_revision_field_tags` (
  `entity_type` varchar(128) NOT NULL DEFAULT '' COMMENT 'The entity type this data is attached to',
  `bundle` varchar(128) NOT NULL DEFAULT '' COMMENT 'The field instance bundle to which this row belongs, used when deleting a field instance',
  `deleted` tinyint(4) NOT NULL DEFAULT '0' COMMENT 'A boolean indicating whether this data item has been deleted',
  `entity_id` int(10) unsigned NOT NULL COMMENT 'The entity id this data is attached to',
  `revision_id` int(10) unsigned NOT NULL COMMENT 'The entity revision id this data is attached to',
  `language` varchar(32) NOT NULL DEFAULT '' COMMENT 'The language for this data item.',
  `delta` int(10) unsigned NOT NULL COMMENT 'The sequence number for this data item, used for multi-value fields',
  `field_tags_tid` int(10) unsigned DEFAULT NULL,
  PRIMARY KEY (`entity_type`,`entity_id`,`revision_id`,`deleted`,`delta`,`language`),
  KEY `entity_type` (`entity_type`),
  KEY `bundle` (`bundle`),
  KEY `deleted` (`deleted`),
  KEY `entity_id` (`entity_id`),
  KEY `revision_id` (`revision_id`),
  KEY `language` (`language`),
  KEY `field_tags_tid` (`field_tags_tid`)
) ENGINE=InnoDB DEFAULT CHARSET=utf8 COMMENT='Revision archive storage for field 3 (field_tags)';

-- --------------------------------------------------------

--
-- Структура таблицы `field_revision_field_text`
--

CREATE TABLE IF NOT EXISTS `field_revision_field_text` (
  `entity_type` varchar(128) NOT NULL DEFAULT '' COMMENT 'The entity type this data is attached to',
  `bundle` varchar(128) NOT NULL DEFAULT '' COMMENT 'The field instance bundle to which this row belongs, used when deleting a field instance',
  `deleted` tinyint(4) NOT NULL DEFAULT '0' COMMENT 'A boolean indicating whether this data item has been deleted',
  `entity_id` int(10) unsigned NOT NULL COMMENT 'The entity id this data is attached to',
  `revision_id` int(10) unsigned NOT NULL COMMENT 'The entity revision id this data is attached to',
  `language` varchar(32) NOT NULL DEFAULT '' COMMENT 'The language for this data item.',
  `delta` int(10) unsigned NOT NULL COMMENT 'The sequence number for this data item, used for multi-value fields',
  `field_text_value` varchar(255) DEFAULT NULL,
  `field_text_format` varchar(255) DEFAULT NULL,
  PRIMARY KEY (`entity_type`,`entity_id`,`revision_id`,`deleted`,`delta`,`language`),
  KEY `entity_type` (`entity_type`),
  KEY `bundle` (`bundle`),
  KEY `deleted` (`deleted`),
  KEY `entity_id` (`entity_id`),
  KEY `revision_id` (`revision_id`),
  KEY `language` (`language`),
  KEY `field_text_format` (`field_text_format`)
) ENGINE=InnoDB DEFAULT CHARSET=utf8 COMMENT='Revision archive storage for field 118 (field_text)';

--
-- Дамп данных таблицы `field_revision_field_text`
--

INSERT INTO `field_revision_field_text` (`entity_type`, `bundle`, `deleted`, `entity_id`, `revision_id`, `language`, `delta`, `field_text_value`, `field_text_format`) VALUES
('node', 'team', 0, 12, 12, 'und', 0, 'Agent', NULL),
('node', 'team', 0, 13, 13, 'und', 0, 'Agent', NULL),
('node', 'team', 0, 14, 14, 'und', 0, 'Agent', NULL),
('node', 'team', 0, 15, 15, 'und', 0, 'Agent', NULL);

-- --------------------------------------------------------

--
-- Структура таблицы `field_revision_field_thumbnail_images`
--

CREATE TABLE IF NOT EXISTS `field_revision_field_thumbnail_images` (
  `entity_type` varchar(128) NOT NULL DEFAULT '' COMMENT 'The entity type this data is attached to',
  `bundle` varchar(128) NOT NULL DEFAULT '' COMMENT 'The field instance bundle to which this row belongs, used when deleting a field instance',
  `deleted` tinyint(4) NOT NULL DEFAULT '0' COMMENT 'A boolean indicating whether this data item has been deleted',
  `entity_id` int(10) unsigned NOT NULL COMMENT 'The entity id this data is attached to',
  `revision_id` int(10) unsigned NOT NULL COMMENT 'The entity revision id this data is attached to',
  `language` varchar(32) NOT NULL DEFAULT '' COMMENT 'The language for this data item.',
  `delta` int(10) unsigned NOT NULL COMMENT 'The sequence number for this data item, used for multi-value fields',
  `field_thumbnail_images_fid` int(10) unsigned DEFAULT NULL COMMENT 'The file_managed.fid being referenced in this field.',
  `field_thumbnail_images_alt` varchar(512) DEFAULT NULL COMMENT 'Alternative image text, for the image’s ’alt’ attribute.',
  `field_thumbnail_images_title` varchar(1024) DEFAULT NULL COMMENT 'Image title text, for the image’s ’title’ attribute.',
  `field_thumbnail_images_width` int(10) unsigned DEFAULT NULL COMMENT 'The width of the image in pixels.',
  `field_thumbnail_images_height` int(10) unsigned DEFAULT NULL COMMENT 'The height of the image in pixels.',
  PRIMARY KEY (`entity_type`,`entity_id`,`revision_id`,`deleted`,`delta`,`language`),
  KEY `entity_type` (`entity_type`),
  KEY `bundle` (`bundle`),
  KEY `deleted` (`deleted`),
  KEY `entity_id` (`entity_id`),
  KEY `revision_id` (`revision_id`),
  KEY `language` (`language`),
  KEY `field_thumbnail_images_fid` (`field_thumbnail_images_fid`)
) ENGINE=InnoDB DEFAULT CHARSET=utf8 COMMENT='Revision archive storage for field 142 (field_thumbnail...';

--
-- Дамп данных таблицы `field_revision_field_thumbnail_images`
--

INSERT INTO `field_revision_field_thumbnail_images` (`entity_type`, `bundle`, `deleted`, `entity_id`, `revision_id`, `language`, `delta`, `field_thumbnail_images_fid`, `field_thumbnail_images_alt`, `field_thumbnail_images_title`, `field_thumbnail_images_width`, `field_thumbnail_images_height`) VALUES
('node', 'house', 0, 34, 34, 'und', 0, 541, '', '', 1980, 880),
('node', 'house', 0, 35, 35, 'und', 0, 533, '', '', 1980, 880),
('node', 'house', 0, 35, 35, 'und', 1, 534, '', '', 1980, 880),
('node', 'house', 0, 36, 36, 'und', 0, 539, '', '', 1980, 880),
('node', 'house', 0, 37, 37, 'und', 0, 545, '', '', 1980, 880),
('node', 'house', 0, 38, 38, 'und', 0, 543, '', '', 1980, 880),
('node', 'house', 0, 39, 39, 'und', 0, 536, '', '', 1980, 880),
('node', 'house', 0, 39, 39, 'und', 1, 537, '', '', 1980, 880);

-- --------------------------------------------------------

--
-- Структура таблицы `field_revision_field_web_site`
--

CREATE TABLE IF NOT EXISTS `field_revision_field_web_site` (
  `entity_type` varchar(128) NOT NULL DEFAULT '' COMMENT 'The entity type this data is attached to',
  `bundle` varchar(128) NOT NULL DEFAULT '' COMMENT 'The field instance bundle to which this row belongs, used when deleting a field instance',
  `deleted` tinyint(4) NOT NULL DEFAULT '0' COMMENT 'A boolean indicating whether this data item has been deleted',
  `entity_id` int(10) unsigned NOT NULL COMMENT 'The entity id this data is attached to',
  `revision_id` int(10) unsigned NOT NULL COMMENT 'The entity revision id this data is attached to',
  `language` varchar(32) NOT NULL DEFAULT '' COMMENT 'The language for this data item.',
  `delta` int(10) unsigned NOT NULL COMMENT 'The sequence number for this data item, used for multi-value fields',
  `field_web_site_value` varchar(255) DEFAULT NULL,
  `field_web_site_format` varchar(255) DEFAULT NULL,
  PRIMARY KEY (`entity_type`,`entity_id`,`revision_id`,`deleted`,`delta`,`language`),
  KEY `entity_type` (`entity_type`),
  KEY `bundle` (`bundle`),
  KEY `deleted` (`deleted`),
  KEY `entity_id` (`entity_id`),
  KEY `revision_id` (`revision_id`),
  KEY `language` (`language`),
  KEY `field_web_site_format` (`field_web_site_format`)
) ENGINE=InnoDB DEFAULT CHARSET=utf8 COMMENT='Revision archive storage for field 169 (field_web_site)';

--
-- Дамп данных таблицы `field_revision_field_web_site`
--

INSERT INTO `field_revision_field_web_site` (`entity_type`, `bundle`, `deleted`, `entity_id`, `revision_id`, `language`, `delta`, `field_web_site_value`, `field_web_site_format`) VALUES
('user', 'user', 0, 35, 35, 'und', 0, 'http://www.ordasoft.com', NULL),
('user', 'user', 0, 36, 36, 'und', 0, 'http://www.ordasoft.com', NULL),
('user', 'user', 0, 37, 37, 'und', 0, 'http://www.ordasoft.com', NULL),
('user', 'user', 0, 38, 38, 'und', 0, 'http://www.ordasoft.com', NULL);

-- --------------------------------------------------------

--
-- Структура таблицы `field_revision_field_year`
--

CREATE TABLE IF NOT EXISTS `field_revision_field_year` (
  `entity_type` varchar(128) NOT NULL DEFAULT '' COMMENT 'The entity type this data is attached to',
  `bundle` varchar(128) NOT NULL DEFAULT '' COMMENT 'The field instance bundle to which this row belongs, used when deleting a field instance',
  `deleted` tinyint(4) NOT NULL DEFAULT '0' COMMENT 'A boolean indicating whether this data item has been deleted',
  `entity_id` int(10) unsigned NOT NULL COMMENT 'The entity id this data is attached to',
  `revision_id` int(10) unsigned NOT NULL COMMENT 'The entity revision id this data is attached to',
  `language` varchar(32) NOT NULL DEFAULT '' COMMENT 'The language for this data item.',
  `delta` int(10) unsigned NOT NULL COMMENT 'The sequence number for this data item, used for multi-value fields',
  `field_year_value` varchar(255) DEFAULT NULL,
  `field_year_format` varchar(255) DEFAULT NULL,
  PRIMARY KEY (`entity_type`,`entity_id`,`revision_id`,`deleted`,`delta`,`language`),
  KEY `entity_type` (`entity_type`),
  KEY `bundle` (`bundle`),
  KEY `deleted` (`deleted`),
  KEY `entity_id` (`entity_id`),
  KEY `revision_id` (`revision_id`),
  KEY `language` (`language`),
  KEY `field_year_format` (`field_year_format`)
) ENGINE=InnoDB DEFAULT CHARSET=utf8 COMMENT='Revision archive storage for field 151 (field_year)';

--
-- Дамп данных таблицы `field_revision_field_year`
--

INSERT INTO `field_revision_field_year` (`entity_type`, `bundle`, `deleted`, `entity_id`, `revision_id`, `language`, `delta`, `field_year_value`, `field_year_format`) VALUES
('node', 'house', 0, 34, 34, 'und', 0, '2012', NULL),
('node', 'house', 0, 35, 35, 'und', 0, '2000', NULL),
('node', 'house', 0, 36, 36, 'und', 0, '2011', NULL),
('node', 'house', 0, 37, 37, 'und', 0, '2005', NULL),
('node', 'house', 0, 38, 38, 'und', 0, '2010', NULL),
('node', 'house', 0, 39, 39, 'und', 0, '2000', NULL);

-- --------------------------------------------------------

--
-- Структура таблицы `field_revision_field__ountry_it`
--

CREATE TABLE IF NOT EXISTS `field_revision_field__ountry_it` (
  `entity_type` varchar(128) NOT NULL DEFAULT '' COMMENT 'The entity type this data is attached to',
  `bundle` varchar(128) NOT NULL DEFAULT '' COMMENT 'The field instance bundle to which this row belongs, used when deleting a field instance',
  `deleted` tinyint(4) NOT NULL DEFAULT '0' COMMENT 'A boolean indicating whether this data item has been deleted',
  `entity_id` int(10) unsigned NOT NULL COMMENT 'The entity id this data is attached to',
  `revision_id` int(10) unsigned NOT NULL COMMENT 'The entity revision id this data is attached to',
  `language` varchar(32) NOT NULL DEFAULT '' COMMENT 'The language for this data item.',
  `delta` int(10) unsigned NOT NULL COMMENT 'The sequence number for this data item, used for multi-value fields',
  `field__ountry_it_value` varchar(255) DEFAULT NULL,
  `field__ountry_it_format` varchar(255) DEFAULT NULL,
  PRIMARY KEY (`entity_type`,`entity_id`,`revision_id`,`deleted`,`delta`,`language`),
  KEY `entity_type` (`entity_type`),
  KEY `bundle` (`bundle`),
  KEY `deleted` (`deleted`),
  KEY `entity_id` (`entity_id`),
  KEY `revision_id` (`revision_id`),
  KEY `language` (`language`),
  KEY `field__ountry_it_format` (`field__ountry_it_format`)
) ENGINE=InnoDB DEFAULT CHARSET=utf8 COMMENT='Revision archive storage for field 167 (field__ountry_it)';

--
-- Дамп данных таблицы `field_revision_field__ountry_it`
--

INSERT INTO `field_revision_field__ountry_it` (`entity_type`, `bundle`, `deleted`, `entity_id`, `revision_id`, `language`, `delta`, `field__ountry_it_value`, `field__ountry_it_format`) VALUES
('user', 'user', 0, 35, 35, 'und', 0, 'Spain', NULL),
('user', 'user', 0, 36, 36, 'und', 0, 'United States', NULL),
('user', 'user', 0, 37, 37, 'und', 0, 'United States', NULL),
('user', 'user', 0, 38, 38, 'und', 0, 'United States', NULL);

-- --------------------------------------------------------

--
-- Структура таблицы `field_revision_media_description`
--

CREATE TABLE IF NOT EXISTS `field_revision_media_description` (
  `entity_type` varchar(128) NOT NULL DEFAULT '' COMMENT 'The entity type this data is attached to',
  `bundle` varchar(128) NOT NULL DEFAULT '' COMMENT 'The field instance bundle to which this row belongs, used when deleting a field instance',
  `deleted` tinyint(4) NOT NULL DEFAULT '0' COMMENT 'A boolean indicating whether this data item has been deleted',
  `entity_id` int(10) unsigned NOT NULL COMMENT 'The entity id this data is attached to',
  `revision_id` int(10) unsigned NOT NULL COMMENT 'The entity revision id this data is attached to',
  `language` varchar(32) NOT NULL DEFAULT '' COMMENT 'The language for this data item.',
  `delta` int(10) unsigned NOT NULL COMMENT 'The sequence number for this data item, used for multi-value fields',
  `media_description_value` longtext,
  `media_description_format` varchar(255) DEFAULT NULL,
  PRIMARY KEY (`entity_type`,`entity_id`,`revision_id`,`deleted`,`delta`,`language`),
  KEY `entity_type` (`entity_type`),
  KEY `bundle` (`bundle`),
  KEY `deleted` (`deleted`),
  KEY `entity_id` (`entity_id`),
  KEY `revision_id` (`revision_id`),
  KEY `language` (`language`),
  KEY `media_description_format` (`media_description_format`)
) ENGINE=InnoDB DEFAULT CHARSET=utf8 COMMENT='Revision archive storage for field 19 (media_description)';

-- --------------------------------------------------------

--
-- Структура таблицы `field_revision_media_gallery_allow_download`
--

CREATE TABLE IF NOT EXISTS `field_revision_media_gallery_allow_download` (
  `entity_type` varchar(128) NOT NULL DEFAULT '' COMMENT 'The entity type this data is attached to',
  `bundle` varchar(128) NOT NULL DEFAULT '' COMMENT 'The field instance bundle to which this row belongs, used when deleting a field instance',
  `deleted` tinyint(4) NOT NULL DEFAULT '0' COMMENT 'A boolean indicating whether this data item has been deleted',
  `entity_id` int(10) unsigned NOT NULL COMMENT 'The entity id this data is attached to',
  `revision_id` int(10) unsigned NOT NULL COMMENT 'The entity revision id this data is attached to',
  `language` varchar(32) NOT NULL DEFAULT '' COMMENT 'The language for this data item.',
  `delta` int(10) unsigned NOT NULL COMMENT 'The sequence number for this data item, used for multi-value fields',
  `media_gallery_allow_download_value` int(11) DEFAULT NULL,
  PRIMARY KEY (`entity_type`,`entity_id`,`revision_id`,`deleted`,`delta`,`language`),
  KEY `entity_type` (`entity_type`),
  KEY `bundle` (`bundle`),
  KEY `deleted` (`deleted`),
  KEY `entity_id` (`entity_id`),
  KEY `revision_id` (`revision_id`),
  KEY `language` (`language`),
  KEY `media_gallery_allow_download_value` (`media_gallery_allow_download_value`)
) ENGINE=InnoDB DEFAULT CHARSET=utf8 COMMENT='Revision archive storage for field 14 (media_gallery...';

-- --------------------------------------------------------

--
-- Структура таблицы `field_revision_media_gallery_block_columns`
--

CREATE TABLE IF NOT EXISTS `field_revision_media_gallery_block_columns` (
  `entity_type` varchar(128) NOT NULL DEFAULT '' COMMENT 'The entity type this data is attached to',
  `bundle` varchar(128) NOT NULL DEFAULT '' COMMENT 'The field instance bundle to which this row belongs, used when deleting a field instance',
  `deleted` tinyint(4) NOT NULL DEFAULT '0' COMMENT 'A boolean indicating whether this data item has been deleted',
  `entity_id` int(10) unsigned NOT NULL COMMENT 'The entity id this data is attached to',
  `revision_id` int(10) unsigned NOT NULL COMMENT 'The entity revision id this data is attached to',
  `language` varchar(32) NOT NULL DEFAULT '' COMMENT 'The language for this data item.',
  `delta` int(10) unsigned NOT NULL COMMENT 'The sequence number for this data item, used for multi-value fields',
  `media_gallery_block_columns_value` float DEFAULT NULL,
  PRIMARY KEY (`entity_type`,`entity_id`,`revision_id`,`deleted`,`delta`,`language`),
  KEY `entity_type` (`entity_type`),
  KEY `bundle` (`bundle`),
  KEY `deleted` (`deleted`),
  KEY `entity_id` (`entity_id`),
  KEY `revision_id` (`revision_id`),
  KEY `language` (`language`),
  KEY `media_gallery_block_columns_value` (`media_gallery_block_columns_value`)
) ENGINE=InnoDB DEFAULT CHARSET=utf8 COMMENT='Revision archive storage for field 16 (media_gallery...';

-- --------------------------------------------------------

--
-- Структура таблицы `field_revision_media_gallery_block_rows`
--

CREATE TABLE IF NOT EXISTS `field_revision_media_gallery_block_rows` (
  `entity_type` varchar(128) NOT NULL DEFAULT '' COMMENT 'The entity type this data is attached to',
  `bundle` varchar(128) NOT NULL DEFAULT '' COMMENT 'The field instance bundle to which this row belongs, used when deleting a field instance',
  `deleted` tinyint(4) NOT NULL DEFAULT '0' COMMENT 'A boolean indicating whether this data item has been deleted',
  `entity_id` int(10) unsigned NOT NULL COMMENT 'The entity id this data is attached to',
  `revision_id` int(10) unsigned NOT NULL COMMENT 'The entity revision id this data is attached to',
  `language` varchar(32) NOT NULL DEFAULT '' COMMENT 'The language for this data item.',
  `delta` int(10) unsigned NOT NULL COMMENT 'The sequence number for this data item, used for multi-value fields',
  `media_gallery_block_rows_value` int(11) DEFAULT NULL,
  PRIMARY KEY (`entity_type`,`entity_id`,`revision_id`,`deleted`,`delta`,`language`),
  KEY `entity_type` (`entity_type`),
  KEY `bundle` (`bundle`),
  KEY `deleted` (`deleted`),
  KEY `entity_id` (`entity_id`),
  KEY `revision_id` (`revision_id`),
  KEY `language` (`language`)
) ENGINE=InnoDB DEFAULT CHARSET=utf8 COMMENT='Revision archive storage for field 17 (media_gallery...';

-- --------------------------------------------------------

--
-- Структура таблицы `field_revision_media_gallery_columns`
--

CREATE TABLE IF NOT EXISTS `field_revision_media_gallery_columns` (
  `entity_type` varchar(128) NOT NULL DEFAULT '' COMMENT 'The entity type this data is attached to',
  `bundle` varchar(128) NOT NULL DEFAULT '' COMMENT 'The field instance bundle to which this row belongs, used when deleting a field instance',
  `deleted` tinyint(4) NOT NULL DEFAULT '0' COMMENT 'A boolean indicating whether this data item has been deleted',
  `entity_id` int(10) unsigned NOT NULL COMMENT 'The entity id this data is attached to',
  `revision_id` int(10) unsigned NOT NULL COMMENT 'The entity revision id this data is attached to',
  `language` varchar(32) NOT NULL DEFAULT '' COMMENT 'The language for this data item.',
  `delta` int(10) unsigned NOT NULL COMMENT 'The sequence number for this data item, used for multi-value fields',
  `media_gallery_columns_value` float DEFAULT NULL,
  PRIMARY KEY (`entity_type`,`entity_id`,`revision_id`,`deleted`,`delta`,`language`),
  KEY `entity_type` (`entity_type`),
  KEY `bundle` (`bundle`),
  KEY `deleted` (`deleted`),
  KEY `entity_id` (`entity_id`),
  KEY `revision_id` (`revision_id`),
  KEY `language` (`language`),
  KEY `media_gallery_columns_value` (`media_gallery_columns_value`)
) ENGINE=InnoDB DEFAULT CHARSET=utf8 COMMENT='Revision archive storage for field 11 (media_gallery...';

-- --------------------------------------------------------

--
-- Структура таблицы `field_revision_media_gallery_description`
--

CREATE TABLE IF NOT EXISTS `field_revision_media_gallery_description` (
  `entity_type` varchar(128) NOT NULL DEFAULT '' COMMENT 'The entity type this data is attached to',
  `bundle` varchar(128) NOT NULL DEFAULT '' COMMENT 'The field instance bundle to which this row belongs, used when deleting a field instance',
  `deleted` tinyint(4) NOT NULL DEFAULT '0' COMMENT 'A boolean indicating whether this data item has been deleted',
  `entity_id` int(10) unsigned NOT NULL COMMENT 'The entity id this data is attached to',
  `revision_id` int(10) unsigned NOT NULL COMMENT 'The entity revision id this data is attached to',
  `language` varchar(32) NOT NULL DEFAULT '' COMMENT 'The language for this data item.',
  `delta` int(10) unsigned NOT NULL COMMENT 'The sequence number for this data item, used for multi-value fields',
  `media_gallery_description_value` longtext,
  `media_gallery_description_format` varchar(255) DEFAULT NULL,
  PRIMARY KEY (`entity_type`,`entity_id`,`revision_id`,`deleted`,`delta`,`language`),
  KEY `entity_type` (`entity_type`),
  KEY `bundle` (`bundle`),
  KEY `deleted` (`deleted`),
  KEY `entity_id` (`entity_id`),
  KEY `revision_id` (`revision_id`),
  KEY `language` (`language`),
  KEY `media_gallery_description_format` (`media_gallery_description_format`)
) ENGINE=InnoDB DEFAULT CHARSET=utf8 COMMENT='Revision archive storage for field 8 (media_gallery...';

-- --------------------------------------------------------

--
-- Структура таблицы `field_revision_media_gallery_expose_block`
--

CREATE TABLE IF NOT EXISTS `field_revision_media_gallery_expose_block` (
  `entity_type` varchar(128) NOT NULL DEFAULT '' COMMENT 'The entity type this data is attached to',
  `bundle` varchar(128) NOT NULL DEFAULT '' COMMENT 'The field instance bundle to which this row belongs, used when deleting a field instance',
  `deleted` tinyint(4) NOT NULL DEFAULT '0' COMMENT 'A boolean indicating whether this data item has been deleted',
  `entity_id` int(10) unsigned NOT NULL COMMENT 'The entity id this data is attached to',
  `revision_id` int(10) unsigned NOT NULL COMMENT 'The entity revision id this data is attached to',
  `language` varchar(32) NOT NULL DEFAULT '' COMMENT 'The language for this data item.',
  `delta` int(10) unsigned NOT NULL COMMENT 'The sequence number for this data item, used for multi-value fields',
  `media_gallery_expose_block_value` int(11) DEFAULT NULL,
  PRIMARY KEY (`entity_type`,`entity_id`,`revision_id`,`deleted`,`delta`,`language`),
  KEY `entity_type` (`entity_type`),
  KEY `bundle` (`bundle`),
  KEY `deleted` (`deleted`),
  KEY `entity_id` (`entity_id`),
  KEY `revision_id` (`revision_id`),
  KEY `language` (`language`),
  KEY `media_gallery_expose_block_value` (`media_gallery_expose_block_value`)
) ENGINE=InnoDB DEFAULT CHARSET=utf8 COMMENT='Revision archive storage for field 15 (media_gallery...';

-- --------------------------------------------------------

--
-- Структура таблицы `field_revision_media_gallery_format`
--

CREATE TABLE IF NOT EXISTS `field_revision_media_gallery_format` (
  `entity_type` varchar(128) NOT NULL DEFAULT '' COMMENT 'The entity type this data is attached to',
  `bundle` varchar(128) NOT NULL DEFAULT '' COMMENT 'The field instance bundle to which this row belongs, used when deleting a field instance',
  `deleted` tinyint(4) NOT NULL DEFAULT '0' COMMENT 'A boolean indicating whether this data item has been deleted',
  `entity_id` int(10) unsigned NOT NULL COMMENT 'The entity id this data is attached to',
  `revision_id` int(10) unsigned NOT NULL COMMENT 'The entity revision id this data is attached to',
  `language` varchar(32) NOT NULL DEFAULT '' COMMENT 'The language for this data item.',
  `delta` int(10) unsigned NOT NULL COMMENT 'The sequence number for this data item, used for multi-value fields',
  `media_gallery_format_value` varchar(255) DEFAULT NULL,
  PRIMARY KEY (`entity_type`,`entity_id`,`revision_id`,`deleted`,`delta`,`language`),
  KEY `entity_type` (`entity_type`),
  KEY `bundle` (`bundle`),
  KEY `deleted` (`deleted`),
  KEY `entity_id` (`entity_id`),
  KEY `revision_id` (`revision_id`),
  KEY `language` (`language`),
  KEY `media_gallery_format_value` (`media_gallery_format_value`)
) ENGINE=InnoDB DEFAULT CHARSET=utf8 COMMENT='Revision archive storage for field 9 (media_gallery_format)';

-- --------------------------------------------------------

--
-- Структура таблицы `field_revision_media_gallery_image_info_where`
--

CREATE TABLE IF NOT EXISTS `field_revision_media_gallery_image_info_where` (
  `entity_type` varchar(128) NOT NULL DEFAULT '' COMMENT 'The entity type this data is attached to',
  `bundle` varchar(128) NOT NULL DEFAULT '' COMMENT 'The field instance bundle to which this row belongs, used when deleting a field instance',
  `deleted` tinyint(4) NOT NULL DEFAULT '0' COMMENT 'A boolean indicating whether this data item has been deleted',
  `entity_id` int(10) unsigned NOT NULL COMMENT 'The entity id this data is attached to',
  `revision_id` int(10) unsigned NOT NULL COMMENT 'The entity revision id this data is attached to',
  `language` varchar(32) NOT NULL DEFAULT '' COMMENT 'The language for this data item.',
  `delta` int(10) unsigned NOT NULL COMMENT 'The sequence number for this data item, used for multi-value fields',
  `media_gallery_image_info_where_value` varchar(255) DEFAULT NULL,
  PRIMARY KEY (`entity_type`,`entity_id`,`revision_id`,`deleted`,`delta`,`language`),
  KEY `entity_type` (`entity_type`),
  KEY `bundle` (`bundle`),
  KEY `deleted` (`deleted`),
  KEY `entity_id` (`entity_id`),
  KEY `revision_id` (`revision_id`),
  KEY `language` (`language`),
  KEY `media_gallery_image_info_where_value` (`media_gallery_image_info_where_value`)
) ENGINE=InnoDB DEFAULT CHARSET=utf8 COMMENT='Revision archive storage for field 13 (media_gallery...';

-- --------------------------------------------------------

--
-- Структура таблицы `field_revision_media_gallery_lightbox_extras`
--

CREATE TABLE IF NOT EXISTS `field_revision_media_gallery_lightbox_extras` (
  `entity_type` varchar(128) NOT NULL DEFAULT '' COMMENT 'The entity type this data is attached to',
  `bundle` varchar(128) NOT NULL DEFAULT '' COMMENT 'The field instance bundle to which this row belongs, used when deleting a field instance',
  `deleted` tinyint(4) NOT NULL DEFAULT '0' COMMENT 'A boolean indicating whether this data item has been deleted',
  `entity_id` int(10) unsigned NOT NULL COMMENT 'The entity id this data is attached to',
  `revision_id` int(10) unsigned NOT NULL COMMENT 'The entity revision id this data is attached to',
  `language` varchar(32) NOT NULL DEFAULT '' COMMENT 'The language for this data item.',
  `delta` int(10) unsigned NOT NULL COMMENT 'The sequence number for this data item, used for multi-value fields',
  `media_gallery_lightbox_extras_value` int(11) DEFAULT NULL,
  PRIMARY KEY (`entity_type`,`entity_id`,`revision_id`,`deleted`,`delta`,`language`),
  KEY `entity_type` (`entity_type`),
  KEY `bundle` (`bundle`),
  KEY `deleted` (`deleted`),
  KEY `entity_id` (`entity_id`),
  KEY `revision_id` (`revision_id`),
  KEY `language` (`language`),
  KEY `media_gallery_lightbox_extras_value` (`media_gallery_lightbox_extras_value`)
) ENGINE=InnoDB DEFAULT CHARSET=utf8 COMMENT='Revision archive storage for field 10 (media_gallery...';

-- --------------------------------------------------------

--
-- Структура таблицы `field_revision_media_gallery_media`
--

CREATE TABLE IF NOT EXISTS `field_revision_media_gallery_media` (
  `entity_type` varchar(128) NOT NULL DEFAULT '' COMMENT 'The entity type this data is attached to',
  `bundle` varchar(128) NOT NULL DEFAULT '' COMMENT 'The field instance bundle to which this row belongs, used when deleting a field instance',
  `deleted` tinyint(4) NOT NULL DEFAULT '0' COMMENT 'A boolean indicating whether this data item has been deleted',
  `entity_id` int(10) unsigned NOT NULL COMMENT 'The entity id this data is attached to',
  `revision_id` int(10) unsigned NOT NULL COMMENT 'The entity revision id this data is attached to',
  `language` varchar(32) NOT NULL DEFAULT '' COMMENT 'The language for this data item.',
  `delta` int(10) unsigned NOT NULL COMMENT 'The sequence number for this data item, used for multi-value fields',
  `media_gallery_media_fid` int(10) unsigned DEFAULT NULL,
  `media_gallery_media_title` varchar(255) DEFAULT NULL,
  `media_gallery_media_data` longtext,
  PRIMARY KEY (`entity_type`,`entity_id`,`revision_id`,`deleted`,`delta`,`language`),
  KEY `entity_type` (`entity_type`),
  KEY `bundle` (`bundle`),
  KEY `deleted` (`deleted`),
  KEY `entity_id` (`entity_id`),
  KEY `revision_id` (`revision_id`),
  KEY `language` (`language`),
  KEY `media_gallery_media_fid` (`media_gallery_media_fid`)
) ENGINE=InnoDB DEFAULT CHARSET=utf8 COMMENT='Revision archive storage for field 7 (media_gallery_media)';

-- --------------------------------------------------------

--
-- Структура таблицы `field_revision_media_gallery_rows`
--

CREATE TABLE IF NOT EXISTS `field_revision_media_gallery_rows` (
  `entity_type` varchar(128) NOT NULL DEFAULT '' COMMENT 'The entity type this data is attached to',
  `bundle` varchar(128) NOT NULL DEFAULT '' COMMENT 'The field instance bundle to which this row belongs, used when deleting a field instance',
  `deleted` tinyint(4) NOT NULL DEFAULT '0' COMMENT 'A boolean indicating whether this data item has been deleted',
  `entity_id` int(10) unsigned NOT NULL COMMENT 'The entity id this data is attached to',
  `revision_id` int(10) unsigned NOT NULL COMMENT 'The entity revision id this data is attached to',
  `language` varchar(32) NOT NULL DEFAULT '' COMMENT 'The language for this data item.',
  `delta` int(10) unsigned NOT NULL COMMENT 'The sequence number for this data item, used for multi-value fields',
  `media_gallery_rows_value` int(11) DEFAULT NULL,
  PRIMARY KEY (`entity_type`,`entity_id`,`revision_id`,`deleted`,`delta`,`language`),
  KEY `entity_type` (`entity_type`),
  KEY `bundle` (`bundle`),
  KEY `deleted` (`deleted`),
  KEY `entity_id` (`entity_id`),
  KEY `revision_id` (`revision_id`),
  KEY `language` (`language`)
) ENGINE=InnoDB DEFAULT CHARSET=utf8 COMMENT='Revision archive storage for field 12 (media_gallery_rows)';

-- --------------------------------------------------------

--
-- Структура таблицы `field_revision_media_title`
--

CREATE TABLE IF NOT EXISTS `field_revision_media_title` (
  `entity_type` varchar(128) NOT NULL DEFAULT '' COMMENT 'The entity type this data is attached to',
  `bundle` varchar(128) NOT NULL DEFAULT '' COMMENT 'The field instance bundle to which this row belongs, used when deleting a field instance',
  `deleted` tinyint(4) NOT NULL DEFAULT '0' COMMENT 'A boolean indicating whether this data item has been deleted',
  `entity_id` int(10) unsigned NOT NULL COMMENT 'The entity id this data is attached to',
  `revision_id` int(10) unsigned NOT NULL COMMENT 'The entity revision id this data is attached to',
  `language` varchar(32) NOT NULL DEFAULT '' COMMENT 'The language for this data item.',
  `delta` int(10) unsigned NOT NULL COMMENT 'The sequence number for this data item, used for multi-value fields',
  `media_title_value` varchar(255) DEFAULT NULL,
  `media_title_format` varchar(255) DEFAULT NULL,
  PRIMARY KEY (`entity_type`,`entity_id`,`revision_id`,`deleted`,`delta`,`language`),
  KEY `entity_type` (`entity_type`),
  KEY `bundle` (`bundle`),
  KEY `deleted` (`deleted`),
  KEY `entity_id` (`entity_id`),
  KEY `revision_id` (`revision_id`),
  KEY `language` (`language`),
  KEY `media_title_format` (`media_title_format`)
) ENGINE=InnoDB DEFAULT CHARSET=utf8 COMMENT='Revision archive storage for field 20 (media_title)';

-- --------------------------------------------------------

--
-- Структура таблицы `file_display`
--

CREATE TABLE IF NOT EXISTS `file_display` (
  `name` varchar(255) NOT NULL COMMENT 'A combined string (FILE_TYPE__VIEW_MODE__FILE_FORMATTER) identifying a file display configuration. For integration with CTools Exportables, stored as a single string rather than as a compound primary key.',
  `weight` int(11) NOT NULL DEFAULT '0' COMMENT 'Weight of formatter within the display chain for the associated file type and view mode. A file is rendered using the lowest weighted enabled display configuration that matches the file type and view mode and that is capable of displaying the file.',
  `status` tinyint(3) unsigned NOT NULL DEFAULT '0' COMMENT 'The status of the display. (1 = enabled, 0 = disabled)',
  `settings` longblob COMMENT 'A serialized array of name value pairs that store the formatter settings for the display.',
  PRIMARY KEY (`name`)
) ENGINE=InnoDB DEFAULT CHARSET=utf8 COMMENT='Stores configuration options for file displays.';

-- --------------------------------------------------------

--
-- Структура таблицы `file_effects`
--

CREATE TABLE IF NOT EXISTS `file_effects` (
  `meid` int(10) unsigned NOT NULL AUTO_INCREMENT COMMENT 'The primary identifier for an file effect.',
  `msid` int(10) unsigned NOT NULL DEFAULT '0' COMMENT 'The file_styles.isid for a file style.',
  `weight` int(11) NOT NULL DEFAULT '0' COMMENT 'The weight of the effect in the style.',
  `name` varchar(255) NOT NULL COMMENT 'The unique name of the effect to be executed.',
  `data` longtext NOT NULL COMMENT 'The configuration data for the effect.',
  PRIMARY KEY (`meid`),
  KEY `msid` (`msid`),
  KEY `weight` (`weight`)
) ENGINE=InnoDB DEFAULT CHARSET=utf8 COMMENT='Stores configuration options for file effects.' AUTO_INCREMENT=1 ;

-- --------------------------------------------------------

--
-- Структура таблицы `file_managed`
--

CREATE TABLE IF NOT EXISTS `file_managed` (
  `fid` int(10) unsigned NOT NULL AUTO_INCREMENT COMMENT 'File ID.',
  `uid` int(10) unsigned NOT NULL DEFAULT '0' COMMENT 'The users.uid of the user who is associated with the file.',
  `filename` varchar(255) NOT NULL DEFAULT '' COMMENT 'Name of the file with no path components. This may differ from the basename of the URI if the file is renamed to avoid overwriting an existing file.',
  `uri` varchar(255) CHARACTER SET utf8 COLLATE utf8_bin NOT NULL DEFAULT '' COMMENT 'The URI to access the file (either local or remote).',
  `filemime` varchar(255) NOT NULL DEFAULT '' COMMENT 'The file’s MIME type.',
  `filesize` bigint(20) unsigned NOT NULL DEFAULT '0' COMMENT 'The size of the file in bytes.',
  `status` tinyint(4) NOT NULL DEFAULT '0' COMMENT 'A field indicating the status of the file. Two status are defined in core: temporary (0) and permanent (1). Temporary files older than DRUPAL_MAXIMUM_TEMP_FILE_AGE will be removed during a cron run.',
  `timestamp` int(10) unsigned NOT NULL DEFAULT '0' COMMENT 'UNIX timestamp for when the file was added.',
  `type` varchar(50) NOT NULL DEFAULT 'undefined' COMMENT 'The type of this file.',
  PRIMARY KEY (`fid`),
  UNIQUE KEY `uri` (`uri`),
  KEY `uid` (`uid`),
  KEY `status` (`status`),
  KEY `timestamp` (`timestamp`),
  KEY `file_type` (`type`)
) ENGINE=InnoDB  DEFAULT CHARSET=utf8 COMMENT='Stores information for uploaded files.' AUTO_INCREMENT=555 ;

--
-- Дамп данных таблицы `file_managed`
--

INSERT INTO `file_managed` (`fid`, `uid`, `filename`, `uri`, `filemime`, `filesize`, `status`, `timestamp`, `type`) VALUES
(83, 1, 'QuickStartPackage.png', 'public://imageblock/QuickStartPackage.png', 'image/png', 50568, 1, 1377166291, 'image'),
(84, 1, 'responsive-theme.png', 'public://imageblock/responsive-theme.png', 'image/png', 52967, 1, 1377167367, 'image'),
(96, 1, 'favicon.ico', 'temporary://favicon.ico', 'image/vnd.microsoft.icon', 1115, 0, 1380886677, 'image'),
(97, 1, 'logo.png', 'temporary://logo.png', 'image/png', 5029, 0, 1381137401, 'image'),
(99, 1, 'logo.png', 'temporary://logo_0.png', 'image/png', 5029, 0, 1381137417, 'image'),
(100, 1, 'favicon.ico', 'temporary://favicon_5.ico', 'image/vnd.microsoft.icon', 1115, 0, 1381137417, 'image'),
(164, 1, 'logo.png', 'temporary://logo_1.png', 'image/png', 2026, 0, 1391423710, 'image'),
(259, 1, 'logo.png', 'temporary://logo_2.png', 'image/png', 835, 0, 1395828609, 'image'),
(260, 1, 'logo.png', 'temporary://logo_3.png', 'image/png', 835, 0, 1395830095, 'image'),
(272, 1, '1920.jpg', 'public://1920.jpg', 'image/jpeg', 20369, 0, 1426786103, 'image'),
(282, 1, '1.jpg', 'public://1_0.jpg', 'image/jpeg', 24238, 0, 1427114977, 'image'),
(378, 1, 'less-7.x-4.0.zip', 'temporary://less-7.x-4.0.zip', 'application/zip', 57915, 0, 1429004947, 'default'),
(379, 1, 'libraries-7.x-2.2.zip', 'temporary://libraries-7.x-2.2.zip', 'application/zip', 46858, 0, 1429005023, 'default'),
(455, 1, 'bg_slider.jpg', 'public://bg_slider_0.jpg', 'image/jpeg', 185063, 0, 1432133552, 'image'),
(475, 1, 'gmap-7.x-2.9.zip', 'temporary://gmap-7.x-2.9.zip', 'application/zip', 295350, 0, 1432805172, 'default'),
(476, 1, 'gmap_markers.js', 'public://js/gmap_markers.js', 'application/x-javascript', 4202, 1, 1436531987, 'default'),
(477, 1, 'location-7.x-3.6.zip', 'temporary://location-7.x-3.6.zip', 'application/zip', 2070308, 0, 1432812384, 'default'),
(478, 1, '6.jpg', 'public://6.jpg', 'image/jpeg', 15791, 0, 1433254599, 'image'),
(487, 1, 'search_api-7.x-1.15.zip', 'temporary://search_api-7.x-1.15.zip', 'application/zip', 234712, 0, 1433505251, 'default'),
(488, 1, 'search_api_db-7.x-1.4.zip', 'temporary://search_api_db-7.x-1.4.zip', 'application/zip', 39053, 0, 1433505266, 'default'),
(489, 1, 'facetapi-7.x-1.5.zip', 'temporary://facetapi-7.x-1.5.zip', 'application/zip', 118690, 0, 1433505280, 'default'),
(490, 1, 'entity-7.x-1.6.zip', 'temporary://entity-7.x-1.6.zip', 'application/zip', 154391, 0, 1433505604, 'default'),
(514, 1, 'search_api_ranges-7.x-1.5.zip', 'temporary://search_api_ranges-7.x-1.5.zip', 'application/zip', 27705, 0, 1434633034, 'default'),
(521, 1, 'colorbox-7.x-2.9.zip', 'temporary://colorbox-7.x-2.9.zip', 'application/zip', 180942, 0, 1435334315, 'default'),
(522, 1, 'jquery_update-7.x-3.0-alpha2.zip', 'temporary://jquery_update-7.x-3.0-alpha2.zip', 'application/zip', 1746791, 0, 1435827700, 'default'),
(527, 1, '1980x1088.jpg', 'public://1980x1088.jpg', 'image/jpeg', 60924, 1, 1436191447, 'image'),
(529, 1, '1980x1088.jpg', 'public://1980x1088_0.jpg', 'image/jpeg', 60924, 1, 1436191476, 'image'),
(530, 1, '1980x880.jpg', 'public://1980x880.jpg', 'image/jpeg', 60924, 1, 1436191509, 'image'),
(531, 1, '1980x880.jpg', 'public://1980x880_0.jpg', 'image/jpeg', 60924, 1, 1436191525, 'image'),
(532, 1, '1980x880.jpg', 'public://1980x880_1.jpg', 'image/jpeg', 60924, 1, 1436191553, 'image'),
(533, 1, '1980x880.jpg', 'public://1980x880_2.jpg', 'image/jpeg', 60924, 1, 1436191621, 'image'),
(534, 1, '1980x880.jpg', 'public://1980x880_3.jpg', 'image/jpeg', 60924, 1, 1436191621, 'image'),
(535, 1, '1980x880.jpg', 'public://1980x880_4.jpg', 'image/jpeg', 60924, 1, 1436191662, 'image'),
(536, 1, '1980x880.jpg', 'public://1980x880_5.jpg', 'image/jpeg', 60924, 1, 1436191662, 'image'),
(537, 1, '1980x880.jpg', 'public://1980x880_6.jpg', 'image/jpeg', 60924, 1, 1436191662, 'image'),
(538, 1, '1980x880.jpg', 'public://1980x880_7.jpg', 'image/jpeg', 60924, 1, 1436191703, 'image'),
(539, 1, '1980x880.jpg', 'public://1980x880_8.jpg', 'image/jpeg', 60924, 1, 1436191703, 'image'),
(540, 1, '1980x880.jpg', 'public://1980x880_9.jpg', 'image/jpeg', 60924, 1, 1436191733, 'image'),
(541, 1, '1980x880.jpg', 'public://1980x880_10.jpg', 'image/jpeg', 60924, 1, 1436191733, 'image'),
(542, 1, '1980x880.jpg', 'public://1980x880_11.jpg', 'image/jpeg', 60924, 1, 1436191770, 'image'),
(543, 1, '1980x880.jpg', 'public://1980x880_12.jpg', 'image/jpeg', 60924, 1, 1436191770, 'image'),
(544, 1, '1980x880.jpg', 'public://1980x880_13.jpg', 'image/jpeg', 60924, 1, 1436191798, 'image'),
(545, 1, '1980x880.jpg', 'public://1980x880_14.jpg', 'image/jpeg', 60924, 1, 1436191798, 'image'),
(546, 1, '260x350.jpg', 'public://260x350.jpg', 'image/jpeg', 4915, 1, 1436191991, 'image'),
(547, 1, '260x350.jpg', 'public://260x350_0.jpg', 'image/jpeg', 4915, 1, 1436192008, 'image'),
(548, 1, '260x350.jpg', 'public://260x350_1.jpg', 'image/jpeg', 4915, 1, 1436192025, 'image'),
(549, 1, '260x350.jpg', 'public://260x350_2.jpg', 'image/jpeg', 4915, 1, 1436192042, 'image'),
(550, 1, '1980x880.jpg', 'public://1980x880_15.jpg', 'image/jpeg', 60924, 1, 1436192086, 'image'),
(551, 1, 'picture-35-1436192750.jpg', 'public://pictures/picture-35-1436192750.jpg', 'image/jpeg', 4915, 1, 1436192750, 'image'),
(552, 1, 'picture-36-1436192765.jpg', 'public://pictures/picture-36-1436192765.jpg', 'image/jpeg', 4915, 1, 1436192765, 'image'),
(553, 1, 'picture-37-1436192778.jpg', 'public://pictures/picture-37-1436192778.jpg', 'image/jpeg', 4915, 1, 1436192778, 'image'),
(554, 1, 'picture-38-1436192792.jpg', 'public://pictures/picture-38-1436192792.jpg', 'image/jpeg', 4915, 1, 1436192792, 'image');

-- --------------------------------------------------------

--
-- Структура таблицы `file_styles`
--

CREATE TABLE IF NOT EXISTS `file_styles` (
  `msid` int(10) unsigned NOT NULL AUTO_INCREMENT COMMENT 'The primary identifier for a file style.',
  `name` varchar(255) NOT NULL COMMENT 'The style name.',
  PRIMARY KEY (`msid`),
  KEY `name` (`name`)
) ENGINE=InnoDB DEFAULT CHARSET=utf8 COMMENT='Stores configuration options for file styles.' AUTO_INCREMENT=1 ;

-- --------------------------------------------------------

--
-- Структура таблицы `file_usage`
--

CREATE TABLE IF NOT EXISTS `file_usage` (
  `fid` int(10) unsigned NOT NULL COMMENT 'File ID.',
  `module` varchar(255) NOT NULL DEFAULT '' COMMENT 'The name of the module that is using the file.',
  `type` varchar(64) NOT NULL DEFAULT '' COMMENT 'The name of the object type in which the file is used.',
  `id` int(10) unsigned NOT NULL DEFAULT '0' COMMENT 'The primary key of the object using the file.',
  `count` int(10) unsigned NOT NULL DEFAULT '0' COMMENT 'The number of times this file is used by this object.',
  PRIMARY KEY (`fid`,`type`,`id`,`module`),
  KEY `type_id` (`type`,`id`),
  KEY `fid_count` (`fid`,`count`),
  KEY `fid_module` (`fid`,`module`)
) ENGINE=InnoDB DEFAULT CHARSET=utf8 COMMENT='Track where a file is used.';

--
-- Дамп данных таблицы `file_usage`
--

INSERT INTO `file_usage` (`fid`, `module`, `type`, `id`, `count`) VALUES
(7, 'image', 'default_image', 5, 1),
(83, 'imageblock', 'imageblock', 16, 1),
(84, 'imageblock', 'imageblock', 17, 1),
(527, 'file', 'node', 19, 1),
(529, 'file', 'node', 20, 1),
(530, 'file', 'node', 21, 1),
(531, 'file', 'node', 22, 1),
(532, 'file', 'node', 35, 1),
(533, 'file', 'node', 35, 1),
(534, 'file', 'node', 35, 1),
(535, 'file', 'node', 39, 1),
(536, 'file', 'node', 39, 1),
(537, 'file', 'node', 39, 1),
(538, 'file', 'node', 36, 1),
(539, 'file', 'node', 36, 1),
(540, 'file', 'node', 34, 1),
(541, 'file', 'node', 34, 1),
(542, 'file', 'node', 38, 1),
(543, 'file', 'node', 38, 1),
(544, 'file', 'node', 37, 1),
(545, 'file', 'node', 37, 1),
(546, 'file', 'node', 14, 1),
(547, 'file', 'node', 13, 1),
(548, 'file', 'node', 12, 1),
(549, 'file', 'node', 15, 1),
(550, 'file', 'node', 23, 1),
(551, 'user', 'user', 35, 1),
(552, 'user', 'user', 36, 1),
(553, 'user', 'user', 37, 1),
(554, 'user', 'user', 38, 1);

-- --------------------------------------------------------

--
-- Структура таблицы `filter`
--

CREATE TABLE IF NOT EXISTS `filter` (
  `format` varchar(255) NOT NULL COMMENT 'Foreign key: The filter_format.format to which this filter is assigned.',
  `module` varchar(64) NOT NULL DEFAULT '' COMMENT 'The origin module of the filter.',
  `name` varchar(32) NOT NULL DEFAULT '' COMMENT 'Name of the filter being referenced.',
  `weight` int(11) NOT NULL DEFAULT '0' COMMENT 'Weight of filter within format.',
  `status` int(11) NOT NULL DEFAULT '0' COMMENT 'Filter enabled status. (1 = enabled, 0 = disabled)',
  `settings` longblob COMMENT 'A serialized array of name value pairs that store the filter settings for the specific format.',
  PRIMARY KEY (`format`,`name`),
  KEY `list` (`weight`,`module`,`name`)
) ENGINE=InnoDB DEFAULT CHARSET=utf8 COMMENT='Table that maps filters (HTML corrector) to text formats ...';

--
-- Дамп данных таблицы `filter`
--

INSERT INTO `filter` (`format`, `module`, `name`, `weight`, `status`, `settings`) VALUES
('filtered_html', 'filter', 'filter_autop', 2, 1, 0x613a303a7b7d),
('filtered_html', 'filter', 'filter_html', 1, 1, 0x613a333a7b733a31323a22616c6c6f7765645f68746d6c223b733a37343a223c613e203c656d3e203c7374726f6e673e203c636974653e203c626c6f636b71756f74653e203c636f64653e203c756c3e203c6f6c3e203c6c693e203c646c3e203c64743e203c64643e223b733a31363a2266696c7465725f68746d6c5f68656c70223b693a313b733a32303a2266696c7465725f68746d6c5f6e6f666f6c6c6f77223b693a303b7d),
('filtered_html', 'filter', 'filter_htmlcorrector', 10, 1, 0x613a303a7b7d),
('filtered_html', 'filter', 'filter_html_escape', -10, 0, 0x613a303a7b7d),
('filtered_html', 'filter', 'filter_url', 0, 1, 0x613a313a7b733a31373a2266696c7465725f75726c5f6c656e677468223b693a37323b7d),
('full_html', 'filter', 'filter_autop', 1, 1, 0x613a303a7b7d),
('full_html', 'filter', 'filter_html', -10, 0, 0x613a333a7b733a31323a22616c6c6f7765645f68746d6c223b733a37343a223c613e203c656d3e203c7374726f6e673e203c636974653e203c626c6f636b71756f74653e203c636f64653e203c756c3e203c6f6c3e203c6c693e203c646c3e203c64743e203c64643e223b733a31363a2266696c7465725f68746d6c5f68656c70223b693a313b733a32303a2266696c7465725f68746d6c5f6e6f666f6c6c6f77223b693a303b7d),
('full_html', 'filter', 'filter_htmlcorrector', 10, 1, 0x613a303a7b7d),
('full_html', 'filter', 'filter_html_escape', -10, 0, 0x613a303a7b7d),
('full_html', 'filter', 'filter_url', 0, 1, 0x613a313a7b733a31373a2266696c7465725f75726c5f6c656e677468223b693a37323b7d),
('plain_text', 'filter', 'filter_autop', 2, 1, 0x613a303a7b7d),
('plain_text', 'filter', 'filter_html', -10, 0, 0x613a333a7b733a31323a22616c6c6f7765645f68746d6c223b733a37343a223c613e203c656d3e203c7374726f6e673e203c636974653e203c626c6f636b71756f74653e203c636f64653e203c756c3e203c6f6c3e203c6c693e203c646c3e203c64743e203c64643e223b733a31363a2266696c7465725f68746d6c5f68656c70223b693a313b733a32303a2266696c7465725f68746d6c5f6e6f666f6c6c6f77223b693a303b7d),
('plain_text', 'filter', 'filter_htmlcorrector', 10, 0, 0x613a303a7b7d),
('plain_text', 'filter', 'filter_html_escape', 0, 1, 0x613a303a7b7d),
('plain_text', 'filter', 'filter_url', 1, 1, 0x613a313a7b733a31373a2266696c7465725f75726c5f6c656e677468223b693a37323b7d);

-- --------------------------------------------------------

--
-- Структура таблицы `filter_format`
--

CREATE TABLE IF NOT EXISTS `filter_format` (
  `format` varchar(255) NOT NULL COMMENT 'Primary Key: Unique machine name of the format.',
  `name` varchar(255) NOT NULL DEFAULT '' COMMENT 'Name of the text format (Filtered HTML).',
  `cache` tinyint(4) NOT NULL DEFAULT '0' COMMENT 'Flag to indicate whether format is cacheable. (1 = cacheable, 0 = not cacheable)',
  `status` tinyint(3) unsigned NOT NULL DEFAULT '1' COMMENT 'The status of the text format. (1 = enabled, 0 = disabled)',
  `weight` int(11) NOT NULL DEFAULT '0' COMMENT 'Weight of text format to use when listing.',
  PRIMARY KEY (`format`),
  UNIQUE KEY `name` (`name`),
  KEY `status_weight` (`status`,`weight`)
) ENGINE=InnoDB DEFAULT CHARSET=utf8 COMMENT='Stores text formats: custom groupings of filters, such as...';

--
-- Дамп данных таблицы `filter_format`
--

INSERT INTO `filter_format` (`format`, `name`, `cache`, `status`, `weight`) VALUES
('filtered_html', 'Filtered HTML', 1, 1, 0),
('full_html', 'Full HTML', 1, 1, 1),
('plain_text', 'Plain text', 1, 1, 10);

-- --------------------------------------------------------

--
-- Структура таблицы `flood`
--

CREATE TABLE IF NOT EXISTS `flood` (
  `fid` int(11) NOT NULL AUTO_INCREMENT COMMENT 'Unique flood event ID.',
  `event` varchar(64) NOT NULL DEFAULT '' COMMENT 'Name of event (e.g. contact).',
  `identifier` varchar(128) NOT NULL DEFAULT '' COMMENT 'Identifier of the visitor, such as an IP address or hostname.',
  `timestamp` int(11) NOT NULL DEFAULT '0' COMMENT 'Timestamp of the event.',
  `expiration` int(11) NOT NULL DEFAULT '0' COMMENT 'Expiration timestamp. Expired events are purged on cron run.',
  PRIMARY KEY (`fid`),
  KEY `allow` (`event`,`identifier`,`timestamp`),
  KEY `purge` (`expiration`)
) ENGINE=InnoDB  DEFAULT CHARSET=utf8 COMMENT='Flood controls the threshold of events, such as the...' AUTO_INCREMENT=233 ;

--
-- Дамп данных таблицы `flood`
--

INSERT INTO `flood` (`fid`, `event`, `identifier`, `timestamp`, `expiration`) VALUES
(1, 'failed_login_attempt_ip', '::1', 1391696788, 1391700388),
(2, 'failed_login_attempt_ip', '::1', 1391697578, 1391701178),
(3, 'failed_login_attempt_ip', '::1', 1391697686, 1391701286),
(4, 'failed_login_attempt_ip', '::1', 1391697702, 1391701302),
(5, 'less_devel_warning', '127.0.0.1', 1429005433, 1429009033),
(6, 'less_devel_warning', '127.0.0.1', 1429009102, 1429012702),
(7, 'less_devel_warning', '127.0.0.1', 1429018373, 1429021973),
(8, 'less_devel_warning', '127.0.0.1', 1429170659, 1429174259),
(9, 'less_devel_warning', '127.0.0.1', 1429174810, 1429178410),
(10, 'less_devel_warning', '127.0.0.1', 1429178681, 1429182281),
(11, 'less_devel_warning', '127.0.0.1', 1429182823, 1429186423),
(12, 'less_devel_warning', '127.0.0.1', 1429188273, 1429191873),
(13, 'less_devel_warning', '127.0.0.1', 1429192530, 1429196130),
(14, 'less_devel_warning', '127.0.0.1', 1429277874, 1429281474),
(15, 'less_devel_warning', '127.0.0.1', 1429520557, 1429524157),
(16, 'less_devel_warning', '127.0.0.1', 1429530553, 1429534153),
(17, 'less_devel_warning', '127.0.0.1', 1429534635, 1429538235),
(18, 'less_devel_warning', '127.0.0.1', 1429613029, 1429616629),
(19, 'less_devel_warning', '127.0.0.1', 1429774297, 1429777897),
(20, 'less_devel_warning', '127.0.0.1', 1430208187, 1430211787),
(21, 'less_devel_warning', '127.0.0.1', 1430211857, 1430215457),
(22, 'less_devel_warning', '127.0.0.1', 1430220409, 1430224009),
(23, 'less_devel_warning', '127.0.0.1', 1430294635, 1430298235),
(24, 'less_devel_warning', '127.0.0.1', 1430314424, 1430318024),
(25, 'less_devel_warning', '127.0.0.1', 1430318043, 1430321643),
(26, 'less_devel_warning', '127.0.0.1', 1430380833, 1430384433),
(27, 'less_devel_warning', '127.0.0.1', 1430385045, 1430388645),
(28, 'less_devel_warning', '127.0.0.1', 1430464399, 1430467999),
(29, 'less_devel_warning', '127.0.0.1', 1430469445, 1430473045),
(30, 'less_devel_warning', '127.0.0.1', 1430896814, 1430900414),
(31, 'less_devel_warning', '127.0.0.1', 1430921480, 1430925080),
(32, 'less_devel_warning', '127.0.0.1', 1430985724, 1430989324),
(33, 'less_devel_warning', '127.0.0.1', 1430996465, 1431000065),
(34, 'less_devel_warning', '127.0.0.1', 1431001066, 1431004666),
(35, 'less_devel_warning', '127.0.0.1', 1431005216, 1431008816),
(36, 'contact', '127.0.0.1', 1431007830, 1431011430),
(37, 'less_devel_warning', '127.0.0.1', 1431071811, 1431075411),
(38, 'less_devel_warning', '127.0.0.1', 1431071816, 1431075416),
(39, 'less_devel_warning', '127.0.0.1', 1431075519, 1431079119),
(40, 'less_devel_warning', '127.0.0.1', 1431086710, 1431090310),
(41, 'less_devel_warning', '127.0.0.1', 1431101495, 1431105095),
(42, 'less_devel_warning', '127.0.0.1', 1431407873, 1431411473),
(43, 'less_devel_warning', '127.0.0.1', 1431413184, 1431416784),
(44, 'less_devel_warning', '127.0.0.1', 1431493390, 1431496990),
(45, 'less_devel_warning', '127.0.0.1', 1431493390, 1431496990),
(46, 'less_devel_warning', '127.0.0.1', 1431497770, 1431501370),
(47, 'less_devel_warning', '127.0.0.1', 1431502384, 1431505984),
(48, 'less_devel_warning', '127.0.0.1', 1431506095, 1431509695),
(49, 'less_devel_warning', '127.0.0.1', 1431510838, 1431514438),
(50, 'less_devel_warning', '127.0.0.1', 1431515380, 1431518980),
(51, 'less_devel_warning', '127.0.0.1', 1431518997, 1431522597),
(52, 'less_devel_warning', '127.0.0.1', 1431522786, 1431526386),
(53, 'less_devel_warning', '127.0.0.1', 1431529014, 1431532614),
(54, 'less_devel_warning', '127.0.0.1', 1431590283, 1431593883),
(55, 'less_devel_warning', '127.0.0.1', 1431593965, 1431597565),
(56, 'less_devel_warning', '127.0.0.1', 1431597626, 1431601226),
(57, 'less_devel_warning', '127.0.0.1', 1431602741, 1431606341),
(58, 'less_devel_warning', '127.0.0.1', 1431607379, 1431610979),
(59, 'less_devel_warning', '127.0.0.1', 1431618741, 1431622341),
(60, 'less_devel_warning', '127.0.0.1', 1431618740, 1431622340),
(61, 'less_devel_warning', '127.0.0.1', 1431676803, 1431680403),
(62, 'less_devel_warning', '127.0.0.1', 1431680833, 1431684433),
(63, 'less_devel_warning', '127.0.0.1', 1431687016, 1431690616),
(64, 'less_devel_warning', '127.0.0.1', 1431690665, 1431694265),
(65, 'less_devel_warning', '127.0.0.1', 1431695613, 1431699213),
(66, 'less_devel_warning', '127.0.0.1', 1431699677, 1431703277),
(67, 'less_devel_warning', '127.0.0.1', 1431705273, 1431708873),
(68, 'less_devel_warning', '127.0.0.1', 1431938188, 1431941788),
(69, 'less_devel_warning', '127.0.0.1', 1431941813, 1431945413),
(70, 'less_devel_warning', '127.0.0.1', 1431947466, 1431951066),
(71, 'less_devel_warning', '127.0.0.1', 1431953178, 1431956778),
(72, 'less_devel_warning', '127.0.0.1', 1432011841, 1432015441),
(73, 'less_devel_warning', '127.0.0.1', 1432015898, 1432019498),
(74, 'less_devel_warning', '127.0.0.1', 1432020626, 1432024226),
(75, 'less_devel_warning', '127.0.0.1', 1432024855, 1432028455),
(76, 'less_devel_warning', '127.0.0.1', 1432028641, 1432032241),
(77, 'less_devel_warning', '127.0.0.1', 1432032967, 1432036567),
(78, 'less_devel_warning', '127.0.0.1', 1432036605, 1432040205),
(79, 'less_devel_warning', '127.0.0.1', 1432040448, 1432044048),
(80, 'less_devel_warning', '127.0.0.1', 1432098302, 1432101902),
(81, 'less_devel_warning', '127.0.0.1', 1432101932, 1432105532),
(82, 'less_devel_warning', '127.0.0.1', 1432105835, 1432109435),
(83, 'less_devel_warning', '127.0.0.1', 1432110028, 1432113628),
(84, 'less_devel_warning', '127.0.0.1', 1432131800, 1432135400),
(85, 'less_devel_warning', '127.0.0.1', 1432135654, 1432139254),
(86, 'less_devel_warning', '127.0.0.1', 1432141373, 1432144973),
(87, 'less_devel_warning', '127.0.0.1', 1432293965, 1432297565),
(88, 'less_devel_warning', '127.0.0.1', 1432305856, 1432309456),
(89, 'less_devel_warning', '127.0.0.1', 1432541504, 1432545104),
(90, 'less_devel_warning', '127.0.0.1', 1432552372, 1432555972),
(91, 'less_devel_warning', '127.0.0.1', 1432558144, 1432561744),
(92, 'less_devel_warning', '127.0.0.1', 1432563285, 1432566885),
(93, 'less_devel_warning', '127.0.0.1', 1432624086, 1432627686),
(94, 'less_devel_warning', '127.0.0.1', 1432627815, 1432631415),
(95, 'less_devel_warning', '127.0.0.1', 1432631598, 1432635198),
(96, 'less_devel_warning', '127.0.0.1', 1432637689, 1432641289),
(97, 'less_devel_warning', '127.0.0.1', 1432641289, 1432644889),
(98, 'less_devel_warning', '127.0.0.1', 1432711190, 1432714790),
(99, 'less_devel_warning', '127.0.0.1', 1432714872, 1432718472),
(100, 'less_devel_warning', '127.0.0.1', 1432718762, 1432722362),
(101, 'less_devel_warning', '127.0.0.1', 1432723131, 1432726731),
(102, 'less_devel_warning', '127.0.0.1', 1432727298, 1432730898),
(103, 'less_devel_warning', '127.0.0.1', 1432730904, 1432734504),
(104, 'less_devel_warning', '127.0.0.1', 1432734504, 1432738104),
(105, 'less_devel_warning', '127.0.0.1', 1432800407, 1432804007),
(106, 'less_devel_warning', '127.0.0.1', 1432805112, 1432808712),
(107, 'less_devel_warning', '127.0.0.1', 1432811398, 1432814998),
(108, 'less_devel_warning', '127.0.0.1', 1432815369, 1432818969),
(109, 'less_devel_warning', '127.0.0.1', 1432818976, 1432822576),
(110, 'less_devel_warning', '127.0.0.1', 1432822918, 1432826518),
(111, 'less_devel_warning', '127.0.0.1', 1432827971, 1432831571),
(112, 'less_devel_warning', '127.0.0.1', 1432886308, 1432889908),
(113, 'less_devel_warning', '127.0.0.1', 1432896377, 1432899977),
(114, 'less_devel_warning', '127.0.0.1', 1433232165, 1433235765),
(115, 'less_devel_warning', '127.0.0.1', 1433236416, 1433240016),
(116, 'less_devel_warning', '127.0.0.1', 1433240835, 1433244435),
(117, 'less_devel_warning', '127.0.0.1', 1433244931, 1433248531),
(118, 'less_devel_warning', '127.0.0.1', 1433248610, 1433252210),
(119, 'less_devel_warning', '127.0.0.1', 1433254006, 1433257606),
(120, 'less_devel_warning', '127.0.0.1', 1433259302, 1433262902),
(121, 'less_devel_warning', '127.0.0.1', 1433317901, 1433321501),
(122, 'less_devel_warning', '127.0.0.1', 1433321501, 1433325101),
(123, 'less_devel_warning', '127.0.0.1', 1433325112, 1433328712),
(124, 'less_devel_warning', '127.0.0.1', 1433328772, 1433332372),
(125, 'less_devel_warning', '127.0.0.1', 1433335026, 1433338626),
(126, 'less_devel_warning', '127.0.0.1', 1433338630, 1433342230),
(127, 'less_devel_warning', '127.0.0.1', 1433342762, 1433346362),
(128, 'less_devel_warning', '127.0.0.1', 1433395770, 1433399370),
(129, 'less_devel_warning', '127.0.0.1', 1433399372, 1433402972),
(130, 'less_devel_warning', '127.0.0.1', 1433403014, 1433406614),
(131, 'less_devel_warning', '127.0.0.1', 1433408056, 1433411656),
(132, 'less_devel_warning', '127.0.0.1', 1433411778, 1433415378),
(133, 'less_devel_warning', '127.0.0.1', 1433415445, 1433419045),
(134, 'less_devel_warning', '127.0.0.1', 1433421231, 1433424831),
(135, 'less_devel_warning', '127.0.0.1', 1433425620, 1433429220),
(136, 'less_devel_warning', '127.0.0.1', 1433494764, 1433498364),
(137, 'less_devel_warning', '127.0.0.1', 1433501860, 1433505460),
(138, 'less_devel_warning', '127.0.0.1', 1433505483, 1433509083),
(139, 'less_devel_warning', '127.0.0.1', 1433738977, 1433742577),
(140, 'less_devel_warning', '127.0.0.1', 1433742577, 1433746177),
(141, 'less_devel_warning', '127.0.0.1', 1433746187, 1433749787),
(142, 'less_devel_warning', '127.0.0.1', 1433749796, 1433753396),
(143, 'less_devel_warning', '127.0.0.1', 1433753459, 1433757059),
(144, 'less_devel_warning', '127.0.0.1', 1433760468, 1433764068),
(145, 'less_devel_warning', '127.0.0.1', 1433764071, 1433767671),
(146, 'less_devel_warning', '127.0.0.1', 1433771125, 1433774725),
(147, 'less_devel_warning', '127.0.0.1', 1433774820, 1433778420),
(148, 'less_devel_warning', '127.0.0.1', 1433837533, 1433841133),
(149, 'less_devel_warning', '127.0.0.1', 1433860712, 1433864312),
(150, 'less_devel_warning', '127.0.0.1', 1433864641, 1433868241),
(151, 'less_devel_warning', '127.0.0.1', 1433923833, 1433927433),
(152, 'less_devel_warning', '127.0.0.1', 1433927457, 1433931057),
(153, 'less_devel_warning', '127.0.0.1', 1433936913, 1433940513),
(154, 'less_devel_warning', '127.0.0.1', 1433942901, 1433946501),
(155, 'less_devel_warning', '127.0.0.1', 1433998455, 1434002055),
(156, 'less_devel_warning', '127.0.0.1', 1434002148, 1434005748),
(157, 'less_devel_warning', '127.0.0.1', 1434010829, 1434014429),
(158, 'less_devel_warning', '127.0.0.1', 1434020310, 1434023910),
(159, 'less_devel_warning', '127.0.0.1', 1434023963, 1434027563),
(160, 'less_devel_warning', '127.0.0.1', 1434028027, 1434031627),
(161, 'less_devel_warning', '127.0.0.1', 1434361685, 1434365285),
(162, 'less_devel_warning', '127.0.0.1', 1434365709, 1434369309),
(163, 'less_devel_warning', '127.0.0.1', 1434370570, 1434374170),
(164, 'less_devel_warning', '127.0.0.1', 1434374667, 1434378267),
(165, 'less_devel_warning', '127.0.0.1', 1434378462, 1434382062),
(166, 'less_devel_warning', '127.0.0.1', 1434382096, 1434385696),
(167, 'less_devel_warning', '127.0.0.1', 1434614599, 1434618199),
(168, 'less_devel_warning', '127.0.0.1', 1434618978, 1434622578),
(169, 'less_devel_warning', '127.0.0.1', 1434627534, 1434631134),
(170, 'less_devel_warning', '127.0.0.1', 1434631544, 1434635144),
(171, 'less_devel_warning', '127.0.0.1', 1434636742, 1434640342),
(172, 'less_devel_warning', '127.0.0.1', 1434697974, 1434701574),
(173, 'less_devel_warning', '127.0.0.1', 1434701632, 1434705232),
(174, 'less_devel_warning', '127.0.0.1', 1434705347, 1434708947),
(175, 'less_devel_warning', '127.0.0.1', 1434711020, 1434714620),
(176, 'less_devel_warning', '127.0.0.1', 1434720053, 1434723653),
(177, 'less_devel_warning', '127.0.0.1', 1434728945, 1434732545),
(178, 'less_devel_warning', '127.0.0.1', 1435041879, 1435045479),
(179, 'less_devel_warning', '127.0.0.1', 1435067494, 1435071094),
(180, 'less_devel_warning', '127.0.0.1', 1435071409, 1435075009),
(181, 'less_devel_warning', '127.0.0.1', 1435133788, 1435137388),
(182, 'less_devel_warning', '127.0.0.1', 1435137595, 1435141195),
(183, 'less_devel_warning', '127.0.0.1', 1435144867, 1435148467),
(184, 'less_devel_warning', '127.0.0.1', 1435148793, 1435152393),
(185, 'less_devel_warning', '127.0.0.1', 1435152409, 1435156009),
(186, 'less_devel_warning', '127.0.0.1', 1435156370, 1435159970),
(187, 'less_devel_warning', '127.0.0.1', 1435220749, 1435224349),
(188, 'less_devel_warning', '127.0.0.1', 1435224980, 1435228580),
(189, 'less_devel_warning', '127.0.0.1', 1435230144, 1435233744),
(190, 'less_devel_warning', '127.0.0.1', 1435233871, 1435237471),
(191, 'less_devel_warning', '127.0.0.1', 1435237474, 1435241074),
(192, 'less_devel_warning', '127.0.0.1', 1435241083, 1435244683),
(193, 'less_devel_warning', '127.0.0.1', 1435306230, 1435309830),
(194, 'less_devel_warning', '127.0.0.1', 1435316536, 1435320136),
(195, 'less_devel_warning', '127.0.0.1', 1435322307, 1435325907),
(196, 'less_devel_warning', '127.0.0.1', 1435325912, 1435329512),
(197, 'less_devel_warning', '127.0.0.1', 1435332599, 1435336199),
(198, 'less_devel_warning', '127.0.0.1', 1435569890, 1435573490),
(199, 'less_devel_warning', '127.0.0.1', 1435578370, 1435581970),
(200, 'less_devel_warning', '127.0.0.1', 1435587246, 1435590846),
(201, 'less_devel_warning', '127.0.0.1', 1435651346, 1435654946),
(202, 'less_devel_warning', '127.0.0.1', 1435656714, 1435660314),
(203, 'less_devel_warning', '127.0.0.1', 1435662464, 1435666064),
(204, 'less_devel_warning', '127.0.0.1', 1435666074, 1435669674),
(205, 'less_devel_warning', '127.0.0.1', 1435670757, 1435674357),
(206, 'less_devel_warning', '127.0.0.1', 1435738064, 1435741664),
(207, 'less_devel_warning', '127.0.0.1', 1435742658, 1435746258),
(208, 'less_devel_warning', '127.0.0.1', 1435748233, 1435751833),
(209, 'less_devel_warning', '127.0.0.1', 1435752026, 1435755626),
(210, 'less_devel_warning', '127.0.0.1', 1435756368, 1435759968),
(211, 'less_devel_warning', '127.0.0.1', 1435760122, 1435763722),
(212, 'less_devel_warning', '127.0.0.1', 1435763840, 1435767440),
(213, 'less_devel_warning', '127.0.0.1', 1435820915, 1435824515),
(214, 'less_devel_warning', '127.0.0.1', 1435824526, 1435828126),
(215, 'less_devel_warning', '127.0.0.1', 1435828224, 1435831824),
(216, 'less_devel_warning', '127.0.0.1', 1435831846, 1435835446),
(217, 'less_devel_warning', '127.0.0.1', 1435835571, 1435839171),
(218, 'less_devel_warning', '127.0.0.1', 1435839182, 1435842782),
(219, 'less_devel_warning', '127.0.0.1', 1435842783, 1435846383),
(220, 'less_devel_warning', '127.0.0.1', 1435846484, 1435850084),
(221, 'less_devel_warning', '127.0.0.1', 1435850993, 1435854593),
(222, 'less_devel_warning', '127.0.0.1', 1436166066, 1436169666),
(223, 'less_devel_warning', '127.0.0.1', 1436181059, 1436184659),
(224, 'less_devel_warning', '127.0.0.1', 1436184684, 1436188284),
(225, 'less_devel_warning', '127.0.0.1', 1436188774, 1436192374),
(226, 'less_devel_warning', '127.0.0.1', 1436192383, 1436195983),
(227, 'less_devel_warning', '127.0.0.1', 1436257604, 1436261204),
(228, 'less_devel_warning', '127.0.0.1', 1436268312, 1436271912),
(229, 'less_devel_warning', '127.0.0.1', 1436272823, 1436276423),
(230, 'less_devel_warning', '127.0.0.1', 1436277528, 1436281128),
(231, 'less_devel_warning', '127.0.0.1', 1436517439, 1436521039),
(232, 'less_devel_warning', '127.0.0.1', 1436530407, 1436534007);

-- --------------------------------------------------------

--
-- Структура таблицы `gmap_taxonomy_node`
--

CREATE TABLE IF NOT EXISTS `gmap_taxonomy_node` (
  `nid` int(10) unsigned NOT NULL DEFAULT '0',
  `tid` int(10) unsigned NOT NULL DEFAULT '0',
  `marker` varchar(32) DEFAULT NULL,
  PRIMARY KEY (`nid`)
) ENGINE=InnoDB DEFAULT CHARSET=utf8;

-- --------------------------------------------------------

--
-- Структура таблицы `gmap_taxonomy_term`
--

CREATE TABLE IF NOT EXISTS `gmap_taxonomy_term` (
  `tid` int(10) unsigned NOT NULL DEFAULT '0',
  `marker` varchar(32) DEFAULT NULL,
  PRIMARY KEY (`tid`)
) ENGINE=InnoDB DEFAULT CHARSET=utf8;

-- --------------------------------------------------------

--
-- Структура таблицы `history`
--

CREATE TABLE IF NOT EXISTS `history` (
  `uid` int(11) NOT NULL DEFAULT '0' COMMENT 'The users.uid that read the node nid.',
  `nid` int(11) NOT NULL DEFAULT '0' COMMENT 'The node.nid that was read.',
  `timestamp` int(11) NOT NULL DEFAULT '0' COMMENT 'The Unix timestamp at which the read occurred.',
  PRIMARY KEY (`uid`,`nid`),
  KEY `nid` (`nid`)
) ENGINE=InnoDB DEFAULT CHARSET=utf8 COMMENT='A record of which users have read which nodes.';

--
-- Дамп данных таблицы `history`
--

INSERT INTO `history` (`uid`, `nid`, `timestamp`) VALUES
(1, 1, 1433924860),
(1, 12, 1426786204),
(1, 13, 1426786325),
(1, 14, 1426786365),
(1, 15, 1426786406),
(1, 19, 1428407751),
(1, 20, 1427200532),
(1, 21, 1428407631),
(1, 22, 1427284854),
(1, 23, 1427984979),
(1, 34, 1436531732),
(1, 35, 1436192819),
(1, 36, 1435837103),
(1, 37, 1435837033),
(1, 38, 1436192813),
(1, 39, 1436531958),
(1, 40, 1433329884);

-- --------------------------------------------------------

--
-- Структура таблицы `imageblock`
--

CREATE TABLE IF NOT EXISTS `imageblock` (
  `bid` int(10) unsigned NOT NULL AUTO_INCREMENT COMMENT 'The block’s block.bid.',
  `body` longtext COMMENT 'Block contents.',
  `info` varchar(128) NOT NULL DEFAULT '' COMMENT 'Block description.',
  `format` varchar(255) DEFAULT NULL COMMENT 'The filter_format.format of the block body.',
  `fid` int(10) unsigned NOT NULL DEFAULT '0' COMMENT 'The File’s files.fid.',
  `data` longtext COMMENT 'A serialized array of name value pairs that are related to the block file.',
  PRIMARY KEY (`bid`),
  UNIQUE KEY `info` (`info`),
  KEY `fid` (`fid`)
) ENGINE=InnoDB  DEFAULT CHARSET=utf8 COMMENT='Stores contents of custom-made image blocks.' AUTO_INCREMENT=18 ;

--
-- Дамп данных таблицы `imageblock`
--

INSERT INTO `imageblock` (`bid`, `body`, `info`, `format`, `fid`, `data`) VALUES
(16, '<div align="center"><font face="roboto" size="4">Quickstart Package allow you install in few clicks </font><font face="roboto" size="4">Drupal</font><font face="roboto" size="4"> template, Drupal extensions and Demo data, in final you get full </font><font face="roboto" size="4">Drupal</font><font face="roboto" size="4"> website exactly the same like on demo.\r\n<a target="_blank" href="http://ordasoft.com/News/Joomla-Tutorials/how-to-install-joomla-quickstart-package.html"><br></a></font></div>', 'QuickStart Package', 'full_html', 83, 'a:1:{s:22:"imageblock_link_target";s:5:"_self";}'),
(17, '<div align="center"><font face="roboto" size="4">We care about users who like surfing the web on their mobile device and we develop adaptive templates. OS templates it''s 100% responsive, your site will be amazing not only on desktops but also on all modern mobile devices</font></div>', 'Responsive Layout', 'full_html', 84, 'a:1:{s:22:"imageblock_link_target";s:5:"_self";}');

-- --------------------------------------------------------

--
-- Структура таблицы `image_dimensions`
--

CREATE TABLE IF NOT EXISTS `image_dimensions` (
  `fid` int(10) unsigned NOT NULL AUTO_INCREMENT COMMENT 'File ID.',
  `height` int(10) unsigned NOT NULL DEFAULT '0' COMMENT 'The height of the image in pixels.',
  `width` int(10) unsigned NOT NULL DEFAULT '0' COMMENT 'The width of the image in pixels..',
  PRIMARY KEY (`fid`)
) ENGINE=InnoDB  DEFAULT CHARSET=utf8 COMMENT='Cache images dimensions.' AUTO_INCREMENT=555 ;

--
-- Дамп данных таблицы `image_dimensions`
--

INSERT INTO `image_dimensions` (`fid`, `height`, `width`) VALUES
(83, 273, 478),
(84, 444, 598),
(272, 400, 1000),
(282, 120, 325),
(455, 375, 800),
(478, 308, 200),
(527, 880, 1980),
(529, 880, 1980),
(530, 880, 1980),
(531, 880, 1980),
(532, 880, 1980),
(533, 880, 1980),
(534, 880, 1980),
(535, 880, 1980),
(536, 880, 1980),
(537, 880, 1980),
(538, 880, 1980),
(539, 880, 1980),
(540, 880, 1980),
(541, 880, 1980),
(542, 880, 1980),
(543, 880, 1980),
(544, 880, 1980),
(545, 880, 1980),
(546, 350, 263),
(547, 350, 263),
(548, 350, 263),
(549, 350, 263),
(550, 880, 1980),
(551, 350, 263),
(552, 350, 263),
(553, 350, 263),
(554, 350, 263);

-- --------------------------------------------------------

--
-- Структура таблицы `image_effects`
--

CREATE TABLE IF NOT EXISTS `image_effects` (
  `ieid` int(10) unsigned NOT NULL AUTO_INCREMENT COMMENT 'The primary identifier for an image effect.',
  `isid` int(10) unsigned NOT NULL DEFAULT '0' COMMENT 'The image_styles.isid for an image style.',
  `weight` int(11) NOT NULL DEFAULT '0' COMMENT 'The weight of the effect in the style.',
  `name` varchar(255) NOT NULL COMMENT 'The unique name of the effect to be executed.',
  `data` longblob NOT NULL COMMENT 'The configuration data for the effect.',
  PRIMARY KEY (`ieid`),
  KEY `isid` (`isid`),
  KEY `weight` (`weight`)
) ENGINE=InnoDB  DEFAULT CHARSET=utf8 COMMENT='Stores configuration options for image effects.' AUTO_INCREMENT=25 ;

--
-- Дамп данных таблицы `image_effects`
--

INSERT INTO `image_effects` (`ieid`, `isid`, `weight`, `name`, `data`) VALUES
(6, 5, 1, 'image_scale_and_crop', 0x613a323a7b733a353a227769647468223b733a333a22333530223b733a363a22686569676874223b733a333a22323430223b7d),
(10, 9, 1, 'image_scale_and_crop', 0x613a323a7b733a353a227769647468223b733a333a22313530223b733a363a22686569676874223b733a333a22313530223b7d),
(11, 10, 1, 'image_scale_and_crop', 0x613a323a7b733a353a227769647468223b733a333a22353530223b733a363a22686569676874223b733a333a22333635223b7d),
(12, 11, 1, 'image_scale_and_crop', 0x613a323a7b733a353a227769647468223b733a333a22323630223b733a363a22686569676874223b733a333a22323030223b7d),
(13, 12, 1, 'image_scale_and_crop', 0x613a323a7b733a353a227769647468223b733a333a22313530223b733a363a22686569676874223b733a323a223735223b7d),
(14, 13, 1, 'image_scale_and_crop', 0x613a323a7b733a353a227769647468223b733a333a22383030223b733a363a22686569676874223b733a333a22343030223b7d),
(15, 14, 1, 'image_scale_and_crop', 0x613a323a7b733a353a227769647468223b733a343a2232303030223b733a363a22686569676874223b733a343a2231303030223b7d),
(16, 15, 1, 'image_scale_and_crop', 0x613a323a7b733a353a227769647468223b733a333a22323633223b733a363a22686569676874223b733a333a22333530223b7d),
(19, 18, 1, 'image_scale_and_crop', 0x613a323a7b733a353a227769647468223b733a343a2231303030223b733a363a22686569676874223b733a333a22353030223b7d),
(20, 19, 1, 'image_desaturate', 0x613a303a7b7d),
(21, 20, 1, 'image_scale_and_crop', 0x613a323a7b733a353a227769647468223b733a333a22383030223b733a363a22686569676874223b733a333a22363030223b7d),
(22, 21, 1, 'image_scale_and_crop', 0x613a323a7b733a353a227769647468223b733a333a22333633223b733a363a22686569676874223b733a333a22323530223b7d),
(23, 22, 1, 'image_scale_and_crop', 0x613a323a7b733a353a227769647468223b733a333a22313030223b733a363a22686569676874223b733a333a22313030223b7d),
(24, 23, 1, 'image_scale_and_crop', 0x613a323a7b733a353a227769647468223b733a333a22333630223b733a363a22686569676874223b733a333a22323430223b7d);

-- --------------------------------------------------------

--
-- Структура таблицы `image_styles`
--

CREATE TABLE IF NOT EXISTS `image_styles` (
  `isid` int(10) unsigned NOT NULL AUTO_INCREMENT COMMENT 'The primary identifier for an image style.',
  `name` varchar(255) NOT NULL COMMENT 'The style name.',
  `label` varchar(255) NOT NULL DEFAULT '' COMMENT 'The style administrative name.',
  PRIMARY KEY (`isid`),
  UNIQUE KEY `name` (`name`)
) ENGINE=InnoDB  DEFAULT CHARSET=utf8 COMMENT='Stores configuration options for image styles.' AUTO_INCREMENT=24 ;

--
-- Дамп данных таблицы `image_styles`
--

INSERT INTO `image_styles` (`isid`, `name`, `label`) VALUES
(5, 'gallery-3-column', 'gallery-3-column'),
(9, 'services', 'services'),
(10, 'gallery-2-column', 'gallery-2-column'),
(11, 'gallery-4-column', 'gallery-4-column'),
(12, 'featured_in', 'featured_in'),
(13, 'image-blog', 'image-blog'),
(14, 'home_page', 'home_page'),
(15, 'team', 'team'),
(18, 'classes', 'Classes'),
(19, 'images_slider', 'images slider'),
(20, 'house', 'house'),
(21, 'front_house', 'Front House'),
(22, 'thumbnail_images', 'thumbnail images'),
(23, 'dwelling', 'dwelling');

-- --------------------------------------------------------

--
-- Структура таблицы `languages`
--

CREATE TABLE IF NOT EXISTS `languages` (
  `language` varchar(12) NOT NULL DEFAULT '' COMMENT 'Language code, e.g. ’de’ or ’en-US’.',
  `name` varchar(64) NOT NULL DEFAULT '' COMMENT 'Language name in English.',
  `native` varchar(64) NOT NULL DEFAULT '' COMMENT 'Native language name.',
  `direction` int(11) NOT NULL DEFAULT '0' COMMENT 'Direction of language (Left-to-Right = 0, Right-to-Left = 1).',
  `enabled` int(11) NOT NULL DEFAULT '0' COMMENT 'Enabled flag (1 = Enabled, 0 = Disabled).',
  `plurals` int(11) NOT NULL DEFAULT '0' COMMENT 'Number of plural indexes in this language.',
  `formula` varchar(255) NOT NULL DEFAULT '' COMMENT 'Plural formula in PHP code to evaluate to get plural indexes.',
  `domain` varchar(128) NOT NULL DEFAULT '' COMMENT 'Domain to use for this language.',
  `prefix` varchar(128) NOT NULL DEFAULT '' COMMENT 'Path prefix to use for this language.',
  `weight` int(11) NOT NULL DEFAULT '0' COMMENT 'Weight, used in lists of languages.',
  `javascript` varchar(64) NOT NULL DEFAULT '' COMMENT 'Location of JavaScript translation file.',
  PRIMARY KEY (`language`),
  KEY `list` (`weight`,`name`)
) ENGINE=InnoDB DEFAULT CHARSET=utf8 COMMENT='List of all available languages in the system.';

--
-- Дамп данных таблицы `languages`
--

INSERT INTO `languages` (`language`, `name`, `native`, `direction`, `enabled`, `plurals`, `formula`, `domain`, `prefix`, `weight`, `javascript`) VALUES
('en', 'English', 'English', 0, 1, 0, '', '', '', 0, '');

-- --------------------------------------------------------

--
-- Структура таблицы `locales_source`
--

CREATE TABLE IF NOT EXISTS `locales_source` (
  `lid` int(11) NOT NULL AUTO_INCREMENT COMMENT 'Unique identifier of this string.',
  `location` longtext COMMENT 'Drupal path in case of online discovered translations or file path in case of imported strings.',
  `textgroup` varchar(255) NOT NULL DEFAULT 'default' COMMENT 'A module defined group of translations, see hook_locale().',
  `source` blob NOT NULL COMMENT 'The original string in English.',
  `context` varchar(255) NOT NULL DEFAULT '' COMMENT 'The context this string applies to.',
  `version` varchar(20) NOT NULL DEFAULT 'none' COMMENT 'Version of Drupal, where the string was last used (for locales optimization).',
  PRIMARY KEY (`lid`),
  KEY `source_context` (`source`(30),`context`)
) ENGINE=InnoDB  DEFAULT CHARSET=utf8 COMMENT='List of English source strings.' AUTO_INCREMENT=57 ;

--
-- Дамп данных таблицы `locales_source`
--

INSERT INTO `locales_source` (`lid`, `location`, `textgroup`, `source`, `context`, `version`) VALUES
(1, 'misc/drupal.js', 'default', 0x416e20414a41582048545450206572726f72206f636375727265642e, '', 'none'),
(2, 'misc/drupal.js', 'default', 0x4854545020526573756c7420436f64653a2021737461747573, '', 'none'),
(3, 'misc/drupal.js', 'default', 0x416e20414a415820485454502072657175657374207465726d696e617465642061626e6f726d616c6c792e, '', 'none'),
(4, 'misc/drupal.js', 'default', 0x446562756767696e6720696e666f726d6174696f6e20666f6c6c6f77732e, '', 'none'),
(5, 'misc/drupal.js', 'default', 0x506174683a2021757269, '', 'none'),
(6, 'misc/drupal.js', 'default', 0x537461747573546578743a202173746174757354657874, '', 'none'),
(7, 'misc/drupal.js', 'default', 0x526573706f6e7365546578743a2021726573706f6e736554657874, '', 'none'),
(8, 'misc/drupal.js', 'default', 0x526561647953746174653a202172656164795374617465, '', 'none'),
(9, 'misc/collapse.js', 'default', 0x48696465, '', 'none'),
(10, 'misc/collapse.js', 'default', 0x53686f77, '', 'none'),
(11, 'misc/machine-name.js', 'default', 0x45646974, '', 'none'),
(12, 'modules/comment/comment-node-form.js', 'default', 0x406e756d62657220636f6d6d656e7473207065722070616765, '', 'none'),
(13, 'misc/autocomplete.js', 'default', 0x4175746f636f6d706c65746520706f707570, '', 'none'),
(14, 'misc/autocomplete.js', 'default', 0x536561726368696e6720666f72206d6174636865732e2e2e, '', 'none'),
(15, 'misc/ajax.js', 'default', 0x506c6561736520776169742e2e2e, '', 'none'),
(16, 'misc/tabledrag.js', 'default', 0x52652d6f7264657220726f7773206279206e756d65726963616c2077656967687420696e7374656164206f66206472616767696e672e, '', 'none'),
(17, 'misc/tabledrag.js', 'default', 0x53686f7720726f772077656967687473, '', 'none'),
(18, 'misc/tabledrag.js', 'default', 0x4869646520726f772077656967687473, '', 'none'),
(19, 'misc/tabledrag.js', 'default', 0x4472616720746f2072652d6f72646572, '', 'none'),
(20, 'misc/tabledrag.js', 'default', 0x4368616e676573206d61646520696e2074686973207461626c652077696c6c206e6f7420626520736176656420756e74696c2074686520666f726d206973207375626d69747465642e, '', 'none'),
(21, 'misc/vertical-tabs.js', 'default', 0x286163746976652074616229, '', 'none'),
(22, 'modules/node/content_types.js', 'default', 0x52657175697265732061207469746c65, '', 'none'),
(23, 'modules/node/content_types.js; modules/node/node.js', 'default', 0x4e6f74207075626c6973686564, '', 'none'),
(24, 'modules/node/content_types.js', 'default', 0x446f6e277420646973706c617920706f737420696e666f726d6174696f6e, '', 'none'),
(25, 'misc/tableselect.js', 'default', 0x53656c65637420616c6c20726f777320696e2074686973207461626c65, '', 'none'),
(26, 'misc/tableselect.js', 'default', 0x446573656c65637420616c6c20726f777320696e2074686973207461626c65, '', 'none'),
(27, 'modules/file/file.js', 'default', 0x5468652073656c65637465642066696c65202566696c656e616d652063616e6e6f742062652075706c6f616465642e204f6e6c792066696c657320776974682074686520666f6c6c6f77696e6720657874656e73696f6e732061726520616c6c6f7765643a2025657874656e73696f6e732e, '', 'none'),
(28, 'modules/field/modules/text/text.js', 'default', 0x486964652073756d6d617279, '', 'none'),
(29, 'modules/field/modules/text/text.js', 'default', 0x456469742073756d6d617279, '', 'none'),
(30, 'modules/menu/menu.js', 'default', 0x4e6f7420696e206d656e75, '', 'none'),
(31, 'modules/node/node.js', 'default', 0x4e6577207265766973696f6e, '', 'none'),
(32, 'modules/node/node.js', 'default', 0x4e6f207265766973696f6e, '', 'none'),
(33, 'modules/node/node.js', 'default', 0x427920406e616d65206f6e204064617465, '', 'none'),
(34, 'modules/node/node.js', 'default', 0x427920406e616d65, '', 'none'),
(35, 'modules/path/path.js', 'default', 0x416c6961733a2040616c696173, '', 'none'),
(36, 'modules/path/path.js', 'default', 0x4e6f20616c696173, '', 'none'),
(37, 'modules/contextual/contextual.js', 'default', 0x436f6e666967757265, '', 'none'),
(38, 'modules/block/block.js', 'default', 0x4e6f742072657374726963746564, '', 'none'),
(39, 'modules/block/block.js', 'default', 0x5265737472696374656420746f206365727461696e207061676573, '', 'none'),
(40, 'modules/block/block.js', 'default', 0x4e6f7420637573746f6d697a61626c65, '', 'none'),
(41, 'modules/block/block.js', 'default', 0x546865206368616e67657320746f20746865736520626c6f636b732077696c6c206e6f7420626520736176656420756e74696c20746865203c656d3e5361766520626c6f636b733c2f656d3e20627574746f6e20697320636c69636b65642e, '', 'none'),
(42, 'modules/block/block.js', 'default', 0x54686520626c6f636b2063616e6e6f7420626520706c6163656420696e207468697320726567696f6e2e, '', 'none'),
(43, 'sites/all/modules/views/js/views-admin.js', 'default', 0x416464, '', 'none'),
(44, 'sites/all/modules/views/js/views-admin.js', 'default', 0x52656d6f76652067726f7570, '', 'none'),
(45, 'sites/all/modules/views/js/views-admin.js', 'default', 0x4170706c792028616c6c20646973706c61797329, '', 'none'),
(46, 'sites/all/modules/views/js/views-admin.js', 'default', 0x52657665727420746f2064656661756c74, '', 'none'),
(47, 'sites/all/modules/views/js/views-admin.js', 'default', 0x4170706c7920287468697320646973706c617929, '', 'none'),
(48, 'modules/user/user.permissions.js', 'default', 0x54686973207065726d697373696f6e20697320696e686572697465642066726f6d207468652061757468656e74696361746564207573657220726f6c652e, '', 'none'),
(49, 'sites/all/modules/admin_menu/admin_menu.admin.js', 'default', 0x416c736f20616c6c6f7720216e616d6520726f6c6520746f20217065726d697373696f6e3f, '', 'none'),
(50, 'sites/all/modules/search_api/search_api.admin.js', 'default', 0x456e61626c6564, '', 'none'),
(51, 'sites/all/modules/search_api/search_api.admin.js', 'default', 0x44697361626c6564, '', 'none'),
(52, 'sites/all/modules/search_api/search_api.admin.js', 'default', 0x4c697374206164646974696f6e616c20616374696f6e73, '', 'none'),
(53, 'sites/all/modules/panels/plugins/layouts/flexible/flexible-admin.js', 'default', 0x48696465206c61796f75742064657369676e6572, '', 'none'),
(54, 'sites/all/modules/panels/plugins/layouts/flexible/flexible-admin.js', 'default', 0x53686f77206c61796f75742064657369676e6572, '', 'none'),
(55, 'modules/dashboard/dashboard.js', 'default', 0x437573746f6d697a652064617368626f617264, '', 'none'),
(56, 'modules/dashboard/dashboard.js', 'default', 0x446f6e65, '', 'none');

-- --------------------------------------------------------

--
-- Структура таблицы `locales_target`
--

CREATE TABLE IF NOT EXISTS `locales_target` (
  `lid` int(11) NOT NULL DEFAULT '0' COMMENT 'Source string ID. References locales_source.lid.',
  `translation` blob NOT NULL COMMENT 'Translation string value in this language.',
  `language` varchar(12) NOT NULL DEFAULT '' COMMENT 'Language code. References languages.language.',
  `plid` int(11) NOT NULL DEFAULT '0' COMMENT 'Parent lid (lid of the previous string in the plural chain) in case of plural strings. References locales_source.lid.',
  `plural` int(11) NOT NULL DEFAULT '0' COMMENT 'Plural index number in case of plural strings.',
  PRIMARY KEY (`language`,`lid`,`plural`),
  KEY `lid` (`lid`),
  KEY `plid` (`plid`),
  KEY `plural` (`plural`)
) ENGINE=InnoDB DEFAULT CHARSET=utf8 COMMENT='Stores translated versions of strings.';

-- --------------------------------------------------------

--
-- Структура таблицы `location`
--

CREATE TABLE IF NOT EXISTS `location` (
  `lid` int(10) unsigned NOT NULL AUTO_INCREMENT COMMENT 'Primary Key: Unique location ID.',
  `name` varchar(255) NOT NULL DEFAULT '' COMMENT 'Place Name.',
  `street` varchar(255) NOT NULL DEFAULT '' COMMENT 'Street address, line 1.',
  `additional` varchar(255) NOT NULL DEFAULT '' COMMENT 'Street address, line 2.',
  `city` varchar(255) NOT NULL DEFAULT '' COMMENT 'City.',
  `province` varchar(16) NOT NULL DEFAULT '' COMMENT 'State / Province code.',
  `postal_code` varchar(16) NOT NULL DEFAULT '' COMMENT 'Postal / ZIP code.',
  `country` char(2) NOT NULL DEFAULT '' COMMENT 'Two letter ISO country code.',
  `latitude` decimal(10,6) NOT NULL DEFAULT '0.000000' COMMENT 'Location latitude (decimal degrees).',
  `longitude` decimal(10,6) NOT NULL DEFAULT '0.000000' COMMENT 'Location longitude (decimal degrees).',
  `source` tinyint(4) NOT NULL DEFAULT '0' COMMENT 'Source of the latitude and longitude data (Geocoder, user entered, invalid, etc.)',
  `is_primary` tinyint(4) NOT NULL DEFAULT '0' COMMENT 'Is this the primary location of an object? (unused, civicrm legacy field?).',
  PRIMARY KEY (`lid`)
) ENGINE=InnoDB  DEFAULT CHARSET=utf8 COMMENT='Locational data managed by location.module.' AUTO_INCREMENT=5 ;

--
-- Дамп данных таблицы `location`
--

INSERT INTO `location` (`lid`, `name`, `street`, `additional`, `city`, `province`, `postal_code`, `country`, `latitude`, `longitude`, `source`, `is_primary`) VALUES
(1, 'business', 'business', 'business', '', '', '', 'us', '40.682851', '-73.953094', 1, 0),
(2, '', '', '', '', '', '', 'us', '40.207262', '-74.767456', 1, 0),
(3, 'Rent', 'Footstreet', 'add', '', '', '', 'us', '40.735747', '-74.086304', 1, 0),
(4, 'Rent', 'www', 'qq', '', '', '', 'us', '40.685780', '-74.783936', 1, 0);

-- --------------------------------------------------------

--
-- Структура таблицы `location_country`
--

CREATE TABLE IF NOT EXISTS `location_country` (
  `code` char(2) NOT NULL COMMENT 'Primary Key: Two letter ISO Country Code',
  `name` varchar(255) NOT NULL DEFAULT '' COMMENT 'Full Country Name ',
  PRIMARY KEY (`code`)
) ENGINE=InnoDB DEFAULT CHARSET=utf8 COMMENT='Country data managed by location.module.';

--
-- Дамп данных таблицы `location_country`
--

INSERT INTO `location_country` (`code`, `name`) VALUES
('ad', 'Andorra'),
('ae', 'United Arab Emirates'),
('af', 'Afghanistan'),
('ag', 'Antigua and Barbuda'),
('ai', 'Anguilla'),
('al', 'Albania'),
('am', 'Armenia'),
('an', 'Netherlands Antilles'),
('ao', 'Angola'),
('aq', 'Antarctica'),
('ar', 'Argentina'),
('as', 'American Samoa'),
('at', 'Austria'),
('au', 'Australia'),
('aw', 'Aruba'),
('ax', 'Aland Islands'),
('az', 'Azerbaijan'),
('ba', 'Bosnia and Herzegovina'),
('bb', 'Barbados'),
('bd', 'Bangladesh'),
('be', 'Belgium'),
('bf', 'Burkina Faso'),
('bg', 'Bulgaria'),
('bh', 'Bahrain'),
('bi', 'Burundi'),
('bj', 'Benin'),
('bl', 'Saint Barthélemy'),
('bm', 'Bermuda'),
('bn', 'Brunei'),
('bo', 'Bolivia'),
('bq', 'Caribbean Netherlands'),
('br', 'Brazil'),
('bs', 'Bahamas'),
('bt', 'Bhutan'),
('bv', 'Bouvet Island'),
('bw', 'Botswana'),
('by', 'Belarus'),
('bz', 'Belize'),
('ca', 'Canada'),
('cc', 'Cocos (Keeling) Islands'),
('cd', 'Congo (Kinshasa)'),
('cf', 'Central African Republic'),
('cg', 'Congo (Brazzaville)'),
('ch', 'Switzerland'),
('ci', 'Ivory Coast'),
('ck', 'Cook Islands'),
('cl', 'Chile'),
('cm', 'Cameroon'),
('cn', 'China'),
('co', 'Colombia'),
('cr', 'Costa Rica'),
('cu', 'Cuba'),
('cv', 'Cape Verde'),
('cw', 'Curaçao'),
('cx', 'Christmas Island'),
('cy', 'Cyprus'),
('cz', 'Czech Republic'),
('de', 'Germany'),
('dj', 'Djibouti'),
('dk', 'Denmark'),
('dm', 'Dominica'),
('do', 'Dominican Republic'),
('dz', 'Algeria'),
('ec', 'Ecuador'),
('ee', 'Estonia'),
('eg', 'Egypt'),
('eh', 'Western Sahara'),
('er', 'Eritrea'),
('es', 'Spain'),
('et', 'Ethiopia'),
('fi', 'Finland'),
('fj', 'Fiji'),
('fk', 'Falkland Islands'),
('fm', 'Micronesia'),
('fo', 'Faroe Islands'),
('fr', 'France'),
('ga', 'Gabon'),
('gb', 'United Kingdom'),
('gd', 'Grenada'),
('ge', 'Georgia'),
('gf', 'French Guiana'),
('gg', 'Guernsey'),
('gh', 'Ghana'),
('gi', 'Gibraltar'),
('gl', 'Greenland'),
('gm', 'Gambia'),
('gn', 'Guinea'),
('gp', 'Guadeloupe'),
('gq', 'Equatorial Guinea'),
('gr', 'Greece'),
('gs', 'South Georgia and the South Sandwich Islands'),
('gt', 'Guatemala'),
('gu', 'Guam'),
('gw', 'Guinea-Bissau'),
('gy', 'Guyana'),
('hk', 'Hong Kong S.A.R., China'),
('hm', 'Heard Island and McDonald Islands'),
('hn', 'Honduras'),
('hr', 'Croatia'),
('ht', 'Haiti'),
('hu', 'Hungary'),
('id', 'Indonesia'),
('ie', 'Ireland'),
('il', 'Israel'),
('im', 'Isle of Man'),
('in', 'India'),
('io', 'British Indian Ocean Territory'),
('iq', 'Iraq'),
('ir', 'Iran'),
('is', 'Iceland'),
('it', 'Italy'),
('je', 'Jersey'),
('jm', 'Jamaica'),
('jo', 'Jordan'),
('jp', 'Japan'),
('ke', 'Kenya'),
('kg', 'Kyrgyzstan'),
('kh', 'Cambodia'),
('ki', 'Kiribati'),
('km', 'Comoros'),
('kn', 'Saint Kitts and Nevis'),
('kp', 'North Korea'),
('kr', 'South Korea'),
('kw', 'Kuwait'),
('ky', 'Cayman Islands'),
('kz', 'Kazakhstan'),
('la', 'Laos'),
('lb', 'Lebanon'),
('lc', 'Saint Lucia'),
('li', 'Liechtenstein'),
('lk', 'Sri Lanka'),
('lr', 'Liberia'),
('ls', 'Lesotho'),
('lt', 'Lithuania'),
('lu', 'Luxembourg'),
('lv', 'Latvia'),
('ly', 'Libya'),
('ma', 'Morocco'),
('mc', 'Monaco'),
('md', 'Moldova'),
('me', 'Montenegro'),
('mf', 'Saint Martin (French part)'),
('mg', 'Madagascar'),
('mh', 'Marshall Islands'),
('mk', 'Macedonia'),
('ml', 'Mali'),
('mm', 'Myanmar'),
('mn', 'Mongolia'),
('mo', 'Macao S.A.R., China'),
('mp', 'Northern Mariana Islands'),
('mq', 'Martinique'),
('mr', 'Mauritania'),
('ms', 'Montserrat'),
('mt', 'Malta'),
('mu', 'Mauritius'),
('mv', 'Maldives'),
('mw', 'Malawi'),
('mx', 'Mexico'),
('my', 'Malaysia'),
('mz', 'Mozambique'),
('na', 'Namibia'),
('nc', 'New Caledonia'),
('ne', 'Niger'),
('nf', 'Norfolk Island'),
('ng', 'Nigeria'),
('ni', 'Nicaragua'),
('nl', 'Netherlands'),
('no', 'Norway'),
('np', 'Nepal'),
('nr', 'Nauru'),
('nu', 'Niue'),
('nz', 'New Zealand'),
('om', 'Oman'),
('pa', 'Panama'),
('pe', 'Peru'),
('pf', 'French Polynesia'),
('pg', 'Papua New Guinea'),
('ph', 'Philippines'),
('pk', 'Pakistan'),
('pl', 'Poland'),
('pm', 'Saint Pierre and Miquelon'),
('pn', 'Pitcairn'),
('pr', 'Puerto Rico'),
('ps', 'Palestinian Territory'),
('pt', 'Portugal'),
('pw', 'Palau'),
('py', 'Paraguay'),
('qa', 'Qatar'),
('re', 'Reunion'),
('ro', 'Romania'),
('rs', 'Serbia'),
('ru', 'Russia'),
('rw', 'Rwanda'),
('sa', 'Saudi Arabia'),
('sb', 'Solomon Islands'),
('sc', 'Seychelles'),
('sd', 'Sudan'),
('se', 'Sweden'),
('sg', 'Singapore'),
('sh', 'Saint Helena'),
('si', 'Slovenia'),
('sj', 'Svalbard and Jan Mayen'),
('sk', 'Slovakia'),
('sl', 'Sierra Leone'),
('sm', 'San Marino'),
('sn', 'Senegal'),
('so', 'Somalia'),
('sr', 'Suriname'),
('ss', 'South Sudan'),
('st', 'Sao Tome and Principe'),
('sv', 'El Salvador'),
('sx', 'Sint Maarten'),
('sy', 'Syria'),
('sz', 'Swaziland'),
('tc', 'Turks and Caicos Islands'),
('td', 'Chad'),
('tf', 'French Southern Territories'),
('tg', 'Togo'),
('th', 'Thailand'),
('tj', 'Tajikistan'),
('tk', 'Tokelau'),
('tl', 'Timor-Leste'),
('tm', 'Turkmenistan'),
('tn', 'Tunisia'),
('to', 'Tonga'),
('tr', 'Turkey'),
('tt', 'Trinidad and Tobago'),
('tv', 'Tuvalu'),
('tw', 'Taiwan'),
('tz', 'Tanzania'),
('ua', 'Ukraine'),
('ug', 'Uganda'),
('um', 'United States Minor Outlying Islands'),
('us', 'United States'),
('uy', 'Uruguay'),
('uz', 'Uzbekistan'),
('va', 'Vatican'),
('vc', 'Saint Vincent and the Grenadines'),
('ve', 'Venezuela'),
('vg', 'British Virgin Islands'),
('vi', 'U.S. Virgin Islands'),
('vn', 'Vietnam'),
('vu', 'Vanuatu'),
('wf', 'Wallis and Futuna'),
('ws', 'Samoa'),
('ye', 'Yemen'),
('yt', 'Mayotte'),
('za', 'South Africa'),
('zm', 'Zambia'),
('zw', 'Zimbabwe');

-- --------------------------------------------------------

--
-- Структура таблицы `location_instance`
--

CREATE TABLE IF NOT EXISTS `location_instance` (
  `nid` int(10) unsigned NOT NULL DEFAULT '0' COMMENT 'Reference to node.nid.',
  `vid` int(10) unsigned NOT NULL DEFAULT '0' COMMENT 'Reference to node_revision.vid.',
  `uid` int(10) unsigned NOT NULL DEFAULT '0' COMMENT 'Reference to users.uid.',
  `genid` varchar(255) NOT NULL DEFAULT '' COMMENT 'Generic reference key.',
  `lid` int(10) unsigned NOT NULL DEFAULT '0' COMMENT 'Reference to location.lid.',
  KEY `nid` (`nid`),
  KEY `vid` (`vid`),
  KEY `uid` (`uid`),
  KEY `genid` (`genid`),
  KEY `lid` (`lid`)
) ENGINE=InnoDB DEFAULT CHARSET=utf8 COMMENT='N:M join table to join locations to other tables.';

--
-- Дамп данных таблицы `location_instance`
--

INSERT INTO `location_instance` (`nid`, `vid`, `uid`, `genid`, `lid`) VALUES
(35, 35, 0, '', 3),
(34, 34, 0, '', 4),
(38, 38, 0, '', 2),
(37, 37, 0, '', 1);

-- --------------------------------------------------------

--
-- Структура таблицы `location_search_work`
--

CREATE TABLE IF NOT EXISTS `location_search_work` (
  `lid` int(10) unsigned NOT NULL DEFAULT '0' COMMENT 'Primary Key: location ID.',
  PRIMARY KEY (`lid`)
) ENGINE=InnoDB DEFAULT CHARSET=utf8 COMMENT='List of lids to index.';

--
-- Дамп данных таблицы `location_search_work`
--

INSERT INTO `location_search_work` (`lid`) VALUES
(1);

-- --------------------------------------------------------

--
-- Структура таблицы `media_filter_usage`
--

CREATE TABLE IF NOT EXISTS `media_filter_usage` (
  `fid` int(10) unsigned NOT NULL DEFAULT '0' COMMENT 'The media file_managed.fid.',
  `timestamp` int(11) NOT NULL DEFAULT '0' COMMENT 'The timestamp the fid was last recorded by media_filter()',
  PRIMARY KEY (`fid`),
  KEY `timestamp` (`timestamp`)
) ENGINE=InnoDB DEFAULT CHARSET=utf8 COMMENT='Stores fids that have been included in the media tag in...';

-- --------------------------------------------------------

--
-- Структура таблицы `media_gallery_weight`
--

CREATE TABLE IF NOT EXISTS `media_gallery_weight` (
  `tid` int(10) unsigned NOT NULL COMMENT 'The taxonomy term id corresponding to a media gallery collection.',
  `nid` int(10) unsigned NOT NULL COMMENT 'The node id of the media gallery.',
  `weight` int(11) NOT NULL DEFAULT '0' COMMENT 'The weight of the media gallery within the collection.',
  PRIMARY KEY (`tid`,`nid`)
) ENGINE=InnoDB DEFAULT CHARSET=utf8 COMMENT='The weight of media galleries within a given collection.';

-- --------------------------------------------------------

--
-- Структура таблицы `media_list_type`
--

CREATE TABLE IF NOT EXISTS `media_list_type` (
  `uid` int(10) unsigned NOT NULL DEFAULT '0' COMMENT 'The user.uid of the user.',
  `type` varchar(32) NOT NULL DEFAULT '' COMMENT 'The type of display (table or images).',
  PRIMARY KEY (`uid`)
) ENGINE=InnoDB DEFAULT CHARSET=utf8 COMMENT='Stores the user preference for whether to list as table...';

--
-- Дамп данных таблицы `media_list_type`
--

INSERT INTO `media_list_type` (`uid`, `type`) VALUES
(1, 'thumbnails');

-- --------------------------------------------------------

--
-- Структура таблицы `media_type`
--

CREATE TABLE IF NOT EXISTS `media_type` (
  `name` varchar(255) NOT NULL DEFAULT '' COMMENT 'The machine name of the media type.',
  `label` varchar(255) NOT NULL DEFAULT '' COMMENT 'The label of the media type.',
  `base` tinyint(4) NOT NULL DEFAULT '0' COMMENT 'If this is a base type (i.e. cannot be deleted)',
  `weight` int(11) NOT NULL DEFAULT '0' COMMENT 'Weight of media type. Determines which one wins when claiming a piece of media (first wins)',
  `type_callback` varchar(255) DEFAULT '' COMMENT 'Callback to determine if provided media is of this type.',
  `type_callback_args` longtext COMMENT 'A serialized array of name value pairs that will be passed to the callback function',
  PRIMARY KEY (`name`)
) ENGINE=InnoDB DEFAULT CHARSET=utf8 COMMENT='Stores the settings for media types.';

--
-- Дамп данных таблицы `media_type`
--

INSERT INTO `media_type` (`name`, `label`, `base`, `weight`, `type_callback`, `type_callback_args`) VALUES
('audio', 'Audio', 1, 0, 'media_is_type', 'a:4:{s:10:"match_type";s:3:"all";s:9:"mimetypes";a:1:{i:0;s:8:"/^audio/";}s:10:"extensions";a:3:{i:0;s:3:"mp3";i:1;s:3:"ogg";i:2;s:3:"wma";}s:7:"streams";a:2:{i:0;s:6:"public";i:1;s:7:"private";}}'),
('default', 'Other', 1, 1000, 'media_is_type', 'a:2:{s:10:"match_type";s:3:"any";s:9:"mimetypes";a:1:{i:0;s:4:"/.*/";}}'),
('image', 'Image', 1, 0, 'media_is_type', 'a:4:{s:10:"match_type";s:3:"all";s:9:"mimetypes";a:1:{i:0;s:8:"/^image/";}s:10:"extensions";a:5:{i:0;s:3:"jpg";i:1;s:4:"jpeg";i:2;s:3:"gif";i:3;s:3:"png";i:4;s:4:"tiff";}s:7:"streams";a:2:{i:0;s:6:"public";i:1;s:7:"private";}}'),
('video', 'Video', 1, 0, 'media_is_type', 'a:4:{s:10:"match_type";s:3:"all";s:9:"mimetypes";a:1:{i:0;s:8:"/^video/";}s:10:"extensions";a:3:{i:0;s:3:"mov";i:1;s:3:"mp4";i:2;s:3:"avi";}s:7:"streams";a:2:{i:0;s:6:"public";i:1;s:7:"private";}}');

-- --------------------------------------------------------

--
-- Структура таблицы `menu_custom`
--

CREATE TABLE IF NOT EXISTS `menu_custom` (
  `menu_name` varchar(32) NOT NULL DEFAULT '' COMMENT 'Primary Key: Unique key for menu. This is used as a block delta so length is 32.',
  `title` varchar(255) NOT NULL DEFAULT '' COMMENT 'Menu title; displayed at top of block.',
  `description` text COMMENT 'Menu description.',
  PRIMARY KEY (`menu_name`)
) ENGINE=InnoDB DEFAULT CHARSET=utf8 COMMENT='Holds definitions for top-level custom menus (for example...';

--
-- Дамп данных таблицы `menu_custom`
--

INSERT INTO `menu_custom` (`menu_name`, `title`, `description`) VALUES
('main-menu', 'Main menu', 'The <em>Main</em> menu is used on many sites to show the major sections of the site, often in a top navigation bar.'),
('management', 'Management', 'The <em>Management</em> menu contains links for administrative tasks.'),
('menu-category', 'category', ''),
('menu-footer-menu', 'Footer menu', ''),
('menu-menu-secondary-menu', 'Secondary menu', ''),
('menu-pages', 'Pages', ''),
('menu-top-menu', 'Top menu', ''),
('navigation', 'Navigation', 'The <em>Navigation</em> menu contains links intended for site visitors. Links are added to the <em>Navigation</em> menu automatically by some modules.'),
('user-menu', 'User menu', 'The <em>User</em> menu contains links related to the user''s account, as well as the ''Log out'' link.');

-- --------------------------------------------------------

--
-- Структура таблицы `menu_links`
--

CREATE TABLE IF NOT EXISTS `menu_links` (
  `menu_name` varchar(32) NOT NULL DEFAULT '' COMMENT 'The menu name. All links with the same menu name (such as ’navigation’) are part of the same menu.',
  `mlid` int(10) unsigned NOT NULL AUTO_INCREMENT COMMENT 'The menu link ID (mlid) is the integer primary key.',
  `plid` int(10) unsigned NOT NULL DEFAULT '0' COMMENT 'The parent link ID (plid) is the mlid of the link above in the hierarchy, or zero if the link is at the top level in its menu.',
  `link_path` varchar(255) NOT NULL DEFAULT '' COMMENT 'The Drupal path or external path this link points to.',
  `router_path` varchar(255) NOT NULL DEFAULT '' COMMENT 'For links corresponding to a Drupal path (external = 0), this connects the link to a menu_router.path for joins.',
  `link_title` varchar(255) NOT NULL DEFAULT '' COMMENT 'The text displayed for the link, which may be modified by a title callback stored in menu_router.',
  `options` blob COMMENT 'A serialized array of options to be passed to the url() or l() function, such as a query string or HTML attributes.',
  `module` varchar(255) NOT NULL DEFAULT 'system' COMMENT 'The name of the module that generated this link.',
  `hidden` smallint(6) NOT NULL DEFAULT '0' COMMENT 'A flag for whether the link should be rendered in menus. (1 = a disabled menu item that may be shown on admin screens, -1 = a menu callback, 0 = a normal, visible link)',
  `external` smallint(6) NOT NULL DEFAULT '0' COMMENT 'A flag to indicate if the link points to a full URL starting with a protocol, like http:// (1 = external, 0 = internal).',
  `has_children` smallint(6) NOT NULL DEFAULT '0' COMMENT 'Flag indicating whether any links have this link as a parent (1 = children exist, 0 = no children).',
  `expanded` smallint(6) NOT NULL DEFAULT '0' COMMENT 'Flag for whether this link should be rendered as expanded in menus - expanded links always have their child links displayed, instead of only when the link is in the active trail (1 = expanded, 0 = not expanded)',
  `weight` int(11) NOT NULL DEFAULT '0' COMMENT 'Link weight among links in the same menu at the same depth.',
  `depth` smallint(6) NOT NULL DEFAULT '0' COMMENT 'The depth relative to the top level. A link with plid == 0 will have depth == 1.',
  `customized` smallint(6) NOT NULL DEFAULT '0' COMMENT 'A flag to indicate that the user has manually created or edited the link (1 = customized, 0 = not customized).',
  `p1` int(10) unsigned NOT NULL DEFAULT '0' COMMENT 'The first mlid in the materialized path. If N = depth, then pN must equal the mlid. If depth > 1 then p(N-1) must equal the plid. All pX where X > depth must equal zero. The columns p1 .. p9 are also called the parents.',
  `p2` int(10) unsigned NOT NULL DEFAULT '0' COMMENT 'The second mlid in the materialized path. See p1.',
  `p3` int(10) unsigned NOT NULL DEFAULT '0' COMMENT 'The third mlid in the materialized path. See p1.',
  `p4` int(10) unsigned NOT NULL DEFAULT '0' COMMENT 'The fourth mlid in the materialized path. See p1.',
  `p5` int(10) unsigned NOT NULL DEFAULT '0' COMMENT 'The fifth mlid in the materialized path. See p1.',
  `p6` int(10) unsigned NOT NULL DEFAULT '0' COMMENT 'The sixth mlid in the materialized path. See p1.',
  `p7` int(10) unsigned NOT NULL DEFAULT '0' COMMENT 'The seventh mlid in the materialized path. See p1.',
  `p8` int(10) unsigned NOT NULL DEFAULT '0' COMMENT 'The eighth mlid in the materialized path. See p1.',
  `p9` int(10) unsigned NOT NULL DEFAULT '0' COMMENT 'The ninth mlid in the materialized path. See p1.',
  `updated` smallint(6) NOT NULL DEFAULT '0' COMMENT 'Flag that indicates that this link was generated during the update from Drupal 5.',
  PRIMARY KEY (`mlid`),
  KEY `path_menu` (`link_path`(128),`menu_name`),
  KEY `menu_plid_expand_child` (`menu_name`,`plid`,`expanded`,`has_children`),
  KEY `menu_parents` (`menu_name`,`p1`,`p2`,`p3`,`p4`,`p5`,`p6`,`p7`,`p8`,`p9`),
  KEY `router_path` (`router_path`(128))
) ENGINE=InnoDB  DEFAULT CHARSET=utf8 COMMENT='Contains the individual links within a menu.' AUTO_INCREMENT=1350 ;


INSERT INTO `menu_links` (`menu_name`, `mlid`, `plid`, `link_path`, `router_path`, `link_title`, `options`, `module`, `hidden`, `external`, `has_children`, `expanded`, `weight`, `depth`, `customized`, `p1`, `p2`, `p3`, `p4`, `p5`, `p6`, `p7`, `p8`, `p9`, `updated`) VALUES
('navigation', 219, 6, 'node/add/article', 'node/add/article', 'Article', 0x613a313a7b733a31303a2261747472696275746573223b613a313a7b733a353a227469746c65223b733a38393a22557365203c656d3e61727469636c65733c2f656d3e20666f722074696d652d73656e73697469766520636f6e74656e74206c696b65206e6577732c2070726573732072656c6561736573206f7220626c6f6720706f7374732e223b7d7d, 'system', 0, 0, 0, 0, 0, 2, 0, 6, 219, 0, 0, 0, 0, 0, 0, 0, 0),
('navigation', 220, 6, 'node/add/page', 'node/add/page', 'Basic page', 0x613a313a7b733a31303a2261747472696275746573223b613a313a7b733a353a227469746c65223b733a37373a22557365203c656d3e62617369632070616765733c2f656d3e20666f7220796f75722073746174696320636f6e74656e742c207375636820617320616e202741626f75742075732720706167652e223b7d7d, 'system', 0, 0, 0, 0, 0, 2, 0, 6, 220, 0, 0, 0, 0, 0, 0, 0, 0),
('management', 353, 12, 'admin/help/wysiwyg', 'admin/help/wysiwyg', 'wysiwyg', 0x613a303a7b7d, 'system', -1, 0, 0, 0, 0, 3, 0, 1, 12, 353, 0, 0, 0, 0, 0, 0, 0),
('management', 354, 35, 'admin/config/content/wysiwyg', 'admin/config/content/wysiwyg', 'Wysiwyg profiles', 0x613a313a7b733a31303a2261747472696275746573223b613a313a7b733a353a227469746c65223b733a33303a22436f6e66696775726520636c69656e742d7369646520656469746f72732e223b7d7d, 'system', 0, 0, 0, 0, 0, 4, 0, 1, 8, 35, 354, 0, 0, 0, 0, 0, 0),
('management', 355, 354, 'admin/config/content/wysiwyg/profile', 'admin/config/content/wysiwyg/profile', 'List', 0x613a303a7b7d, 'system', -1, 0, 0, 0, 0, 5, 0, 1, 8, 35, 354, 355, 0, 0, 0, 0, 0),
('management', 356, 355, 'admin/config/content/wysiwyg/profile/%/edit', 'admin/config/content/wysiwyg/profile/%/edit', 'Edit', 0x613a303a7b7d, 'system', -1, 0, 0, 0, 0, 6, 0, 1, 8, 35, 354, 355, 356, 0, 0, 0, 0),
('management', 357, 355, 'admin/config/content/wysiwyg/profile/%/delete', 'admin/config/content/wysiwyg/profile/%/delete', 'Remove', 0x613a303a7b7d, 'system', -1, 0, 0, 0, 10, 6, 0, 1, 8, 35, 354, 355, 357, 0, 0, 0, 0),
('management', 383, 30, 'admin/structure/block/imageblock_add', 'admin/structure/block/imageblock_add', 'Add image block', 0x613a303a7b7d, 'system', -1, 0, 0, 0, 0, 4, 0, 1, 21, 30, 383, 0, 0, 0, 0, 0, 0),
('management', 384, 30, 'admin/structure/block/imageblock_configure', 'admin/structure/block/imageblock_configure', 'Image block settings', 0x613a313a7b733a31303a2261747472696275746573223b613a313a7b733a353a227469746c65223b733a33313a22436f6e66696775726520496d61676520626c6f636b2073657474696e67732e223b7d7d, 'system', 0, 0, 0, 0, 0, 4, 0, 1, 21, 30, 384, 0, 0, 0, 0, 0, 0),
('shortcut-set-1', 458, 0, 'admin/structure', 'admin/structure', 'Structure', 0x613a303a7b7d, 'menu', 0, 0, 0, 0, -48, 1, 0, 458, 0, 0, 0, 0, 0, 0, 0, 0, 0),
('shortcut-set-1', 459, 0, 'admin/structure', 'admin/structure', 'Structure', 0x613a303a7b7d, 'menu', 0, 0, 0, 0, -47, 1, 0, 459, 0, 0, 0, 0, 0, 0, 0, 0, 0),
('main-menu', 464, 0, 'contact', 'contact', 'Contact Us', 0x613a313a7b733a31303a2261747472696275746573223b613a313a7b733a353a227469746c65223b733a303a22223b7d7d, 'menu', 0, 0, 0, 0, -47, 1, 1, 464, 0, 0, 0, 0, 0, 0, 0, 0, 0),
('main-menu', 466, 0, 'http://ordasoft.com', '', 'Elements', 0x613a313a7b733a31303a2261747472696275746573223b613a313a7b733a353a227469746c65223b733a303a22223b7d7d, 'menu', 0, 1, 1, 1, -42, 1, 1, 466, 0, 0, 0, 0, 0, 0, 0, 0, 0),
('main-menu', 467, 466, 'quickstart', 'quickstart', 'Quickstart package', 0x613a313a7b733a31303a2261747472696275746573223b613a313a7b733a353a227469746c65223b733a303a22223b7d7d, 'menu', 0, 0, 0, 0, -43, 2, 1, 466, 467, 0, 0, 0, 0, 0, 0, 0, 0),
('main-menu', 468, 466, 'typography', 'typography', 'Typography', 0x613a313a7b733a31303a2261747472696275746573223b613a313a7b733a353a227469746c65223b733a303a22223b7d7d, 'menu', 0, 0, 0, 0, -41, 2, 1, 466, 468, 0, 0, 0, 0, 0, 0, 0, 0),
('main-menu', 469, 466, 'responsive', 'responsive', 'Responsive layout', 0x613a313a7b733a31303a2261747472696275746573223b613a313a7b733a353a227469746c65223b733a303a22223b7d7d, 'menu', 0, 0, 0, 0, -42, 2, 1, 466, 469, 0, 0, 0, 0, 0, 0, 0, 0),
('main-menu', 470, 0, 'ghplu', 'ghplu', '404 Page', 0x613a313a7b733a31303a2261747472696275746573223b613a313a7b733a353a227469746c65223b733a303a22223b7d7d, 'menu', 0, 0, 0, 0, -50, 1, 1, 470, 0, 0, 0, 0, 0, 0, 0, 0, 0),
('main-menu', 472, 466, 'buttons', 'buttons', 'Buttons', 0x613a313a7b733a31303a2261747472696275746573223b613a313a7b733a353a227469746c65223b733a303a22223b7d7d, 'menu', 0, 0, 0, 0, -50, 2, 1, 466, 472, 0, 0, 0, 0, 0, 0, 0, 0),
('main-menu', 473, 466, 'notifications', 'notifications', 'Notifications', 0x613a313a7b733a31303a2261747472696275746573223b613a313a7b733a353a227469746c65223b733a303a22223b7d7d, 'menu', 0, 0, 0, 0, -47, 2, 1, 466, 473, 0, 0, 0, 0, 0, 0, 0, 0),
('main-menu', 474, 466, 'tooltips', 'tooltips', 'Tooltips', 0x613a313a7b733a31303a2261747472696275746573223b613a313a7b733a353a227469746c65223b733a303a22223b7d7d, 'menu', 0, 0, 0, 0, -46, 2, 1, 466, 474, 0, 0, 0, 0, 0, 0, 0, 0),
('main-menu', 475, 466, 'icons', 'icons', 'Icons', 0x613a313a7b733a31303a2261747472696275746573223b613a313a7b733a353a227469746c65223b733a303a22223b7d7d, 'menu', 0, 0, 0, 0, -44, 2, 1, 466, 475, 0, 0, 0, 0, 0, 0, 0, 0),
('main-menu', 476, 466, 'bars', 'bars', 'Progress bars', 0x613a313a7b733a31303a2261747472696275746573223b613a313a7b733a353a227469746c65223b733a303a22223b7d7d, 'menu', 0, 0, 0, 0, -45, 2, 1, 466, 476, 0, 0, 0, 0, 0, 0, 0, 0),
('main-menu', 477, 466, 'accordion', 'accordion', 'Tabs and accordion', 0x613a313a7b733a31303a2261747472696275746573223b613a313a7b733a353a227469746c65223b733a303a22223b7d7d, 'menu', 0, 0, 0, 0, -48, 2, 1, 466, 477, 0, 0, 0, 0, 0, 0, 0, 0),
('main-menu', 478, 466, 'bages', 'bages', 'Labels and bages', 0x613a313a7b733a31303a2261747472696275746573223b613a313a7b733a353a227469746c65223b733a303a22223b7d7d, 'menu', 0, 0, 0, 0, -49, 2, 1, 466, 478, 0, 0, 0, 0, 0, 0, 0, 0),
('management', 479, 21, 'admin/structure/trigger', 'admin/structure/trigger', 'Triggers', 0x613a313a7b733a31303a2261747472696275746573223b613a313a7b733a353a227469746c65223b733a33343a22436f6e666967757265207768656e20746f206578656375746520616374696f6e732e223b7d7d, 'system', 0, 0, 0, 0, 0, 3, 0, 1, 21, 479, 0, 0, 0, 0, 0, 0, 0),
('management', 480, 12, 'admin/help/trigger', 'admin/help/trigger', 'trigger', 0x613a303a7b7d, 'system', -1, 0, 0, 0, 0, 3, 0, 1, 12, 480, 0, 0, 0, 0, 0, 0, 0),
('management', 481, 479, 'admin/structure/trigger/comment', 'admin/structure/trigger/comment', 'Comment', 0x613a303a7b7d, 'system', -1, 0, 0, 0, 0, 4, 0, 1, 21, 479, 481, 0, 0, 0, 0, 0, 0),
('management', 482, 479, 'admin/structure/trigger/node', 'admin/structure/trigger/node', 'Node', 0x613a303a7b7d, 'system', -1, 0, 0, 0, 0, 4, 0, 1, 21, 479, 482, 0, 0, 0, 0, 0, 0),
('management', 483, 479, 'admin/structure/trigger/system', 'admin/structure/trigger/system', 'System', 0x613a303a7b7d, 'system', -1, 0, 0, 0, 0, 4, 0, 1, 21, 479, 483, 0, 0, 0, 0, 0, 0),
('management', 484, 479, 'admin/structure/trigger/taxonomy', 'admin/structure/trigger/taxonomy', 'Taxonomy', 0x613a303a7b7d, 'system', -1, 0, 0, 0, 0, 4, 0, 1, 21, 479, 484, 0, 0, 0, 0, 0, 0),
('management', 485, 479, 'admin/structure/trigger/unassign', 'admin/structure/trigger/unassign', 'Unassign', 0x613a313a7b733a31303a2261747472696275746573223b613a313a7b733a353a227469746c65223b733a33343a22556e61737369676e20616e20616374696f6e2066726f6d206120747269676765722e223b7d7d, 'system', -1, 0, 0, 0, 0, 4, 0, 1, 21, 479, 485, 0, 0, 0, 0, 0, 0),
('management', 486, 479, 'admin/structure/trigger/user', 'admin/structure/trigger/user', 'User', 0x613a303a7b7d, 'system', -1, 0, 0, 0, 0, 4, 0, 1, 21, 479, 486, 0, 0, 0, 0, 0, 0),
('main-menu', 599, 0, 'gallery', 'gallery', 'Gallery', 0x613a313a7b733a31303a2261747472696275746573223b613a313a7b733a353a227469746c65223b733a303a22223b7d7d, 'menu', 0, 0, 0, 0, 2, 1, 1, 599, 0, 0, 0, 0, 0, 0, 0, 0, 0),
('management', 605, 19, 'admin/reports/fields', 'admin/reports/fields', 'Field list', 0x613a313a7b733a31303a2261747472696275746573223b613a313a7b733a353a227469746c65223b733a33393a224f76657276696577206f66206669656c6473206f6e20616c6c20656e746974792074797065732e223b7d7d, 'system', 0, 0, 0, 0, 0, 3, 0, 1, 19, 605, 0, 0, 0, 0, 0, 0, 0),
('management', 606, 12, 'admin/help/field_ui', 'admin/help/field_ui', 'field_ui', 0x613a303a7b7d, 'system', -1, 0, 0, 0, 0, 3, 0, 1, 12, 606, 0, 0, 0, 0, 0, 0, 0),
('management', 646, 21, 'admin/structure/pages', 'admin/structure/pages', 'Pages', 0x613a313a7b733a31303a2261747472696275746573223b613a313a7b733a353a227469746c65223b733a38343a224164642c206564697420616e642072656d6f7665206f76657272696464656e2073797374656d20706167657320616e64207573657220646566696e65642070616765732066726f6d207468652073797374656d2e223b7d7d, 'system', 0, 0, 1, 0, 0, 3, 0, 1, 21, 646, 0, 0, 0, 0, 0, 0, 0),
('management', 647, 646, 'admin/structure/pages/add', 'admin/structure/pages/add', 'Add custom page', 0x613a303a7b7d, 'system', -1, 0, 0, 0, 0, 4, 0, 1, 21, 646, 647, 0, 0, 0, 0, 0, 0),
('management', 648, 646, 'admin/structure/pages/import', 'admin/structure/pages/import', 'Import page', 0x613a303a7b7d, 'system', -1, 0, 0, 0, 0, 4, 0, 1, 21, 646, 648, 0, 0, 0, 0, 0, 0),
('management', 649, 646, 'admin/structure/pages/list', 'admin/structure/pages/list', 'List', 0x613a303a7b7d, 'system', -1, 0, 0, 0, -10, 4, 0, 1, 21, 646, 649, 0, 0, 0, 0, 0, 0),
('management', 650, 646, 'admin/structure/pages/wizard', 'admin/structure/pages/wizard', 'Wizards', 0x613a303a7b7d, 'system', -1, 0, 0, 0, -5, 4, 0, 1, 21, 646, 650, 0, 0, 0, 0, 0, 0),
('management', 651, 646, 'admin/structure/pages/edit/%', 'admin/structure/pages/edit/%', 'Edit', 0x613a303a7b7d, 'system', 0, 0, 0, 0, 0, 4, 0, 1, 21, 646, 651, 0, 0, 0, 0, 0, 0),
('management', 652, 646, 'admin/structure/pages/%/operation/%', 'admin/structure/pages/%/operation/%', '', 0x613a303a7b7d, 'system', 0, 0, 0, 0, 0, 4, 0, 1, 21, 646, 652, 0, 0, 0, 0, 0, 0),
('navigation', 654, 0, 'ctools_ajax_sample', 'ctools_ajax_sample', 'Chaos Tools AJAX Demo', 0x613a303a7b7d, 'system', 0, 0, 1, 0, 0, 1, 0, 654, 0, 0, 0, 0, 0, 0, 0, 0, 0),
('navigation', 655, 654, 'ctools_ajax_sample/jumped', 'ctools_ajax_sample/jumped', 'Successful Jumping', 0x613a303a7b7d, 'system', 0, 0, 0, 0, 0, 2, 0, 654, 655, 0, 0, 0, 0, 0, 0, 0, 0),
('navigation', 656, 0, 'media/%', 'media/%', '', 0x613a303a7b7d, 'system', 0, 0, 1, 0, 0, 1, 0, 656, 0, 0, 0, 0, 0, 0, 0, 0, 0),
('navigation', 657, 656, 'media/%/delete', 'media/%/delete', 'Delete', 0x613a303a7b7d, 'system', -1, 0, 0, 0, 1, 2, 0, 656, 657, 0, 0, 0, 0, 0, 0, 0, 0),
('navigation', 658, 656, 'media/%/edit', 'media/%/edit', 'Edit', 0x613a303a7b7d, 'system', -1, 0, 0, 0, 0, 2, 0, 656, 658, 0, 0, 0, 0, 0, 0, 0, 0),
('navigation', 659, 656, 'media/%/multiedit', 'media/%/multiedit', 'Multi Edit', 0x613a303a7b7d, 'system', 0, 0, 0, 0, 0, 2, 0, 656, 659, 0, 0, 0, 0, 0, 0, 0, 0),
('navigation', 660, 656, 'media/%/format-form', 'media/%/format-form', 'Style selector', 0x613a313a7b733a31303a2261747472696275746573223b613a313a7b733a353a227469746c65223b733a33363a2243686f6f7365206120666f726d617420666f722061207069656365206f66206d65646961223b7d7d, 'system', 0, 0, 0, 0, 0, 2, 0, 656, 660, 0, 0, 0, 0, 0, 0, 0, 0),
('navigation', 661, 656, 'media/%/view', 'media/%/view', 'View', 0x613a303a7b7d, 'system', -1, 0, 0, 0, -10, 2, 0, 656, 661, 0, 0, 0, 0, 0, 0, 0, 0),
('management', 664, 9, 'admin/content/media', 'admin/content/media', 'Media', 0x613a313a7b733a31303a2261747472696275746573223b613a313a7b733a353a227469746c65223b733a33313a224d616e6167652066696c65732075736564206f6e20796f757220736974652e223b7d7d, 'system', 0, 0, 0, 0, 0, 3, 0, 1, 9, 664, 0, 0, 0, 0, 0, 0, 0),
('management', 666, 12, 'admin/help/file_entity', 'admin/help/file_entity', 'file_entity', 0x613a303a7b7d, 'system', -1, 0, 0, 0, 0, 3, 0, 1, 12, 666, 0, 0, 0, 0, 0, 0, 0),
('management', 667, 12, 'admin/help/media', 'admin/help/media', 'media', 0x613a303a7b7d, 'system', -1, 0, 0, 0, 0, 3, 0, 1, 12, 667, 0, 0, 0, 0, 0, 0, 0),
('management', 673, 46, 'admin/config/media/file-types', 'admin/config/media/file-types', 'File types', 0x613a313a7b733a31303a2261747472696275746573223b613a313a7b733a353a227469746c65223b733a33313a224d616e6167652066696c65732075736564206f6e20796f757220736974652e223b7d7d, 'system', 0, 0, 1, 0, 0, 4, 0, 1, 8, 46, 673, 0, 0, 0, 0, 0, 0),
('management', 676, 664, 'admin/content/media/import', 'admin/content/media/import', 'Import media', 0x613a313a7b733a31303a2261747472696275746573223b613a313a7b733a353a227469746c65223b733a33373a22496d706f72742066696c657320696e746f20796f7572206d65646961206c6962726172792e223b7d7d, 'system', -1, 0, 0, 0, 0, 4, 0, 1, 9, 664, 676, 0, 0, 0, 0, 0, 0),
('management', 678, 46, 'admin/config/media/browser', 'admin/config/media/browser', 'Media browser settings', 0x613a313a7b733a31303a2261747472696275746573223b613a313a7b733a353a227469746c65223b733a35363a22436f6e66696775726520746865206265686176696f7220616e6420646973706c6179206f6620746865206d656469612062726f777365722e223b7d7d, 'system', 0, 0, 0, 0, 0, 4, 0, 1, 8, 46, 678, 0, 0, 0, 0, 0, 0),
('management', 679, 46, 'admin/config/media/rebuild_types', 'admin/config/media/rebuild_types', 'Rebuild type information for media', 0x613a313a7b733a31303a2261747472696275746573223b613a313a7b733a353a227469746c65223b733a37393a22496e2063617365207468657265206172652066696c657320696e2066696c655f6d616e6167656420772f6f206120747970652c20746869732066756e6374696f6e2072656275696c6473207468656d223b7d7d, 'system', 0, 0, 0, 0, 0, 4, 0, 1, 8, 46, 679, 0, 0, 0, 0, 0, 0),
('management', 689, 673, 'admin/config/media/file-types/manage/%', 'admin/config/media/file-types/manage/%', 'Manage file types', 0x613a313a7b733a31303a2261747472696275746573223b613a313a7b733a353a227469746c65223b733a33313a224d616e6167652066696c65732075736564206f6e20796f757220736974652e223b7d7d, 'system', 0, 0, 0, 0, 0, 5, 0, 1, 8, 46, 673, 689, 0, 0, 0, 0, 0),
('management', 694, 689, 'admin/config/media/file-types/manage/%/file-display', 'admin/config/media/file-types/manage/%/file-display', 'Manage file display', 0x613a303a7b7d, 'system', -1, 0, 0, 0, 3, 6, 0, 1, 8, 46, 673, 689, 694, 0, 0, 0, 0),
('management', 696, 694, 'admin/config/media/file-types/manage/%/file-display/default', 'admin/config/media/file-types/manage/%/file-display/default', 'Default', 0x613a303a7b7d, 'system', -1, 0, 0, 0, -10, 7, 0, 1, 8, 46, 673, 689, 694, 696, 0, 0, 0),
('management', 708, 694, 'admin/config/media/file-types/manage/%/file-display/media_large', 'admin/config/media/file-types/manage/%/file-display/media_large', 'Large', 0x613a303a7b7d, 'system', -1, 0, 0, 0, 3, 7, 0, 1, 8, 46, 673, 689, 694, 708, 0, 0, 0),
('management', 710, 694, 'admin/config/media/file-types/manage/%/file-display/media_link', 'admin/config/media/file-types/manage/%/file-display/media_link', 'Link', 0x613a303a7b7d, 'system', -1, 0, 0, 0, 0, 7, 0, 1, 8, 46, 673, 689, 694, 710, 0, 0, 0),
('management', 712, 694, 'admin/config/media/file-types/manage/%/file-display/media_original', 'admin/config/media/file-types/manage/%/file-display/media_original', 'Original', 0x613a303a7b7d, 'system', -1, 0, 0, 0, 4, 7, 0, 1, 8, 46, 673, 689, 694, 712, 0, 0, 0),
('management', 714, 694, 'admin/config/media/file-types/manage/%/file-display/media_preview', 'admin/config/media/file-types/manage/%/file-display/media_preview', 'Preview', 0x613a303a7b7d, 'system', -1, 0, 0, 0, 1, 7, 0, 1, 8, 46, 673, 689, 694, 714, 0, 0, 0),
('management', 716, 694, 'admin/config/media/file-types/manage/%/file-display/media_small', 'admin/config/media/file-types/manage/%/file-display/media_small', 'Small', 0x613a303a7b7d, 'system', -1, 0, 0, 0, 2, 7, 0, 1, 8, 46, 673, 689, 694, 716, 0, 0, 0),
('main-menu', 724, 0, 'gallery-3-column', 'gallery-3-column', 'Gallery 3 column', 0x613a313a7b733a31303a2261747472696275746573223b613a313a7b733a353a227469746c65223b733a303a22223b7d7d, 'menu', 0, 0, 0, 0, -49, 1, 1, 724, 0, 0, 0, 0, 0, 0, 0, 0, 0),
('main-menu', 727, 0, 'gallery-2-column', 'gallery-2-column', 'Gallery 2 column', 0x613a313a7b733a31303a2261747472696275746573223b613a313a7b733a353a227469746c65223b733a303a22223b7d7d, 'menu', 0, 0, 0, 0, -50, 1, 1, 727, 0, 0, 0, 0, 0, 0, 0, 0, 0),
('main-menu', 728, 0, 'gallery-4-column', 'gallery-4-column', 'Gallery 4 column', 0x613a313a7b733a31303a2261747472696275746573223b613a313a7b733a353a227469746c65223b733a303a22223b7d7d, 'menu', 0, 0, 0, 0, -48, 1, 1, 728, 0, 0, 0, 0, 0, 0, 0, 0, 0),
('navigation', 729, 0, 'contact', 'contact', 'Contact', 0x613a303a7b7d, 'system', 1, 0, 0, 0, 0, 1, 0, 729, 0, 0, 0, 0, 0, 0, 0, 0, 0),
('navigation', 730, 17, 'user/%/contact', 'user/%/contact', 'Contact', 0x613a303a7b7d, 'system', -1, 0, 0, 0, 2, 2, 0, 17, 730, 0, 0, 0, 0, 0, 0, 0, 0),
('management', 731, 21, 'admin/structure/contact', 'admin/structure/contact', 'Contact form', 0x613a313a7b733a31303a2261747472696275746573223b613a313a7b733a353a227469746c65223b733a37313a2243726561746520612073797374656d20636f6e7461637420666f726d20616e64207365742075702063617465676f7269657320666f722074686520666f726d20746f207573652e223b7d7d, 'system', 0, 0, 1, 0, 0, 3, 0, 1, 21, 731, 0, 0, 0, 0, 0, 0, 0),
('management', 732, 12, 'admin/help/contact', 'admin/help/contact', 'contact', 0x613a303a7b7d, 'system', -1, 0, 0, 0, 0, 3, 0, 1, 12, 732, 0, 0, 0, 0, 0, 0, 0),
('management', 733, 731, 'admin/structure/contact/add', 'admin/structure/contact/add', 'Add category', 0x613a303a7b7d, 'system', -1, 0, 0, 0, 1, 4, 0, 1, 21, 731, 733, 0, 0, 0, 0, 0, 0),
('management', 734, 731, 'admin/structure/contact/delete/%', 'admin/structure/contact/delete/%', 'Delete contact', 0x613a303a7b7d, 'system', 0, 0, 0, 0, 0, 4, 0, 1, 21, 731, 734, 0, 0, 0, 0, 0, 0),
('management', 735, 731, 'admin/structure/contact/edit/%', 'admin/structure/contact/edit/%', 'Edit contact category', 0x613a303a7b7d, 'system', 0, 0, 0, 0, 0, 4, 0, 1, 21, 731, 735, 0, 0, 0, 0, 0, 0),
('management', 736, 1, 'admin/advanced_help', 'admin/advanced_help', 'Advanced help', 0x613a303a7b7d, 'system', 0, 0, 0, 0, 9, 2, 0, 1, 736, 0, 0, 0, 0, 0, 0, 0, 0),
('management', 737, 1, 'admin/help_example', 'admin', 'Example help', 0x613a303a7b7d, 'system', 1, 0, 0, 0, 9, 2, 1, 1, 737, 0, 0, 0, 0, 0, 0, 0, 0),
('navigation', 738, 0, 'advanced_help/search/%', 'advanced_help/search/%', 'Search help', 0x613a303a7b7d, 'system', 0, 0, 0, 0, 0, 1, 0, 738, 0, 0, 0, 0, 0, 0, 0, 0, 0),
('navigation', 739, 0, 'search/advanced_help/%', 'search/advanced_help/%', '', 0x613a303a7b7d, 'system', 0, 0, 0, 0, 0, 1, 0, 739, 0, 0, 0, 0, 0, 0, 0, 0, 0),
('management', 740, 21, 'admin/structure/panels', 'admin/structure/panels', 'Panels', 0x613a313a7b733a31303a2261747472696275746573223b613a313a7b733a353a227469746c65223b733a34393a22476574206120626972642773206579652076696577206f66206974656d732072656c6174656420746f2050616e656c732e223b7d7d, 'system', 0, 0, 0, 0, 0, 3, 0, 1, 21, 740, 0, 0, 0, 0, 0, 0, 0),
('management', 741, 740, 'admin/structure/panels/dashboard', 'admin/structure/panels/dashboard', 'Dashboard', 0x613a303a7b7d, 'system', -1, 0, 0, 0, -10, 4, 0, 1, 21, 740, 741, 0, 0, 0, 0, 0, 0),
('management', 743, 740, 'admin/structure/panels/settings', 'admin/structure/panels/settings', 'Settings', 0x613a303a7b7d, 'system', -1, 0, 0, 0, 0, 4, 0, 1, 21, 740, 743, 0, 0, 0, 0, 0, 0),
('management', 745, 743, 'admin/structure/panels/settings/general', 'admin/structure/panels/settings/general', 'General', 0x613a303a7b7d, 'system', -1, 0, 0, 0, -10, 5, 0, 1, 21, 740, 743, 745, 0, 0, 0, 0, 0),
('management', 748, 743, 'admin/structure/panels/settings/panel-page', 'admin/structure/panels/settings/panel-page', 'Panel pages', 0x613a303a7b7d, 'system', -1, 0, 0, 0, -10, 5, 0, 1, 21, 740, 743, 748, 0, 0, 0, 0, 0),
('management', 752, 1, 'admin/settings/ctools_plugin_example', 'admin/settings/ctools_plugin_example', 'CTools plugin example', 0x613a313a7b733a31303a2261747472696275746573223b613a313a7b733a353a227469746c65223b733a38383a2244656d6f6e7374726174696f6e20636f64652c20616476616e6365642068656c702c20616e6420612064656d6f2070616e656c20746f2073686f7720686f7720746f206275696c642063746f6f6c7320706c7567696e732e223b7d7d, 'system', 1, 0, 0, 0, 0, 2, 1, 1, 752, 0, 0, 0, 0, 0, 0, 0, 0),
('navigation', 755, 0, 'blog', 'blog', 'Blogs', 0x613a303a7b7d, 'system', 1, 0, 1, 0, 0, 1, 0, 755, 0, 0, 0, 0, 0, 0, 0, 0, 0),
('navigation', 756, 755, 'blog/%', 'blog/%', 'My blog', 0x613a303a7b7d, 'system', 0, 0, 0, 0, 0, 2, 0, 755, 756, 0, 0, 0, 0, 0, 0, 0, 0),
('navigation', 757, 6, 'node/add/blog', 'node/add/blog', 'Blog entry', 0x613a313a7b733a31303a2261747472696275746573223b613a313a7b733a353a227469746c65223b733a35383a2255736520666f72206d756c74692d7573657220626c6f67732e20457665727920757365722067657473206120706572736f6e616c20626c6f672e223b7d7d, 'system', 0, 0, 0, 0, 0, 2, 0, 6, 757, 0, 0, 0, 0, 0, 0, 0, 0),
('management', 758, 12, 'admin/help/blog', 'admin/help/blog', 'blog', 0x613a303a7b7d, 'system', -1, 0, 0, 0, 0, 3, 0, 1, 12, 758, 0, 0, 0, 0, 0, 0, 0),
('main-menu', 765, 0, 'blog', 'blog', 'Blog', 0x613a313a7b733a31303a2261747472696275746573223b613a313a7b733a353a227469746c65223b733a303a22223b7d7d, 'menu', 1, 0, 0, 0, -41, 1, 1, 765, 0, 0, 0, 0, 0, 0, 0, 0, 0),
('management', 920, 47, 'admin/structure/menu/manage/menu-menu-secondary-menu', 'admin/structure/menu/manage/%', 'Secondary menu', 0x613a303a7b7d, 'menu', 0, 0, 0, 0, 0, 4, 0, 1, 21, 47, 920, 0, 0, 0, 0, 0, 0),
('menu-menu-secondary-menu', 921, 0, '<front>', '', 'Home', 0x613a313a7b733a31303a2261747472696275746573223b613a313a7b733a353a227469746c65223b733a303a22223b7d7d, 'menu', 1, 1, 0, 0, 0, 1, 1, 921, 0, 0, 0, 0, 0, 0, 0, 0, 0),
('management', 924, 56, 'admin/config/system/contact_form_blocks', 'admin/config/system/contact_form_blocks', 'Contact blocks', 0x613a313a7b733a31303a2261747472696275746573223b613a313a7b733a353a227469746c65223b733a32333a22436f6e7461637420626c6f636b732073657474696e6773223b7d7d, 'system', 0, 0, 0, 0, 0, 4, 0, 1, 8, 56, 924, 0, 0, 0, 0, 0, 0),
('management', 945, 8, 'admin/config/administration', 'admin/config/administration', 'Administration', 0x613a313a7b733a31303a2261747472696275746573223b613a313a7b733a353a227469746c65223b733a32313a2241646d696e697374726174696f6e20746f6f6c732e223b7d7d, 'system', 0, 0, 1, 0, 0, 3, 0, 1, 8, 945, 0, 0, 0, 0, 0, 0, 0),
('management', 946, 12, 'admin/help/admin_menu', 'admin/help/admin_menu', 'admin_menu', 0x613a303a7b7d, 'system', -1, 0, 0, 0, 0, 3, 0, 1, 12, 946, 0, 0, 0, 0, 0, 0, 0),
('management', 947, 945, 'admin/config/administration/admin_menu', 'admin/config/administration/admin_menu', 'Administration menu', 0x613a313a7b733a31303a2261747472696275746573223b613a313a7b733a353a227469746c65223b733a33363a2241646a7573742061646d696e697374726174696f6e206d656e752073657474696e67732e223b7d7d, 'system', 0, 0, 0, 0, 0, 4, 0, 1, 8, 945, 947, 0, 0, 0, 0, 0, 0),
('management', 967, 19, 'admin/reports/updates', 'admin/reports/updates', 'Available updates', 0x613a313a7b733a31303a2261747472696275746573223b613a313a7b733a353a227469746c65223b733a38323a22476574206120737461747573207265706f72742061626f757420617661696c61626c65207570646174657320666f7220796f757220696e7374616c6c6564206d6f64756c657320616e64207468656d65732e223b7d7d, 'system', 0, 0, 0, 0, -50, 3, 0, 1, 19, 967, 0, 0, 0, 0, 0, 0, 0),
('management', 968, 16, 'admin/modules/install', 'admin/modules/install', 'Install new module', 0x613a303a7b7d, 'system', -1, 0, 0, 0, 25, 3, 0, 1, 16, 968, 0, 0, 0, 0, 0, 0, 0),
('management', 969, 7, 'admin/appearance/install', 'admin/appearance/install', 'Install new theme', 0x613a303a7b7d, 'system', -1, 0, 0, 0, 25, 3, 0, 1, 7, 969, 0, 0, 0, 0, 0, 0, 0),
('management', 970, 7, 'admin/appearance/update', 'admin/appearance/update', 'Update', 0x613a303a7b7d, 'system', -1, 0, 0, 0, 10, 3, 0, 1, 7, 970, 0, 0, 0, 0, 0, 0, 0),
('management', 971, 16, 'admin/modules/update', 'admin/modules/update', 'Update', 0x613a303a7b7d, 'system', -1, 0, 0, 0, 10, 3, 0, 1, 16, 971, 0, 0, 0, 0, 0, 0, 0),
('management', 972, 12, 'admin/help/update', 'admin/help/update', 'update', 0x613a303a7b7d, 'system', -1, 0, 0, 0, 0, 3, 0, 1, 12, 972, 0, 0, 0, 0, 0, 0, 0),
('management', 973, 967, 'admin/reports/updates/list', 'admin/reports/updates/list', 'List', 0x613a303a7b7d, 'system', -1, 0, 0, 0, 0, 4, 0, 1, 19, 967, 973, 0, 0, 0, 0, 0, 0),
('management', 974, 967, 'admin/reports/updates/settings', 'admin/reports/updates/settings', 'Settings', 0x613a303a7b7d, 'system', -1, 0, 0, 0, 50, 4, 0, 1, 19, 967, 974, 0, 0, 0, 0, 0, 0),
('management', 975, 967, 'admin/reports/updates/install', 'admin/reports/updates/install', 'Install new module or theme', 0x613a303a7b7d, 'system', -1, 0, 0, 0, 25, 4, 0, 1, 19, 967, 975, 0, 0, 0, 0, 0, 0),
('management', 976, 967, 'admin/reports/updates/update', 'admin/reports/updates/update', 'Update', 0x613a303a7b7d, 'system', -1, 0, 0, 0, 10, 4, 0, 1, 19, 967, 976, 0, 0, 0, 0, 0, 0),
('management', 1040, 47, 'admin/structure/menu/manage/menu-top-menu', 'admin/structure/menu/manage/%', 'Top menu', 0x613a303a7b7d, 'menu', 0, 0, 0, 0, 0, 4, 0, 1, 21, 47, 1040, 0, 0, 0, 0, 0, 0),
('menu-top-menu', 1041, 0, '<front>', '', 'Contacts', 0x613a313a7b733a31303a2261747472696275746573223b613a313a7b733a353a227469746c65223b733a303a22223b7d7d, 'menu', 0, 1, 0, 0, -48, 1, 1, 1041, 0, 0, 0, 0, 0, 0, 0, 0, 0),
('menu-top-menu', 1046, 0, '<front>', '', 'FAQs', 0x613a313a7b733a31303a2261747472696275746573223b613a313a7b733a353a227469746c65223b733a303a22223b7d7d, 'menu', 0, 1, 0, 0, -49, 1, 1, 1046, 0, 0, 0, 0, 0, 0, 0, 0, 0),
('menu-top-menu', 1047, 0, '<front>', '', 'About Us', 0x613a313a7b733a31303a2261747472696275746573223b613a313a7b733a353a227469746c65223b733a303a22223b7d7d, 'menu', 0, 1, 0, 0, -50, 1, 1, 1047, 0, 0, 0, 0, 0, 0, 0, 0, 0),
('menu-menu-secondary-menu', 1075, 0, '<front>', '', 'About us', 0x613a313a7b733a31303a2261747472696275746573223b613a313a7b733a353a227469746c65223b733a303a22223b7d7d, 'menu', 1, 1, 0, 0, 0, 1, 1, 1075, 0, 0, 0, 0, 0, 0, 0, 0, 0),
('menu-menu-secondary-menu', 1076, 0, '<front>', '', 'Forum', 0x613a313a7b733a31303a2261747472696275746573223b613a313a7b733a353a227469746c65223b733a303a22223b7d7d, 'menu', 1, 1, 0, 0, 0, 1, 1, 1076, 0, 0, 0, 0, 0, 0, 0, 0, 0),
('menu-menu-secondary-menu', 1077, 0, '<front>', '', 'News', 0x613a313a7b733a31303a2261747472696275746573223b613a313a7b733a353a227469746c65223b733a303a22223b7d7d, 'menu', 1, 1, 0, 0, 0, 1, 1, 1077, 0, 0, 0, 0, 0, 0, 0, 0, 0),
('main-menu', 1081, 0, 'blog', 'blog', 'Blog', 0x613a313a7b733a31303a2261747472696275746573223b613a313a7b733a353a227469746c65223b733a303a22223b7d7d, 'menu', 0, 0, 0, 0, -43, 1, 1, 1081, 0, 0, 0, 0, 0, 0, 0, 0, 0),
('navigation', 1088, 6, 'node/add/slideshow-top', 'node/add/slideshow-top', 'Slideshow top', 0x613a303a7b7d, 'system', 0, 0, 0, 0, 0, 2, 0, 6, 1088, 0, 0, 0, 0, 0, 0, 0, 0),
('navigation', 1091, 6, 'node/add/team', 'node/add/team', 'Team', 0x613a303a7b7d, 'system', 0, 0, 0, 0, 0, 2, 0, 6, 1091, 0, 0, 0, 0, 0, 0, 0, 0),
('management', 1119, 39, 'admin/config/development/less', 'admin/config/development/less', 'LESS', 0x613a313a7b733a31303a2261747472696275746573223b613a313a7b733a353a227469746c65223b733a32343a2241646d696e6973746572204c4553532073657474696e6773223b7d7d, 'system', 0, 0, 0, 0, 0, 4, 0, 1, 8, 39, 1119, 0, 0, 0, 0, 0, 0),
('management', 1120, 1119, 'admin/config/development/less/demo', 'admin/config/development/less/demo', 'LESS Demo', 0x613a313a7b733a31303a2261747472696275746573223b613a313a7b733a353a227469746c65223b733a33313a2244656d6f6e7374726174696f6e20666f72206c657373206665617475726573223b7d7d, 'system', -1, 0, 0, 0, 1, 5, 0, 1, 8, 39, 1119, 1120, 0, 0, 0, 0, 0),
('management', 1121, 1119, 'admin/config/development/less/settings', 'admin/config/development/less/settings', 'LESS Settings', 0x613a303a7b7d, 'system', -1, 0, 0, 0, 0, 5, 0, 1, 8, 39, 1119, 1121, 0, 0, 0, 0, 0),
('management', 1124, 137, 'admin/structure/block/list/garland/add', 'admin/structure/block/list/garland/add', 'Add block', 0x613a303a7b7d, 'system', -1, 0, 0, 0, 0, 5, 0, 1, 21, 30, 137, 1124, 0, 0, 0, 0, 0),
('management', 1131, 54, 'admin/appearance/settings/realestate', 'admin/appearance/settings/realestate', 'OS RealEstate 2015', 0x613a303a7b7d, 'system', -1, 0, 0, 0, 0, 4, 0, 1, 7, 54, 1131, 0, 0, 0, 0, 0, 0),
('management', 1132, 30, 'admin/structure/block/list/realestate', 'admin/structure/block/list/realestate', 'OS RealEstate 2015', 0x613a303a7b7d, 'system', -1, 0, 0, 0, -10, 4, 0, 1, 21, 30, 1132, 0, 0, 0, 0, 0, 0),
('navigation', 1140, 6, 'node/add/house', 'node/add/house', 'House', 0x613a303a7b7d, 'system', 0, 0, 0, 0, 0, 2, 0, 6, 1140, 0, 0, 0, 0, 0, 0, 0, 0),
('navigation', 1141, 0, 'house', 'house', 'House', 0x613a313a7b733a31303a2261747472696275746573223b613a313a7b733a353a227469746c65223b733a303a22223b7d7d, 'menu', 0, 0, 0, 0, -48, 1, 1, 1141, 0, 0, 0, 0, 0, 0, 0, 0, 0),
('management', 1142, 47, 'admin/structure/menu/manage/menu-category', 'admin/structure/menu/manage/%', 'category', 0x613a303a7b7d, 'menu', 0, 0, 0, 0, 0, 4, 0, 1, 21, 47, 1142, 0, 0, 0, 0, 0, 0),
('main-menu', 1143, 0, 'category', 'category', 'Category', 0x613a313a7b733a31303a2261747472696275746573223b613a313a7b733a353a227469746c65223b733a303a22223b7d7d, 'menu', 0, 0, 0, 0, -49, 1, 1, 1143, 0, 0, 0, 0, 0, 0, 0, 0, 0),
('navigation', 1145, 0, 'map/macro', 'map/macro', 'Build a GMap macro', 0x613a303a7b7d, 'system', 0, 0, 0, 0, 0, 1, 0, 1145, 0, 0, 0, 0, 0, 0, 0, 0, 0),
('management', 1146, 12, 'admin/help/gmap_macro_builder', 'admin/help/gmap_macro_builder', 'gmap_macro_builder', 0x613a303a7b7d, 'system', -1, 0, 0, 0, 0, 3, 0, 1, 12, 1146, 0, 0, 0, 0, 0, 0, 0),
('management', 1147, 64, 'admin/config/services/gmap', 'admin/config/services/gmap', 'GMap', 0x613a313a7b733a31303a2261747472696275746573223b613a313a7b733a353a227469746c65223b733a32333a22436f6e66696775726520474d61702073657474696e6773223b7d7d, 'system', 0, 0, 0, 0, 0, 4, 0, 1, 8, 64, 1147, 0, 0, 0, 0, 0, 0),
('navigation', 1148, 0, 'map/node', 'map/node', 'Node locations', 0x613a303a7b7d, 'system', 0, 0, 0, 0, 0, 1, 1, 1148, 0, 0, 0, 0, 0, 0, 0, 0, 0),
('navigation', 1149, 0, 'map/user', 'map/user', 'User locations', 0x613a303a7b7d, 'system', 0, 0, 0, 0, 0, 1, 0, 1149, 0, 0, 0, 0, 0, 0, 0, 0, 0),
('management', 1150, 12, 'admin/help/location', 'admin/help/location', 'location', 0x613a303a7b7d, 'system', -1, 0, 0, 0, 0, 3, 0, 1, 12, 1150, 0, 0, 0, 0, 0, 0, 0),
('management', 1151, 64, 'admin/config/services/gmap_location', 'admin/config/services/gmap_location', 'GMap Location', 0x613a313a7b733a31303a2261747472696275746573223b613a313a7b733a353a227469746c65223b733a33333a22436f6e66696775726520474d6170204c6f636174696f6e2073657474696e67732e223b7d7d, 'system', 0, 0, 0, 0, 0, 4, 0, 1, 8, 64, 1151, 0, 0, 0, 0, 0, 0),
('management', 1152, 35, 'admin/config/content/location', 'admin/config/content/location', 'Location', 0x613a313a7b733a31303a2261747472696275746573223b613a313a7b733a353a227469746c65223b733a32383a2253657474696e677320666f72204c6f636174696f6e206d6f64756c65223b7d7d, 'system', 0, 0, 0, 0, 0, 4, 0, 1, 8, 35, 1152, 0, 0, 0, 0, 0, 0),
('management', 1153, 1152, 'admin/config/content/location/geocoding', 'admin/config/content/location/geocoding', 'Geocoding options', 0x613a303a7b7d, 'system', -1, 0, 0, 0, 2, 5, 0, 1, 8, 35, 1152, 1153, 0, 0, 0, 0, 0),
('management', 1154, 1152, 'admin/config/content/location/util', 'admin/config/content/location/util', 'Location utilities', 0x613a303a7b7d, 'system', -1, 0, 0, 0, 3, 5, 0, 1, 8, 35, 1152, 1154, 0, 0, 0, 0, 0),
('management', 1155, 1152, 'admin/config/content/location/main', 'admin/config/content/location/main', 'Main settings', 0x613a303a7b7d, 'system', -1, 0, 0, 0, 0, 5, 0, 1, 8, 35, 1152, 1155, 0, 0, 0, 0, 0),
('management', 1156, 1152, 'admin/config/content/location/maplinking', 'admin/config/content/location/maplinking', 'Map links', 0x613a303a7b7d, 'system', -1, 0, 0, 0, 1, 5, 0, 1, 8, 35, 1152, 1156, 0, 0, 0, 0, 0),
('navigation', 1157, 6, 'node/add/local', 'node/add/local', 'local', 0x613a303a7b7d, 'system', 0, 0, 0, 0, 0, 2, 0, 6, 1157, 0, 0, 0, 0, 0, 0, 0, 0),
('management', 1158, 12, 'admin/help/locale', 'admin/help/locale', 'locale', 0x613a303a7b7d, 'system', -1, 0, 0, 0, 0, 3, 0, 1, 12, 1158, 0, 0, 0, 0, 0, 0, 0),
('management', 1159, 51, 'admin/config/regional/language', 'admin/config/regional/language', 'Languages', 0x613a313a7b733a31303a2261747472696275746573223b613a313a7b733a353a227469746c65223b733a35353a22436f6e666967757265206c616e67756167657320666f7220636f6e74656e7420616e6420746865207573657220696e746572666163652e223b7d7d, 'system', 0, 0, 1, 0, -10, 4, 0, 1, 8, 51, 1159, 0, 0, 0, 0, 0, 0),
('management', 1160, 51, 'admin/config/regional/translate', 'admin/config/regional/translate', 'Translate interface', 0x613a313a7b733a31303a2261747472696275746573223b613a313a7b733a353a227469746c65223b733a35393a225472616e736c61746520746865206275696c7420696e20696e7465726661636520616e64206f7074696f6e616c6c79206f7468657220746578742e223b7d7d, 'system', 0, 0, 1, 0, -5, 4, 0, 1, 8, 51, 1160, 0, 0, 0, 0, 0, 0),
('management', 1161, 1159, 'admin/config/regional/language/add', 'admin/config/regional/language/add', 'Add language', 0x613a303a7b7d, 'system', -1, 0, 0, 0, 5, 5, 0, 1, 8, 51, 1159, 1161, 0, 0, 0, 0, 0),
('management', 1162, 1159, 'admin/config/regional/language/configure', 'admin/config/regional/language/configure', 'Detection and selection', 0x613a303a7b7d, 'system', -1, 0, 0, 0, 10, 5, 0, 1, 8, 51, 1159, 1162, 0, 0, 0, 0, 0),
('management', 1163, 1160, 'admin/config/regional/translate/export', 'admin/config/regional/translate/export', 'Export', 0x613a303a7b7d, 'system', -1, 0, 0, 0, 30, 5, 0, 1, 8, 51, 1160, 1163, 0, 0, 0, 0, 0),
('management', 1164, 1160, 'admin/config/regional/translate/import', 'admin/config/regional/translate/import', 'Import', 0x613a303a7b7d, 'system', -1, 0, 0, 0, 20, 5, 0, 1, 8, 51, 1160, 1164, 0, 0, 0, 0, 0),
('management', 1165, 1159, 'admin/config/regional/language/overview', 'admin/config/regional/language/overview', 'List', 0x613a303a7b7d, 'system', -1, 0, 0, 0, 0, 5, 0, 1, 8, 51, 1159, 1165, 0, 0, 0, 0, 0),
('management', 1166, 99, 'admin/config/regional/date-time/locale', 'admin/config/regional/date-time/locale', 'Localize', 0x613a313a7b733a31303a2261747472696275746573223b613a313a7b733a353a227469746c65223b733a33383a22436f6e666967757265206461746520666f726d61747320666f722065616368206c6f63616c65223b7d7d, 'system', -1, 0, 1, 0, -8, 5, 0, 1, 8, 51, 99, 1166, 0, 0, 0, 0, 0),
('management', 1167, 1160, 'admin/config/regional/translate/overview', 'admin/config/regional/translate/overview', 'Overview', 0x613a303a7b7d, 'system', -1, 0, 0, 0, 0, 5, 0, 1, 8, 51, 1160, 1167, 0, 0, 0, 0, 0),
('management', 1169, 1160, 'admin/config/regional/translate/translate', 'admin/config/regional/translate/translate', 'Translate', 0x613a303a7b7d, 'system', -1, 0, 0, 0, 10, 5, 0, 1, 8, 51, 1160, 1169, 0, 0, 0, 0, 0),
('management', 1170, 1159, 'admin/config/regional/language/delete/%', 'admin/config/regional/language/delete/%', 'Confirm', 0x613a303a7b7d, 'system', 0, 0, 0, 0, 0, 5, 0, 1, 8, 51, 1159, 1170, 0, 0, 0, 0, 0),
('management', 1171, 1160, 'admin/config/regional/translate/delete/%', 'admin/config/regional/translate/delete/%', 'Delete string', 0x613a303a7b7d, 'system', 0, 0, 0, 0, 0, 5, 0, 1, 8, 51, 1160, 1171, 0, 0, 0, 0, 0),
('management', 1172, 1159, 'admin/config/regional/language/edit/%', 'admin/config/regional/language/edit/%', 'Edit language', 0x613a303a7b7d, 'system', 0, 0, 0, 0, 0, 5, 0, 1, 8, 51, 1159, 1172, 0, 0, 0, 0, 0),
('management', 1173, 1160, 'admin/config/regional/translate/edit/%', 'admin/config/regional/translate/edit/%', 'Edit string', 0x613a303a7b7d, 'system', 0, 0, 0, 0, 0, 5, 0, 1, 8, 51, 1160, 1173, 0, 0, 0, 0, 0),
('management', 1174, 1162, 'admin/config/regional/language/configure/session', 'admin/config/regional/language/configure/session', 'Session language detection configuration', 0x613a303a7b7d, 'system', -1, 0, 0, 0, 0, 6, 0, 1, 8, 51, 1159, 1162, 1174, 0, 0, 0, 0),
('management', 1175, 1162, 'admin/config/regional/language/configure/url', 'admin/config/regional/language/configure/url', 'URL language detection configuration', 0x613a303a7b7d, 'system', -1, 0, 0, 0, 0, 6, 0, 1, 8, 51, 1159, 1162, 1175, 0, 0, 0, 0),
('management', 1176, 1166, 'admin/config/regional/date-time/locale/%/edit', 'admin/config/regional/date-time/locale/%/edit', 'Localize date formats', 0x613a313a7b733a31303a2261747472696275746573223b613a313a7b733a353a227469746c65223b733a33383a22436f6e666967757265206461746520666f726d61747320666f722065616368206c6f63616c65223b7d7d, 'system', 0, 0, 0, 0, 0, 6, 0, 1, 8, 51, 99, 1166, 1176, 0, 0, 0, 0),
('management', 1177, 1166, 'admin/config/regional/date-time/locale/%/reset', 'admin/config/regional/date-time/locale/%/reset', 'Reset date formats', 0x613a313a7b733a31303a2261747472696275746573223b613a313a7b733a353a227469746c65223b733a34373a225265736574206c6f63616c697a6564206461746520666f726d61747320746f20676c6f62616c2064656661756c7473223b7d7d, 'system', 0, 0, 0, 0, 0, 6, 0, 1, 8, 51, 99, 1166, 1177, 0, 0, 0, 0),
('navigation', 1178, 0, '<front>', '', 'Home', 0x613a313a7b733a31303a2261747472696275746573223b613a313a7b733a353a227469746c65223b733a303a22223b7d7d, 'menu', 0, 1, 0, 0, 0, 1, 1, 1178, 0, 0, 0, 0, 0, 0, 0, 0, 0),
('navigation', 1179, 6, 'node/add/more', 'node/add/more', 'More', 0x613a303a7b7d, 'system', 0, 0, 0, 0, 0, 2, 0, 6, 1179, 0, 0, 0, 0, 0, 0, 0, 0),
('navigation', 1186, 6, 'node/add/slideshow-bottom', 'node/add/slideshow-bottom', 'Slideshow Bottom', 0x613a303a7b7d, 'system', 0, 0, 0, 0, 0, 2, 0, 6, 1186, 0, 0, 0, 0, 0, 0, 0, 0),
('management', 1187, 47, 'admin/structure/menu/manage/menu-footer-menu', 'admin/structure/menu/manage/%', 'Footer menu', 0x613a303a7b7d, 'menu', 0, 0, 0, 0, 0, 4, 0, 1, 21, 47, 1187, 0, 0, 0, 0, 0, 0),
('menu-footer-menu', 1188, 0, '<front>', '', 'House', 0x613a313a7b733a31303a2261747472696275746573223b613a313a7b733a353a227469746c65223b733a303a22223b7d7d, 'menu', 0, 1, 0, 0, -48, 1, 1, 1188, 0, 0, 0, 0, 0, 0, 0, 0, 0),
('menu-footer-menu', 1189, 0, '<front>', '', 'Lorem ipsum dolar', 0x613a313a7b733a31303a2261747472696275746573223b613a313a7b733a353a227469746c65223b733a303a22223b7d7d, 'menu', 0, 1, 0, 0, -49, 1, 1, 1189, 0, 0, 0, 0, 0, 0, 0, 0, 0),
('management', 1190, 47, 'admin/structure/menu/manage/menu-pages', 'admin/structure/menu/manage/%', 'Pages', 0x613a303a7b7d, 'menu', 0, 0, 0, 0, 0, 4, 0, 1, 21, 47, 1190, 0, 0, 0, 0, 0, 0),
('menu-pages', 1191, 0, '<front>', '', 'Additional informations', 0x613a313a7b733a31303a2261747472696275746573223b613a313a7b733a353a227469746c65223b733a303a22223b7d7d, 'menu', 0, 1, 0, 0, 0, 1, 1, 1191, 0, 0, 0, 0, 0, 0, 0, 0, 0),
('menu-pages', 1192, 0, '<front>', '', 'Main types of buildings', 0x613a313a7b733a31303a2261747472696275746573223b613a313a7b733a353a227469746c65223b733a303a22223b7d7d, 'menu', 0, 1, 0, 0, 0, 1, 1, 1192, 0, 0, 0, 0, 0, 0, 0, 0, 0),
('menu-pages', 1193, 0, '<front>', '', 'Elements', 0x613a313a7b733a31303a2261747472696275746573223b613a313a7b733a353a227469746c65223b733a303a22223b7d7d, 'menu', 0, 1, 0, 0, 0, 1, 1, 1193, 0, 0, 0, 0, 0, 0, 0, 0, 0),
('menu-pages', 1194, 0, '<front>', '', 'Terms of renting', 0x613a313a7b733a31303a2261747472696275746573223b613a313a7b733a353a227469746c65223b733a303a22223b7d7d, 'menu', 0, 1, 0, 0, 0, 1, 1, 1194, 0, 0, 0, 0, 0, 0, 0, 0, 0),
('menu-pages', 1195, 0, '<front>', '', 'Help our agents', 0x613a313a7b733a31303a2261747472696275746573223b613a313a7b733a353a227469746c65223b733a303a22223b7d7d, 'menu', 0, 1, 0, 0, 0, 1, 1, 1195, 0, 0, 0, 0, 0, 0, 0, 0, 0),
('menu-pages', 1196, 0, '<front>', '', 'Lorem ipsum dolar', 0x613a313a7b733a31303a2261747472696275746573223b613a313a7b733a353a227469746c65223b733a303a22223b7d7d, 'menu', 0, 1, 0, 0, 0, 1, 1, 1196, 0, 0, 0, 0, 0, 0, 0, 0, 0),
('menu-footer-menu', 1197, 0, '<front>', '', 'Our best agents', 0x613a313a7b733a31303a2261747472696275746573223b613a313a7b733a353a227469746c65223b733a303a22223b7d7d, 'menu', 0, 1, 0, 0, -50, 1, 1, 1197, 0, 0, 0, 0, 0, 0, 0, 0, 0),
('menu-footer-menu', 1198, 0, '<front>', '', 'News from us', 0x613a313a7b733a31303a2261747472696275746573223b613a313a7b733a353a227469746c65223b733a303a22223b7d7d, 'menu', 0, 1, 0, 0, 0, 1, 1, 1198, 0, 0, 0, 0, 0, 0, 0, 0, 0),
('menu-footer-menu', 1199, 0, '<front>', '', 'Minimum rental periods', 0x613a313a7b733a31303a2261747472696275746573223b613a313a7b733a353a227469746c65223b733a303a22223b7d7d, 'menu', 0, 1, 0, 0, 0, 1, 1, 1199, 0, 0, 0, 0, 0, 0, 0, 0, 0),
('management', 1200, 53, 'admin/config/search/facetapi/%/%/%/dependencies', 'admin/config/search/facetapi/%/%/%/dependencies', 'Configure facet dependencies', 0x613a303a7b7d, 'system', -1, 0, 0, 0, -10, 4, 0, 1, 8, 53, 1200, 0, 0, 0, 0, 0, 0),
('management', 1201, 53, 'admin/config/search/facetapi/%/%/%/edit', 'admin/config/search/facetapi/%/%/%/edit', 'Configure facet display', 0x613a303a7b7d, 'system', -1, 0, 0, 0, -15, 4, 0, 1, 8, 53, 1201, 0, 0, 0, 0, 0, 0),
('management', 1202, 53, 'admin/config/search/facetapi/%/%/%/filters', 'admin/config/search/facetapi/%/%/%/filters', 'Configure facet filters', 0x613a303a7b7d, 'system', -1, 0, 0, 0, -5, 4, 0, 1, 8, 53, 1202, 0, 0, 0, 0, 0, 0),
('management', 1203, 53, 'admin/config/search/facetapi/%/%/%/export', 'admin/config/search/facetapi/%/%/%/export', 'Export facet configuration', 0x613a303a7b7d, 'system', 0, 0, 0, 0, 0, 4, 0, 1, 8, 53, 1203, 0, 0, 0, 0, 0, 0),
('management', 1204, 53, 'admin/config/search/facetapi/%/%/%/revert', 'admin/config/search/facetapi/%/%/%/revert', 'Revert facet configuration', 0x613a303a7b7d, 'system', 0, 0, 0, 0, 0, 4, 0, 1, 8, 53, 1204, 0, 0, 0, 0, 0, 0),
('management', 1205, 53, 'admin/config/search/current_search', 'admin/config/search/current_search', 'Current search blocks', 0x613a313a7b733a31303a2261747472696275746573223b613a313a7b733a353a227469746c65223b733a33323a22436f6e6669677572652063757272656e742073656172636820626c6f636b732e223b7d7d, 'system', 0, 0, 1, 0, 0, 4, 0, 1, 8, 53, 1205, 0, 0, 0, 0, 0, 0),
('management', 1206, 1205, 'admin/config/search/current_search/add', 'admin/config/search/current_search/add', 'Add', 0x613a303a7b7d, 'system', -1, 0, 0, 0, 0, 5, 0, 1, 8, 53, 1205, 1206, 0, 0, 0, 0, 0),
('management', 1207, 1205, 'admin/config/search/current_search/import', 'admin/config/search/current_search/import', 'Import', 0x613a303a7b7d, 'system', -1, 0, 0, 0, 0, 5, 0, 1, 8, 53, 1205, 1207, 0, 0, 0, 0, 0),
('management', 1208, 1205, 'admin/config/search/current_search/list', 'admin/config/search/current_search/list', 'List', 0x613a303a7b7d, 'system', -1, 0, 0, 0, -10, 5, 0, 1, 8, 53, 1205, 1208, 0, 0, 0, 0, 0),
('management', 1209, 1208, 'admin/config/search/current_search/list/%/edit', 'admin/config/search/current_search/list/%/edit', 'Configure current search items', 0x613a303a7b7d, 'system', -1, 0, 0, 0, -10, 6, 0, 1, 8, 53, 1205, 1208, 1209, 0, 0, 0, 0),
('management', 1210, 1208, 'admin/config/search/current_search/list/%/export', 'admin/config/search/current_search/list/%/export', 'Export', 0x613a303a7b7d, 'system', -1, 0, 0, 0, 0, 6, 0, 1, 8, 53, 1205, 1208, 1210, 0, 0, 0, 0),
('management', 1211, 1205, 'admin/config/search/current_search/item/%/delete/%', 'admin/config/search/current_search/item/%/delete/%', 'Revert current search block configuration', 0x613a303a7b7d, 'system', 0, 0, 0, 0, 0, 5, 0, 1, 8, 53, 1205, 1211, 0, 0, 0, 0, 0),
('management', 1212, 12, 'admin/help/search_api', 'admin/help/search_api', 'search_api', 0x613a303a7b7d, 'system', -1, 0, 0, 0, 0, 3, 0, 1, 12, 1212, 0, 0, 0, 0, 0, 0, 0),
('management', 1213, 53, 'admin/config/search/search_api', 'admin/config/search/search_api', 'Search API', 0x613a313a7b733a31303a2261747472696275746573223b613a313a7b733a353a227469746c65223b733a33363a2243726561746520616e6420636f6e6669677572652073656172636820656e67696e65732e223b7d7d, 'system', 0, 0, 1, 0, 0, 4, 0, 1, 8, 53, 1213, 0, 0, 0, 0, 0, 0),
('management', 1214, 1213, 'admin/config/search/search_api/add_index', 'admin/config/search/search_api/add_index', 'Add index', 0x613a313a7b733a31303a2261747472696275746573223b613a313a7b733a353a227469746c65223b733a32363a224372656174652061206e65772073656172636820696e6465782e223b7d7d, 'system', -1, 0, 0, 0, 0, 5, 0, 1, 8, 53, 1213, 1214, 0, 0, 0, 0, 0),
('management', 1215, 1213, 'admin/config/search/search_api/add_server', 'admin/config/search/search_api/add_server', 'Add server', 0x613a313a7b733a31303a2261747472696275746573223b613a313a7b733a353a227469746c65223b733a32373a224372656174652061206e657720736561726368207365727665722e223b7d7d, 'system', -1, 0, 0, 0, -1, 5, 0, 1, 8, 53, 1213, 1215, 0, 0, 0, 0, 0),
('management', 1216, 1213, 'admin/config/search/search_api/overview', 'admin/config/search/search_api/overview', 'Overview', 0x613a303a7b7d, 'system', -1, 0, 0, 0, -10, 5, 0, 1, 8, 53, 1213, 1216, 0, 0, 0, 0, 0),
('management', 1217, 1213, 'admin/config/search/search_api/index/%', 'admin/config/search/search_api/index/%', 'View index', 0x613a313a7b733a31303a2261747472696275746573223b613a313a7b733a353a227469746c65223b733a31393a225669657720696e6465782064657461696c732e223b7d7d, 'system', 0, 0, 0, 0, 0, 5, 0, 1, 8, 53, 1213, 1217, 0, 0, 0, 0, 0),
('management', 1218, 1213, 'admin/config/search/search_api/server/%', 'admin/config/search/search_api/server/%', 'View server', 0x613a313a7b733a31303a2261747472696275746573223b613a313a7b733a353a227469746c65223b733a32303a2256696577207365727665722064657461696c732e223b7d7d, 'system', 0, 0, 0, 0, 0, 5, 0, 1, 8, 53, 1213, 1218, 0, 0, 0, 0, 0),
('management', 1219, 1217, 'admin/config/search/search_api/index/%/delete', 'admin/config/search/search_api/index/%/delete', 'Delete', 0x613a313a7b733a31303a2261747472696275746573223b613a313a7b733a353a227469746c65223b733a31333a2244656c65746520696e6465782e223b7d7d, 'system', -1, 0, 0, 0, 10, 6, 0, 1, 8, 53, 1213, 1217, 1219, 0, 0, 0, 0),
('management', 1220, 1218, 'admin/config/search/search_api/server/%/delete', 'admin/config/search/search_api/server/%/delete', 'Delete', 0x613a313a7b733a31303a2261747472696275746573223b613a313a7b733a353a227469746c65223b733a31343a2244656c657465207365727665722e223b7d7d, 'system', -1, 0, 0, 0, 10, 6, 0, 1, 8, 53, 1213, 1218, 1220, 0, 0, 0, 0),
('management', 1221, 1217, 'admin/config/search/search_api/index/%/disable', 'admin/config/search/search_api/index/%/disable', 'Disable', 0x613a313a7b733a31303a2261747472696275746573223b613a313a7b733a353a227469746c65223b733a31343a2244697361626c6520696e6465782e223b7d7d, 'system', -1, 0, 0, 0, 8, 6, 0, 1, 8, 53, 1213, 1217, 1221, 0, 0, 0, 0),
('management', 1222, 1218, 'admin/config/search/search_api/server/%/disable', 'admin/config/search/search_api/server/%/disable', 'Disable', 0x613a313a7b733a31303a2261747472696275746573223b613a313a7b733a353a227469746c65223b733a31343a2244697361626c6520696e6465782e223b7d7d, 'system', -1, 0, 0, 0, 8, 6, 0, 1, 8, 53, 1213, 1218, 1222, 0, 0, 0, 0),
('management', 1223, 1217, 'admin/config/search/search_api/index/%/edit', 'admin/config/search/search_api/index/%/edit', 'Edit', 0x613a313a7b733a31303a2261747472696275746573223b613a313a7b733a353a227469746c65223b733a32303a224564697420696e6465782073657474696e67732e223b7d7d, 'system', -1, 0, 0, 0, -6, 6, 0, 1, 8, 53, 1213, 1217, 1223, 0, 0, 0, 0),
('management', 1224, 1218, 'admin/config/search/search_api/server/%/edit', 'admin/config/search/search_api/server/%/edit', 'Edit', 0x613a313a7b733a31303a2261747472696275746573223b613a313a7b733a353a227469746c65223b733a32303a2245646974207365727665722064657461696c732e223b7d7d, 'system', -1, 0, 0, 0, -1, 6, 0, 1, 8, 53, 1213, 1218, 1224, 0, 0, 0, 0),
('management', 1225, 1217, 'admin/config/search/search_api/index/%/facets', 'admin/config/search/search_api/index/%/facets', 'Facets', 0x613a303a7b7d, 'system', -1, 0, 0, 0, -1, 6, 0, 1, 8, 53, 1213, 1217, 1225, 0, 0, 0, 0),
('management', 1226, 1217, 'admin/config/search/search_api/index/%/fields', 'admin/config/search/search_api/index/%/fields', 'Fields', 0x613a313a7b733a31303a2261747472696275746573223b613a313a7b733a353a227469746c65223b733a32323a2253656c65637420696e6465786564206669656c64732e223b7d7d, 'system', -1, 0, 0, 0, -4, 6, 0, 1, 8, 53, 1213, 1217, 1226, 0, 0, 0, 0),
('management', 1227, 1217, 'admin/config/search/search_api/index/%/workflow', 'admin/config/search/search_api/index/%/workflow', 'Filters', 0x613a313a7b733a31303a2261747472696275746573223b613a313a7b733a353a227469746c65223b733a32333a224564697420696e646578696e6720776f726b666c6f772e223b7d7d, 'system', -1, 0, 0, 0, -2, 6, 0, 1, 8, 53, 1213, 1217, 1227, 0, 0, 0, 0),
('management', 1228, 1217, 'admin/config/search/search_api/index/%/view', 'admin/config/search/search_api/index/%/view', 'View', 0x613a303a7b7d, 'system', -1, 0, 0, 0, -10, 6, 0, 1, 8, 53, 1213, 1217, 1228, 0, 0, 0, 0),
('management', 1229, 1218, 'admin/config/search/search_api/server/%/view', 'admin/config/search/search_api/server/%/view', 'View', 0x613a303a7b7d, 'system', -1, 0, 0, 0, -10, 6, 0, 1, 8, 53, 1213, 1218, 1229, 0, 0, 0, 0),
('management', 1230, 1225, 'admin/config/search/search_api/index/%/facets/block', 'admin/config/search/search_api/index/%/facets/block', 'Blocks', 0x613a303a7b7d, 'system', -1, 0, 0, 0, -10, 7, 0, 1, 8, 53, 1213, 1217, 1225, 1230, 0, 0, 0),
('main-menu', 1231, 0, 'all_house', 'all_house', 'All house', 0x613a313a7b733a31303a2261747472696275746573223b613a313a7b733a353a227469746c65223b733a303a22223b7d7d, 'menu', 0, 0, 0, 0, -49, 1, 1, 1231, 0, 0, 0, 0, 0, 0, 0, 0, 0),
('main-menu', 1243, 0, 'all-house', 'all-house', 'All house', 0x613a313a7b733a31303a2261747472696275746573223b613a313a7b733a353a227469746c65223b733a303a22223b7d7d, 'menu', 0, 0, 0, 0, -49, 1, 1, 1243, 0, 0, 0, 0, 0, 0, 0, 0, 0),
('management', 1249, 143, 'admin/structure/block/list/seven/add', 'admin/structure/block/list/seven/add', 'Add block', 0x613a303a7b7d, 'system', -1, 0, 0, 0, 0, 5, 0, 1, 21, 30, 143, 1249, 0, 0, 0, 0, 0),
('management', 1259, 740, 'admin/structure/panels/layouts', 'admin/structure/panels/layouts', 'Layouts', 0x613a313a7b733a31303a2261747472696275746573223b613a313a7b733a353a227469746c65223b733a34333a224164642c2065646974206f722064656c65746520637573746f6d20636f6e74656e74206c61796f7574732e223b7d7d, 'system', -1, 0, 0, 0, 0, 4, 0, 1, 21, 740, 1259, 0, 0, 0, 0, 0, 0);
INSERT INTO `menu_links` (`menu_name`, `mlid`, `plid`, `link_path`, `router_path`, `link_title`, `options`, `module`, `hidden`, `external`, `has_children`, `expanded`, `weight`, `depth`, `customized`, `p1`, `p2`, `p3`, `p4`, `p5`, `p6`, `p7`, `p8`, `p9`, `updated`) VALUES
('management', 1260, 1259, 'admin/structure/panels/layouts/add-flexible', 'admin/structure/panels/layouts/add-flexible', 'Add flexible layout', 0x613a303a7b7d, 'system', -1, 0, 0, 0, 0, 5, 0, 1, 21, 740, 1259, 1260, 0, 0, 0, 0, 0),
('management', 1261, 1259, 'admin/structure/panels/layouts/import', 'admin/structure/panels/layouts/import', 'Import', 0x613a303a7b7d, 'system', -1, 0, 0, 0, 0, 5, 0, 1, 21, 740, 1259, 1261, 0, 0, 0, 0, 0),
('management', 1262, 1259, 'admin/structure/panels/layouts/list', 'admin/structure/panels/layouts/list', 'List', 0x613a303a7b7d, 'system', -1, 0, 0, 0, -10, 5, 0, 1, 21, 740, 1259, 1262, 0, 0, 0, 0, 0),
('management', 1263, 1262, 'admin/structure/panels/layouts/list/%/edit', 'admin/structure/panels/layouts/list/%/edit', 'Edit', 0x613a303a7b7d, 'system', -1, 0, 0, 0, -10, 6, 0, 1, 21, 740, 1259, 1262, 1263, 0, 0, 0, 0),
('management', 1264, 1262, 'admin/structure/panels/layouts/list/%/export', 'admin/structure/panels/layouts/list/%/export', 'Export', 0x613a303a7b7d, 'system', -1, 0, 0, 0, 0, 6, 0, 1, 21, 740, 1259, 1262, 1264, 0, 0, 0, 0),
('management', 1271, 131, 'admin/structure/block/list/bartik/add', 'admin/structure/block/list/bartik/add', 'Add block', 0x613a303a7b7d, 'system', -1, 0, 0, 0, 0, 5, 0, 1, 21, 30, 131, 1271, 0, 0, 0, 0, 0),
('management', 1274, 46, 'admin/config/media/colorbox', 'admin/config/media/colorbox', 'Colorbox', 0x613a313a7b733a31303a2261747472696275746573223b613a313a7b733a353a227469746c65223b733a32353a2241646a75737420436f6c6f72626f782073657474696e67732e223b7d7d, 'system', 0, 0, 0, 0, 0, 4, 0, 1, 8, 46, 1274, 0, 0, 0, 0, 0, 0),
('management', 1275, 21, 'admin/structure/views', 'admin/structure/views', 'Views', 0x613a313a7b733a31303a2261747472696275746573223b613a313a7b733a353a227469746c65223b733a33353a224d616e61676520637573746f6d697a6564206c69737473206f6620636f6e74656e742e223b7d7d, 'system', 0, 0, 1, 0, 0, 3, 0, 1, 21, 1275, 0, 0, 0, 0, 0, 0, 0),
('management', 1276, 19, 'admin/reports/views-plugins', 'admin/reports/views-plugins', 'Views plugins', 0x613a313a7b733a31303a2261747472696275746573223b613a313a7b733a353a227469746c65223b733a33383a224f76657276696577206f6620706c7567696e73207573656420696e20616c6c2076696577732e223b7d7d, 'system', 0, 0, 0, 0, 0, 3, 0, 1, 19, 1276, 0, 0, 0, 0, 0, 0, 0),
('management', 1277, 1275, 'admin/structure/views/add', 'admin/structure/views/add', 'Add new view', 0x613a303a7b7d, 'system', -1, 0, 0, 0, 0, 4, 0, 1, 21, 1275, 1277, 0, 0, 0, 0, 0, 0),
('management', 1278, 1275, 'admin/structure/views/add-template', 'admin/structure/views/add-template', 'Add view from template', 0x613a303a7b7d, 'system', -1, 0, 0, 0, 0, 4, 0, 1, 21, 1275, 1278, 0, 0, 0, 0, 0, 0),
('management', 1279, 1275, 'admin/structure/views/import', 'admin/structure/views/import', 'Import', 0x613a303a7b7d, 'system', -1, 0, 0, 0, 0, 4, 0, 1, 21, 1275, 1279, 0, 0, 0, 0, 0, 0),
('management', 1280, 1275, 'admin/structure/views/list', 'admin/structure/views/list', 'List', 0x613a303a7b7d, 'system', -1, 0, 0, 0, -10, 4, 0, 1, 21, 1275, 1280, 0, 0, 0, 0, 0, 0),
('management', 1281, 605, 'admin/reports/fields/list', 'admin/reports/fields/list', 'List', 0x613a303a7b7d, 'system', -1, 0, 0, 0, -10, 4, 0, 1, 19, 605, 1281, 0, 0, 0, 0, 0, 0),
('management', 1282, 1275, 'admin/structure/views/settings', 'admin/structure/views/settings', 'Settings', 0x613a303a7b7d, 'system', -1, 0, 0, 0, 0, 4, 0, 1, 21, 1275, 1282, 0, 0, 0, 0, 0, 0),
('management', 1283, 605, 'admin/reports/fields/views-fields', 'admin/reports/fields/views-fields', 'Used in views', 0x613a313a7b733a31303a2261747472696275746573223b613a313a7b733a353a227469746c65223b733a33373a224f76657276696577206f66206669656c6473207573656420696e20616c6c2076696577732e223b7d7d, 'system', -1, 0, 0, 0, 0, 4, 0, 1, 19, 605, 1283, 0, 0, 0, 0, 0, 0),
('management', 1284, 1282, 'admin/structure/views/settings/advanced', 'admin/structure/views/settings/advanced', 'Advanced', 0x613a303a7b7d, 'system', -1, 0, 0, 0, 1, 5, 0, 1, 21, 1275, 1282, 1284, 0, 0, 0, 0, 0),
('management', 1285, 1282, 'admin/structure/views/settings/basic', 'admin/structure/views/settings/basic', 'Basic', 0x613a303a7b7d, 'system', -1, 0, 0, 0, 0, 5, 0, 1, 21, 1275, 1282, 1285, 0, 0, 0, 0, 0),
('management', 1286, 1275, 'admin/structure/views/view/%', 'admin/structure/views/view/%', '', 0x613a303a7b7d, 'system', 0, 0, 0, 0, 0, 4, 0, 1, 21, 1275, 1286, 0, 0, 0, 0, 0, 0),
('management', 1287, 1286, 'admin/structure/views/view/%/break-lock', 'admin/structure/views/view/%/break-lock', 'Break lock', 0x613a303a7b7d, 'system', -1, 0, 0, 0, 0, 5, 0, 1, 21, 1275, 1286, 1287, 0, 0, 0, 0, 0),
('management', 1288, 1286, 'admin/structure/views/view/%/edit', 'admin/structure/views/view/%/edit', 'Edit view', 0x613a303a7b7d, 'system', -1, 0, 0, 0, -10, 5, 0, 1, 21, 1275, 1286, 1288, 0, 0, 0, 0, 0),
('management', 1289, 1286, 'admin/structure/views/view/%/clone', 'admin/structure/views/view/%/clone', 'Clone', 0x613a303a7b7d, 'system', -1, 0, 0, 0, 0, 5, 0, 1, 21, 1275, 1286, 1289, 0, 0, 0, 0, 0),
('management', 1290, 1286, 'admin/structure/views/view/%/delete', 'admin/structure/views/view/%/delete', 'Delete', 0x613a303a7b7d, 'system', -1, 0, 0, 0, 0, 5, 0, 1, 21, 1275, 1286, 1290, 0, 0, 0, 0, 0),
('management', 1291, 1286, 'admin/structure/views/view/%/export', 'admin/structure/views/view/%/export', 'Export', 0x613a303a7b7d, 'system', -1, 0, 0, 0, 0, 5, 0, 1, 21, 1275, 1286, 1291, 0, 0, 0, 0, 0),
('management', 1292, 1286, 'admin/structure/views/view/%/revert', 'admin/structure/views/view/%/revert', 'Revert', 0x613a303a7b7d, 'system', -1, 0, 0, 0, 0, 5, 0, 1, 21, 1275, 1286, 1292, 0, 0, 0, 0, 0),
('management', 1293, 1275, 'admin/structure/views/nojs/preview/%/%', 'admin/structure/views/nojs/preview/%/%', '', 0x613a303a7b7d, 'system', 0, 0, 0, 0, 0, 4, 0, 1, 21, 1275, 1293, 0, 0, 0, 0, 0, 0),
('management', 1294, 1286, 'admin/structure/views/view/%/preview/%', 'admin/structure/views/view/%/preview/%', '', 0x613a303a7b7d, 'system', -1, 0, 0, 0, 0, 5, 0, 1, 21, 1275, 1286, 1294, 0, 0, 0, 0, 0),
('management', 1295, 1275, 'admin/structure/views/ajax/preview/%/%', 'admin/structure/views/ajax/preview/%/%', '', 0x613a303a7b7d, 'system', 0, 0, 0, 0, 0, 4, 0, 1, 21, 1275, 1295, 0, 0, 0, 0, 0, 0),
('management', 1298, 89, 'admin/structure/taxonomy/%/display', 'admin/structure/taxonomy/%/display', 'Manage display', 0x613a303a7b7d, 'system', -1, 0, 0, 0, 2, 5, 0, 1, 21, 57, 89, 1298, 0, 0, 0, 0, 0),
('management', 1299, 90, 'admin/config/people/accounts/display', 'admin/config/people/accounts/display', 'Manage display', 0x613a303a7b7d, 'system', -1, 0, 0, 0, 2, 5, 0, 1, 8, 48, 90, 1299, 0, 0, 0, 0, 0),
('management', 1300, 89, 'admin/structure/taxonomy/%/fields', 'admin/structure/taxonomy/%/fields', 'Manage fields', 0x613a303a7b7d, 'system', -1, 0, 1, 0, 1, 5, 0, 1, 21, 57, 89, 1300, 0, 0, 0, 0, 0),
('management', 1301, 90, 'admin/config/people/accounts/fields', 'admin/config/people/accounts/fields', 'Manage fields', 0x613a303a7b7d, 'system', -1, 0, 1, 0, 1, 5, 0, 1, 8, 48, 90, 1301, 0, 0, 0, 0, 0),
('management', 1302, 1298, 'admin/structure/taxonomy/%/display/default', 'admin/structure/taxonomy/%/display/default', 'Default', 0x613a303a7b7d, 'system', -1, 0, 0, 0, -10, 6, 0, 1, 21, 57, 89, 1298, 1302, 0, 0, 0, 0),
('management', 1303, 1299, 'admin/config/people/accounts/display/default', 'admin/config/people/accounts/display/default', 'Default', 0x613a303a7b7d, 'system', -1, 0, 0, 0, -10, 6, 0, 1, 8, 48, 90, 1299, 1303, 0, 0, 0, 0),
('management', 1304, 135, 'admin/structure/types/manage/%/display', 'admin/structure/types/manage/%/display', 'Manage display', 0x613a303a7b7d, 'system', -1, 0, 0, 0, 2, 5, 0, 1, 21, 36, 135, 1304, 0, 0, 0, 0, 0),
('management', 1305, 135, 'admin/structure/types/manage/%/fields', 'admin/structure/types/manage/%/fields', 'Manage fields', 0x613a303a7b7d, 'system', -1, 0, 1, 0, 1, 5, 0, 1, 21, 36, 135, 1305, 0, 0, 0, 0, 0),
('management', 1306, 1298, 'admin/structure/taxonomy/%/display/full', 'admin/structure/taxonomy/%/display/full', 'Taxonomy term page', 0x613a303a7b7d, 'system', -1, 0, 0, 0, 0, 6, 0, 1, 21, 57, 89, 1298, 1306, 0, 0, 0, 0),
('management', 1307, 1299, 'admin/config/people/accounts/display/full', 'admin/config/people/accounts/display/full', 'User account', 0x613a303a7b7d, 'system', -1, 0, 0, 0, 0, 6, 0, 1, 8, 48, 90, 1299, 1307, 0, 0, 0, 0),
('management', 1308, 1300, 'admin/structure/taxonomy/%/fields/%', 'admin/structure/taxonomy/%/fields/%', '', 0x613a303a7b7d, 'system', 0, 0, 0, 0, 0, 6, 0, 1, 21, 57, 89, 1300, 1308, 0, 0, 0, 0),
('management', 1309, 1301, 'admin/config/people/accounts/fields/%', 'admin/config/people/accounts/fields/%', '', 0x613a303a7b7d, 'system', 0, 0, 0, 0, 0, 6, 0, 1, 8, 48, 90, 1301, 1309, 0, 0, 0, 0),
('management', 1310, 1304, 'admin/structure/types/manage/%/display/default', 'admin/structure/types/manage/%/display/default', 'Default', 0x613a303a7b7d, 'system', -1, 0, 0, 0, -10, 6, 0, 1, 21, 36, 135, 1304, 1310, 0, 0, 0, 0),
('management', 1311, 689, 'admin/config/media/file-types/manage/%/display', 'admin/config/media/file-types/manage/%/display', 'Manage display', 0x613a303a7b7d, 'system', -1, 0, 0, 0, 2, 6, 0, 1, 8, 46, 673, 689, 1311, 0, 0, 0, 0),
('management', 1312, 689, 'admin/config/media/file-types/manage/%/fields', 'admin/config/media/file-types/manage/%/fields', 'Manage fields', 0x613a303a7b7d, 'system', -1, 0, 1, 0, 1, 6, 0, 1, 8, 46, 673, 689, 1312, 0, 0, 0, 0),
('management', 1313, 1304, 'admin/structure/types/manage/%/display/full', 'admin/structure/types/manage/%/display/full', 'Full content', 0x613a303a7b7d, 'system', -1, 0, 0, 0, 0, 6, 0, 1, 21, 36, 135, 1304, 1313, 0, 0, 0, 0),
('management', 1314, 1304, 'admin/structure/types/manage/%/display/rss', 'admin/structure/types/manage/%/display/rss', 'RSS', 0x613a303a7b7d, 'system', -1, 0, 0, 0, 2, 6, 0, 1, 21, 36, 135, 1304, 1314, 0, 0, 0, 0),
('management', 1315, 1304, 'admin/structure/types/manage/%/display/teaser', 'admin/structure/types/manage/%/display/teaser', 'Teaser', 0x613a303a7b7d, 'system', -1, 0, 0, 0, 1, 6, 0, 1, 21, 36, 135, 1304, 1315, 0, 0, 0, 0),
('management', 1316, 1305, 'admin/structure/types/manage/%/fields/%', 'admin/structure/types/manage/%/fields/%', '', 0x613a303a7b7d, 'system', 0, 0, 0, 0, 0, 6, 0, 1, 21, 36, 135, 1305, 1316, 0, 0, 0, 0),
('management', 1317, 1308, 'admin/structure/taxonomy/%/fields/%/delete', 'admin/structure/taxonomy/%/fields/%/delete', 'Delete', 0x613a303a7b7d, 'system', -1, 0, 0, 0, 10, 7, 0, 1, 21, 57, 89, 1300, 1308, 1317, 0, 0, 0),
('management', 1318, 1308, 'admin/structure/taxonomy/%/fields/%/edit', 'admin/structure/taxonomy/%/fields/%/edit', 'Edit', 0x613a303a7b7d, 'system', -1, 0, 0, 0, 0, 7, 0, 1, 21, 57, 89, 1300, 1308, 1318, 0, 0, 0),
('management', 1319, 1308, 'admin/structure/taxonomy/%/fields/%/field-settings', 'admin/structure/taxonomy/%/fields/%/field-settings', 'Field settings', 0x613a303a7b7d, 'system', -1, 0, 0, 0, 0, 7, 0, 1, 21, 57, 89, 1300, 1308, 1319, 0, 0, 0),
('management', 1320, 1308, 'admin/structure/taxonomy/%/fields/%/widget-type', 'admin/structure/taxonomy/%/fields/%/widget-type', 'Widget type', 0x613a303a7b7d, 'system', -1, 0, 0, 0, 0, 7, 0, 1, 21, 57, 89, 1300, 1308, 1320, 0, 0, 0),
('management', 1321, 1309, 'admin/config/people/accounts/fields/%/delete', 'admin/config/people/accounts/fields/%/delete', 'Delete', 0x613a303a7b7d, 'system', -1, 0, 0, 0, 10, 7, 0, 1, 8, 48, 90, 1301, 1309, 1321, 0, 0, 0),
('management', 1322, 1309, 'admin/config/people/accounts/fields/%/edit', 'admin/config/people/accounts/fields/%/edit', 'Edit', 0x613a303a7b7d, 'system', -1, 0, 0, 0, 0, 7, 0, 1, 8, 48, 90, 1301, 1309, 1322, 0, 0, 0),
('management', 1323, 1309, 'admin/config/people/accounts/fields/%/field-settings', 'admin/config/people/accounts/fields/%/field-settings', 'Field settings', 0x613a303a7b7d, 'system', -1, 0, 0, 0, 0, 7, 0, 1, 8, 48, 90, 1301, 1309, 1323, 0, 0, 0),
('management', 1324, 1309, 'admin/config/people/accounts/fields/%/widget-type', 'admin/config/people/accounts/fields/%/widget-type', 'Widget type', 0x613a303a7b7d, 'system', -1, 0, 0, 0, 0, 7, 0, 1, 8, 48, 90, 1301, 1309, 1324, 0, 0, 0),
('management', 1325, 173, 'admin/structure/types/manage/%/comment/display/default', 'admin/structure/types/manage/%/comment/display/default', 'Default', 0x613a303a7b7d, 'system', -1, 0, 0, 0, -10, 6, 0, 1, 21, 36, 135, 173, 1325, 0, 0, 0, 0),
('management', 1326, 1311, 'admin/config/media/file-types/manage/%/display/default', 'admin/config/media/file-types/manage/%/display/default', 'Default', 0x613a303a7b7d, 'system', -1, 0, 0, 0, -10, 7, 0, 1, 8, 46, 673, 689, 1311, 1326, 0, 0, 0),
('management', 1327, 173, 'admin/structure/types/manage/%/comment/display/full', 'admin/structure/types/manage/%/comment/display/full', 'Full comment', 0x613a303a7b7d, 'system', -1, 0, 0, 0, 0, 6, 0, 1, 21, 36, 135, 173, 1327, 0, 0, 0, 0),
('management', 1328, 1311, 'admin/config/media/file-types/manage/%/display/media_large', 'admin/config/media/file-types/manage/%/display/media_large', 'Large', 0x613a303a7b7d, 'system', -1, 0, 0, 0, 3, 7, 0, 1, 8, 46, 673, 689, 1311, 1328, 0, 0, 0),
('management', 1329, 1311, 'admin/config/media/file-types/manage/%/display/media_link', 'admin/config/media/file-types/manage/%/display/media_link', 'Link', 0x613a303a7b7d, 'system', -1, 0, 0, 0, 0, 7, 0, 1, 8, 46, 673, 689, 1311, 1329, 0, 0, 0),
('management', 1330, 1311, 'admin/config/media/file-types/manage/%/display/media_original', 'admin/config/media/file-types/manage/%/display/media_original', 'Original', 0x613a303a7b7d, 'system', -1, 0, 0, 0, 4, 7, 0, 1, 8, 46, 673, 689, 1311, 1330, 0, 0, 0),
('management', 1331, 1311, 'admin/config/media/file-types/manage/%/display/media_preview', 'admin/config/media/file-types/manage/%/display/media_preview', 'Preview', 0x613a303a7b7d, 'system', -1, 0, 0, 0, 1, 7, 0, 1, 8, 46, 673, 689, 1311, 1331, 0, 0, 0),
('management', 1332, 1311, 'admin/config/media/file-types/manage/%/display/media_small', 'admin/config/media/file-types/manage/%/display/media_small', 'Small', 0x613a303a7b7d, 'system', -1, 0, 0, 0, 2, 7, 0, 1, 8, 46, 673, 689, 1311, 1332, 0, 0, 0),
('management', 1333, 174, 'admin/structure/types/manage/%/comment/fields/%', 'admin/structure/types/manage/%/comment/fields/%', '', 0x613a303a7b7d, 'system', 0, 0, 0, 0, 0, 6, 0, 1, 21, 36, 135, 174, 1333, 0, 0, 0, 0),
('management', 1334, 1312, 'admin/config/media/file-types/manage/%/fields/%', 'admin/config/media/file-types/manage/%/fields/%', '', 0x613a303a7b7d, 'system', 0, 0, 0, 0, 0, 7, 0, 1, 8, 46, 673, 689, 1312, 1334, 0, 0, 0),
('management', 1335, 1316, 'admin/structure/types/manage/%/fields/%/delete', 'admin/structure/types/manage/%/fields/%/delete', 'Delete', 0x613a303a7b7d, 'system', -1, 0, 0, 0, 10, 7, 0, 1, 21, 36, 135, 1305, 1316, 1335, 0, 0, 0),
('management', 1336, 1316, 'admin/structure/types/manage/%/fields/%/edit', 'admin/structure/types/manage/%/fields/%/edit', 'Edit', 0x613a303a7b7d, 'system', -1, 0, 0, 0, 0, 7, 0, 1, 21, 36, 135, 1305, 1316, 1336, 0, 0, 0),
('management', 1337, 1316, 'admin/structure/types/manage/%/fields/%/field-settings', 'admin/structure/types/manage/%/fields/%/field-settings', 'Field settings', 0x613a303a7b7d, 'system', -1, 0, 0, 0, 0, 7, 0, 1, 21, 36, 135, 1305, 1316, 1337, 0, 0, 0),
('management', 1338, 1316, 'admin/structure/types/manage/%/fields/%/widget-type', 'admin/structure/types/manage/%/fields/%/widget-type', 'Widget type', 0x613a303a7b7d, 'system', -1, 0, 0, 0, 0, 7, 0, 1, 21, 36, 135, 1305, 1316, 1338, 0, 0, 0),
('management', 1339, 1333, 'admin/structure/types/manage/%/comment/fields/%/delete', 'admin/structure/types/manage/%/comment/fields/%/delete', 'Delete', 0x613a303a7b7d, 'system', -1, 0, 0, 0, 10, 7, 0, 1, 21, 36, 135, 174, 1333, 1339, 0, 0, 0),
('management', 1340, 1333, 'admin/structure/types/manage/%/comment/fields/%/edit', 'admin/structure/types/manage/%/comment/fields/%/edit', 'Edit', 0x613a303a7b7d, 'system', -1, 0, 0, 0, 0, 7, 0, 1, 21, 36, 135, 174, 1333, 1340, 0, 0, 0),
('management', 1341, 1333, 'admin/structure/types/manage/%/comment/fields/%/field-settings', 'admin/structure/types/manage/%/comment/fields/%/field-settings', 'Field settings', 0x613a303a7b7d, 'system', -1, 0, 0, 0, 0, 7, 0, 1, 21, 36, 135, 174, 1333, 1341, 0, 0, 0),
('management', 1342, 1333, 'admin/structure/types/manage/%/comment/fields/%/widget-type', 'admin/structure/types/manage/%/comment/fields/%/widget-type', 'Widget type', 0x613a303a7b7d, 'system', -1, 0, 0, 0, 0, 7, 0, 1, 21, 36, 135, 174, 1333, 1342, 0, 0, 0),
('management', 1343, 1334, 'admin/config/media/file-types/manage/%/fields/%/delete', 'admin/config/media/file-types/manage/%/fields/%/delete', 'Delete', 0x613a303a7b7d, 'system', -1, 0, 0, 0, 10, 8, 0, 1, 8, 46, 673, 689, 1312, 1334, 1343, 0, 0),
('management', 1344, 1334, 'admin/config/media/file-types/manage/%/fields/%/edit', 'admin/config/media/file-types/manage/%/fields/%/edit', 'Edit', 0x613a303a7b7d, 'system', -1, 0, 0, 0, 0, 8, 0, 1, 8, 46, 673, 689, 1312, 1334, 1344, 0, 0),
('management', 1345, 1334, 'admin/config/media/file-types/manage/%/fields/%/field-settings', 'admin/config/media/file-types/manage/%/fields/%/field-settings', 'Field settings', 0x613a303a7b7d, 'system', -1, 0, 0, 0, 0, 8, 0, 1, 8, 46, 673, 689, 1312, 1334, 1345, 0, 0),
('management', 1346, 1334, 'admin/config/media/file-types/manage/%/fields/%/widget-type', 'admin/config/media/file-types/manage/%/fields/%/widget-type', 'Widget type', 0x613a303a7b7d, 'system', -1, 0, 0, 0, 0, 8, 0, 1, 8, 46, 673, 689, 1312, 1334, 1346, 0, 0),
('management', 1347, 12, 'admin/help/color', 'admin/help/color', 'color', 0x613a303a7b7d, 'system', -1, 0, 0, 0, 0, 3, 0, 1, 12, 1347, 0, 0, 0, 0, 0, 0, 0),
('management', 1348, 12, 'admin/help/jquery_update', 'admin/help/jquery_update', 'jquery_update', 0x613a303a7b7d, 'system', -1, 0, 0, 0, 0, 3, 0, 1, 12, 1348, 0, 0, 0, 0, 0, 0, 0),
('management', 1349, 39, 'admin/config/development/jquery_update', 'admin/config/development/jquery_update', 'jQuery Update', 0x613a313a7b733a31303a2261747472696275746573223b613a313a7b733a353a227469746c65223b733a38333a22436f6e6669677572652073657474696e67732072656c6174656420746f20746865206a517565727920757067726164652c20746865206c696272617279207061746820616e6420636f6d7072657373696f6e2e223b7d7d, 'system', 0, 0, 0, 0, 0, 4, 0, 1, 8, 39, 1349, 0, 0, 0, 0, 0, 0);

-- --------------------------------------------------------

--
-- Структура таблицы `menu_router`
--

