CREATE TABLE IF NOT EXISTS `taxonomy_index` (
  `nid` int(10) unsigned NOT NULL DEFAULT '0' COMMENT 'The node.nid this record tracks.',
  `tid` int(10) unsigned NOT NULL DEFAULT '0' COMMENT 'The term ID.',
  `sticky` tinyint(4) DEFAULT '0' COMMENT 'Boolean indicating whether the node is sticky.',
  `created` int(11) NOT NULL DEFAULT '0' COMMENT 'The Unix timestamp when the node was created.',
  KEY `term_node` (`tid`,`sticky`,`created`),
  KEY `nid` (`nid`)
) ENGINE=InnoDB DEFAULT CHARSET=utf8 COMMENT='Maintains denormalized information about node/term...';

--
-- Дамп данных таблицы `taxonomy_index`
--

INSERT INTO `taxonomy_index` (`nid`, `tid`, `sticky`, `created`) VALUES
(19, 5, 0, 1427199318),
(20, 4, 0, 1427200066),
(21, 3, 0, 1427200229),
(22, 2, 0, 1427200310),
(35, 12, 0, 1432553342),
(39, 8, 0, 1432555099),
(36, 10, 0, 1432554139),
(34, 8, 0, 1432308849),
(38, 7, 0, 1432555037),
(37, 8, 0, 1432554206);

-- --------------------------------------------------------

--
-- Структура таблицы `taxonomy_term_data`
--

CREATE TABLE IF NOT EXISTS `taxonomy_term_data` (
  `tid` int(10) unsigned NOT NULL AUTO_INCREMENT COMMENT 'Primary Key: Unique term ID.',
  `vid` int(10) unsigned NOT NULL DEFAULT '0' COMMENT 'The taxonomy_vocabulary.vid of the vocabulary to which the term is assigned.',
  `name` varchar(255) NOT NULL DEFAULT '' COMMENT 'The term name.',
  `description` longtext COMMENT 'A description of the term.',
  `format` varchar(255) DEFAULT NULL COMMENT 'The filter_format.format of the description.',
  `weight` int(11) NOT NULL DEFAULT '0' COMMENT 'The weight of this term in relation to other terms.',
  PRIMARY KEY (`tid`),
  KEY `taxonomy_tree` (`vid`,`weight`,`name`),
  KEY `vid_name` (`vid`,`name`),
  KEY `name` (`name`)
) ENGINE=InnoDB  DEFAULT CHARSET=utf8 COMMENT='Stores term information.' AUTO_INCREMENT=13 ;

--
-- Дамп данных таблицы `taxonomy_term_data`
--

INSERT INTO `taxonomy_term_data` (`tid`, `vid`, `name`, `description`, `format`, `weight`) VALUES
(2, 2, 'News category 4', '', 'filtered_html', 2),
(3, 2, 'News category 3', '', 'filtered_html', 1),
(4, 2, 'News category 2', '', 'filtered_html', 0),
(5, 2, 'News category 1', '', 'filtered_html', 3),
(6, 1, 'Test_page', NULL, NULL, 0),
(7, 3, 'Manufactured', '', 'filtered_html', 0),
(8, 3, 'Cottage', '', 'filtered_html', 0),
(9, 1, 'ww', NULL, NULL, 0),
(10, 3, 'Family House', '', 'filtered_html', 0),
(11, 3, 'Townhouse', '', 'filtered_html', 0),
(12, 3, 'Apartment', '', 'filtered_html', 0);

-- --------------------------------------------------------

--
-- Структура таблицы `taxonomy_term_hierarchy`
--

CREATE TABLE IF NOT EXISTS `taxonomy_term_hierarchy` (
  `tid` int(10) unsigned NOT NULL DEFAULT '0' COMMENT 'Primary Key: The taxonomy_term_data.tid of the term.',
  `parent` int(10) unsigned NOT NULL DEFAULT '0' COMMENT 'Primary Key: The taxonomy_term_data.tid of the term’s parent. 0 indicates no parent.',
  PRIMARY KEY (`tid`,`parent`),
  KEY `parent` (`parent`)
) ENGINE=InnoDB DEFAULT CHARSET=utf8 COMMENT='Stores the hierarchical relationship between terms.';

--
-- Дамп данных таблицы `taxonomy_term_hierarchy`
--

INSERT INTO `taxonomy_term_hierarchy` (`tid`, `parent`) VALUES
(2, 0),
(3, 0),
(4, 0),
(5, 0),
(6, 0),
(7, 0),
(8, 0),
(9, 0),
(10, 0),
(11, 0),
(12, 0);

-- --------------------------------------------------------

--
-- Структура таблицы `taxonomy_vocabulary`
--

CREATE TABLE IF NOT EXISTS `taxonomy_vocabulary` (
  `vid` int(10) unsigned NOT NULL AUTO_INCREMENT COMMENT 'Primary Key: Unique vocabulary ID.',
  `name` varchar(255) NOT NULL DEFAULT '' COMMENT 'Name of the vocabulary.',
  `machine_name` varchar(255) NOT NULL DEFAULT '' COMMENT 'The vocabulary machine name.',
  `description` longtext COMMENT 'Description of the vocabulary.',
  `hierarchy` tinyint(3) unsigned NOT NULL DEFAULT '0' COMMENT 'The type of hierarchy allowed within the vocabulary. (0 = disabled, 1 = single, 2 = multiple)',
  `module` varchar(255) NOT NULL DEFAULT '' COMMENT 'The module which created the vocabulary.',
  `weight` int(11) NOT NULL DEFAULT '0' COMMENT 'The weight of this vocabulary in relation to other vocabularies.',
  PRIMARY KEY (`vid`),
  UNIQUE KEY `machine_name` (`machine_name`),
  KEY `list` (`weight`,`name`)
) ENGINE=InnoDB  DEFAULT CHARSET=utf8 COMMENT='Stores vocabulary information.' AUTO_INCREMENT=4 ;

--
-- Дамп данных таблицы `taxonomy_vocabulary`
--

INSERT INTO `taxonomy_vocabulary` (`vid`, `name`, `machine_name`, `description`, `hierarchy`, `module`, `weight`) VALUES
(1, 'Tags', 'tags', 'Use tags to group articles on similar topics into categories.', 0, 'taxonomy', 0),
(2, 'Category blog', 'category_blog', '', 0, 'taxonomy', 0),
(3, 'Category House', 'category_house', 'Category House', 0, 'taxonomy', 0);

-- --------------------------------------------------------

--
-- Структура таблицы `trigger_assignments`
--

CREATE TABLE IF NOT EXISTS `trigger_assignments` (
  `hook` varchar(78) NOT NULL DEFAULT '' COMMENT 'Primary Key: The name of the internal Drupal hook; for example, node_insert.',
  `aid` varchar(255) NOT NULL DEFAULT '' COMMENT 'Primary Key: Action’s actions.aid.',
  `weight` int(11) NOT NULL DEFAULT '0' COMMENT 'The weight of the trigger assignment in relation to other triggers.',
  PRIMARY KEY (`hook`,`aid`)
) ENGINE=InnoDB DEFAULT CHARSET=utf8 COMMENT='Maps trigger to hook and operation assignments from...';

--
-- Дамп данных таблицы `trigger_assignments`
--

INSERT INTO `trigger_assignments` (`hook`, `aid`, `weight`) VALUES
('user_login', '2', 1);

-- --------------------------------------------------------

--
-- Структура таблицы `url_alias`
--

CREATE TABLE IF NOT EXISTS `url_alias` (
  `pid` int(10) unsigned NOT NULL AUTO_INCREMENT COMMENT 'A unique path alias identifier.',
  `source` varchar(255) NOT NULL DEFAULT '' COMMENT 'The Drupal path this alias is for; e.g. node/12.',
  `alias` varchar(255) NOT NULL DEFAULT '' COMMENT 'The alias for this path; e.g. title-of-the-story.',
  `language` varchar(12) NOT NULL DEFAULT '' COMMENT 'The language this alias is for; if ’und’, the alias will be used for unknown languages. Each Drupal path can have an alias for each supported language.',
  PRIMARY KEY (`pid`),
  KEY `alias_language_pid` (`alias`,`language`,`pid`),
  KEY `source_language_pid` (`source`,`language`,`pid`)
) ENGINE=InnoDB  DEFAULT CHARSET=utf8 COMMENT='A list of URL aliases for Drupal paths; a user may visit...' AUTO_INCREMENT=2 ;

--
-- Дамп данных таблицы `url_alias`
--

INSERT INTO `url_alias` (`pid`, `source`, `alias`, `language`) VALUES
(1, 'node/39', 'node/39', 'und');

-- --------------------------------------------------------

--
-- Структура таблицы `users_roles`
--

CREATE TABLE IF NOT EXISTS `users_roles` (
  `uid` int(10) unsigned NOT NULL DEFAULT '0' COMMENT 'Primary Key: users.uid for user.',
  `rid` int(10) unsigned NOT NULL DEFAULT '0' COMMENT 'Primary Key: role.rid for role.',
  PRIMARY KEY (`uid`,`rid`),
  KEY `rid` (`rid`)
) ENGINE=InnoDB DEFAULT CHARSET=utf8 COMMENT='Maps users to roles.';

--
-- Дамп данных таблицы `users_roles`
--

INSERT INTO `users_roles` (`uid`, `rid`) VALUES
(1, 3);

-- --------------------------------------------------------

--
-- Структура таблицы `variable`
--

CREATE TABLE IF NOT EXISTS `variable` (
  `name` varchar(128) NOT NULL DEFAULT '' COMMENT 'The name of the variable.',
  `value` longblob NOT NULL COMMENT 'The value of the variable.',
  PRIMARY KEY (`name`)
) ENGINE=InnoDB DEFAULT CHARSET=utf8 COMMENT='Named variable/value pairs created by Drupal core or any...';

--
-- Дамп данных таблицы `variable`
--

INSERT INTO `variable` (`name`, `value`) VALUES
('additional_settings__active_tab_article', 0x733a31323a22656469742d636f6d6d656e74223b),
('additional_settings__active_tab_blog', 0x733a31353a22656469742d7375626d697373696f6e223b),
('additional_settings__active_tab_classes', 0x733a31353a22656469742d7375626d697373696f6e223b),
('additional_settings__active_tab_featured_in', 0x733a31353a22656469742d7375626d697373696f6e223b),
('additional_settings__active_tab_features', 0x733a31353a22656469742d7375626d697373696f6e223b),
('additional_settings__active_tab_first_news', 0x733a31353a22656469742d7375626d697373696f6e223b),
('additional_settings__active_tab_foto_gallery', 0x733a31353a22656469742d7375626d697373696f6e223b),
('additional_settings__active_tab_gallery2column', 0x733a31323a22656469742d636f6d6d656e74223b),
('additional_settings__active_tab_gallery3column', 0x733a393a22656469742d6d656e75223b),
('additional_settings__active_tab_gallery4column', 0x733a393a22656469742d6d656e75223b),
('additional_settings__active_tab_home_page_gallery', 0x733a31353a22656469742d7375626d697373696f6e223b),
('additional_settings__active_tab_house', 0x733a31323a22656469742d636f6d6d656e74223b),
('additional_settings__active_tab_local', 0x733a31353a22656469742d7375626d697373696f6e223b),
('additional_settings__active_tab_more', 0x733a31353a22656469742d7375626d697373696f6e223b),
('additional_settings__active_tab_our_skills', 0x733a393a22656469742d6d656e75223b),
('additional_settings__active_tab_page', 0x733a31323a22656469742d636f6d6d656e74223b),
('additional_settings__active_tab_partners', 0x733a31353a22656469742d7375626d697373696f6e223b),
('additional_settings__active_tab_price_table', 0x733a393a22656469742d6d656e75223b),
('additional_settings__active_tab_regimen', 0x733a31353a22656469742d7375626d697373696f6e223b),
('additional_settings__active_tab_second_news', 0x733a31353a22656469742d7375626d697373696f6e223b),
('additional_settings__active_tab_services', 0x733a31353a22656469742d7375626d697373696f6e223b),
('additional_settings__active_tab_slideshowtop', 0x733a393a22656469742d6d656e75223b),
('additional_settings__active_tab_slideshow_bottom', 0x733a31353a22656469742d7375626d697373696f6e223b),
('additional_settings__active_tab_slideshow_top', 0x733a31323a22656469742d636f6d6d656e74223b),
('additional_settings__active_tab_statistics', 0x733a31323a22656469742d636f6d6d656e74223b),
('additional_settings__active_tab_team', 0x733a31353a22656469742d7375626d697373696f6e223b),
('additional_settings__active_tab_test_block_portfolio', 0x733a31333a22656469742d776f726b666c6f77223b),
('additional_settings__active_tab_third_news', 0x733a31353a22656469742d7375626d697373696f6e223b),
('additional_settings__active_tab_who_we_are', 0x733a393a22656469742d6d656e75223b),
('admin_theme', 0x733a353a22736576656e223b),
('anonymous', 0x733a393a22416e6f6e796d6f7573223b),
('block_cache', 0x693a303b),
('cache', 0x693a303b),
('cache_class_cache_ctools_css', 0x733a31343a2243546f6f6c734373734361636865223b),
('cache_lifetime', 0x733a313a2230223b),
('cck_blocks_field_imge_block_availability', 0x693a323b),
('cck_blocks_field_img_block_availability', 0x693a323b),
('clean_url', 0x733a313a2230223b),
('colorbox_caption_trim', 0x733a313a2230223b),
('colorbox_caption_trim_length', 0x733a323a223735223b),
('colorbox_compression_type', 0x733a383a226d696e6966696564223b),
('colorbox_custom_settings_activate', 0x733a313a2230223b),
('colorbox_fixed', 0x693a313b),
('colorbox_initialheight', 0x733a333a22323530223b),
('colorbox_initialwidth', 0x733a333a22333030223b),
('colorbox_inline', 0x693a303b),
('colorbox_load', 0x693a303b),
('colorbox_maxheight', 0x733a333a22393825223b),
('colorbox_maxwidth', 0x733a333a22393825223b),
('colorbox_mobile_detect', 0x733a313a2231223b),
('colorbox_mobile_device_width', 0x733a353a223438307078223b),
('colorbox_opacity', 0x733a343a22302e3835223b),
('colorbox_overlayclose', 0x693a313b),
('colorbox_pages', 0x733a3131353a2261646d696e2a0d0a696d61676562726f777365722a0d0a696d675f6173736973742a0d0a696d63652a0d0a6e6f64652f6164642f2a0d0a6e6f64652f2a2f656469740d0a7072696e742f2a0d0a7072696e747064662f2a0d0a73797374656d2f616a61780d0a73797374656d2f616a61782f2a223b),
('colorbox_scrolling', 0x733a313a2231223b),
('colorbox_slideshow', 0x733a313a2230223b),
('colorbox_slideshowauto', 0x693a313b),
('colorbox_slideshowspeed', 0x733a343a2232353030223b),
('colorbox_style', 0x733a373a2264656661756c74223b),
('colorbox_text_close', 0x733a353a22436c6f7365223b),
('colorbox_text_current', 0x733a32303a227b63757272656e747d206f66207b746f74616c7d223b),
('colorbox_text_next', 0x733a373a224e65787420c2bb223b),
('colorbox_text_previous', 0x733a373a22c2ab2050726576223b),
('colorbox_text_start', 0x733a31353a22737461727420736c69646573686f77223b),
('colorbox_text_stop', 0x733a31343a2273746f7020736c69646573686f77223b),
('colorbox_transition_speed', 0x733a333a22333530223b),
('colorbox_transition_type', 0x733a373a22656c6173746963223b),
('colorbox_visibility', 0x733a313a2230223b),
('color_fpixel_files', 0x613a313a7b693a303b733a34303a227075626c69633a2f2f636f6c6f722f66706978656c2d64353462613435612f636f6c6f722e637373223b7d),
('color_fpixel_logo', 0x733a33393a227075626c69633a2f2f636f6c6f722f66706978656c2d64353462613435612f6c6f676f2e706e67223b),
('color_fpixel_palette', 0x613a31323a7b733a373a22626f64795f6267223b733a373a2223666666666666223b733a393a2263656e7465725f6267223b733a373a2223666166616661223b733a31333a227072655f666f6f7465725f6267223b733a373a2223656537623435223b733a393a22666f6f7465725f6267223b733a373a2223323232323238223b733a31303a226c696e6b5f636f6c6f72223b733a373a2223303038386363223b733a31393a226d61696e6d656e755f6c696e6b5f636f6c6f72223b733a373a2223313131313131223b733a393a226865616465725f6267223b733a373a2223303039626465223b733a31373a22666f6f7465725f6c696e6b5f636f6c6f72223b733a373a2223393939393939223b733a393a22777261705f74657874223b733a373a2223303030303030223b733a31313a22736c696465725f74657874223b733a373a2223313231323132223b733a31343a2263656e746572626f785f74657874223b733a373a2223323232323232223b733a31353a227072655f666f6f7465725f74657874223b733a373a2223663166316631223b7d),
('color_fpixel_stylesheets', 0x613a313a7b693a303b733a34303a227075626c69633a2f2f636f6c6f722f66706978656c2d64353462613435612f636f6c6f722e637373223b7d),
('color_photographer_files', 0x613a313a7b693a303b733a34363a227075626c69633a2f2f636f6c6f722f70686f746f677261706865722d34363739363430652f636f6c6f722e637373223b7d),
('color_photographer_logo', 0x733a34353a227075626c69633a2f2f636f6c6f722f70686f746f677261706865722d34363739363430652f6c6f676f2e706e67223b),
('color_photographer_palette', 0x613a393a7b733a373a22626f64795f6267223b733a373a2223303730373037223b733a31303a226c696e6b5f636f6c6f72223b733a373a2223383838383838223b733a31393a226d61696e6d656e755f6c696e6b5f636f6c6f72223b733a373a2223626462646264223b733a393a22777261705f74657874223b733a373a2223666666666666223b733a383a2270616765325f6267223b733a373a2223653739323061223b733a383a2270616765335f6267223b733a373a2223333761336337223b733a383a2270616765345f6267223b733a373a2223363562303265223b733a383a2270616765355f6267223b733a373a2223383730303937223b733a383a2270616765365f6267223b733a373a2223316131613161223b7d),
('color_photographer_stylesheets', 0x613a313a7b693a303b733a34363a227075626c69633a2f2f636f6c6f722f70686f746f677261706865722d34363739363430652f636f6c6f722e637373223b7d),
('color_serenity_files', 0x613a313a7b693a303b733a34323a227075626c69633a2f2f636f6c6f722f736572656e6974792d31353361343565612f636f6c6f722e637373223b7d),
('color_serenity_logo', 0x733a34313a227075626c69633a2f2f636f6c6f722f736572656e6974792d31353361343565612f6c6f676f2e706e67223b),
('color_serenity_palette', 0x613a31323a7b733a373a22626f64795f6267223b733a373a2223666666666666223b733a31303a226c696e6b5f636f6c6f72223b733a373a2223383838383838223b733a31393a226d61696e6d656e755f6c696e6b5f636f6c6f72223b733a373a2223393439363938223b733a393a22777261705f74657874223b733a373a2223386539353963223b733a393a22666f6f7465725f6267223b733a373a2223316131613161223b733a31363a226c696e6b5f636f6c6f725f686f766572223b733a373a2223333236333831223b733a31373a22666f6f7465725f6c696e6b5f636f6c6f72223b733a373a2223373737373737223b733a32333a22666f6f7465725f6c696e6b5f636f6c6f725f686f766572223b733a373a2223343238326262223b733a32353a226d61696e6d656e755f6c696e6b5f636f6c6f725f686f766572223b733a373a2223333236333831223b733a31343a22656c656d656e74735f636f6c6f72223b733a373a2223343238326161223b733a31383a22746f706d656e755f6c696e6b5f636f6c6f72223b733a373a2223303030303030223b733a32343a22746f706d656e755f6c696e6b5f636f6c6f725f686f766572223b733a373a2223303130313031223b7d),
('color_serenity_stylesheets', 0x613a313a7b693a303b733a34323a227075626c69633a2f2f636f6c6f722f736572656e6974792d31353361343565612f636f6c6f722e637373223b7d),
('comment_anonymous_article', 0x693a303b),
('comment_anonymous_blog', 0x693a303b),
('comment_anonymous_house', 0x693a303b),
('comment_anonymous_local', 0x693a303b),
('comment_anonymous_more', 0x693a303b),
('comment_anonymous_page', 0x693a303b),
('comment_anonymous_slideshow_bottom', 0x693a303b),
('comment_anonymous_slideshow_top', 0x693a303b),
('comment_anonymous_team', 0x693a303b),
('comment_article', 0x733a313a2231223b),
('comment_block_count', 0x693a31303b),
('comment_blog', 0x733a313a2232223b),
('comment_default_mode_article', 0x693a313b),
('comment_default_mode_blog', 0x693a313b),
('comment_default_mode_house', 0x693a313b),
('comment_default_mode_local', 0x693a313b),
('comment_default_mode_more', 0x693a313b),
('comment_default_mode_page', 0x693a313b),
('comment_default_mode_slideshow_bottom', 0x693a313b),
('comment_default_mode_slideshow_top', 0x693a313b),
('comment_default_mode_team', 0x693a313b),
('comment_default_per_page_article', 0x733a323a223530223b),
('comment_default_per_page_blog', 0x733a323a223130223b),
('comment_default_per_page_house', 0x733a323a223530223b),
('comment_default_per_page_local', 0x733a323a223530223b),
('comment_default_per_page_more', 0x733a323a223530223b),
('comment_default_per_page_page', 0x733a323a223530223b),
('comment_default_per_page_slideshow_bottom', 0x733a323a223530223b),
('comment_default_per_page_slideshow_top', 0x733a323a223530223b),
('comment_default_per_page_team', 0x733a323a223530223b),
('comment_form_location_article', 0x693a313b),
('comment_form_location_blog', 0x693a313b),
('comment_form_location_house', 0x693a313b),
('comment_form_location_local', 0x693a313b),
('comment_form_location_more', 0x693a313b),
('comment_form_location_page', 0x693a313b),
('comment_form_location_slideshow_bottom', 0x693a313b),
('comment_form_location_slideshow_top', 0x693a313b),
('comment_form_location_team', 0x693a313b),
('comment_house', 0x733a313a2230223b),
('comment_local', 0x733a313a2232223b),
('comment_media_gallery', 0x693a303b),
('comment_more', 0x733a313a2232223b),
('comment_page', 0x733a313a2231223b),
('comment_preview_article', 0x733a313a2231223b),
('comment_preview_blog', 0x733a313a2230223b),
('comment_preview_house', 0x733a313a2231223b),
('comment_preview_local', 0x733a313a2231223b),
('comment_preview_more', 0x733a313a2231223b),
('comment_preview_page', 0x733a313a2231223b),
('comment_preview_slideshow_bottom', 0x733a313a2231223b),
('comment_preview_slideshow_top', 0x733a313a2231223b),
('comment_preview_team', 0x733a313a2231223b),
('comment_slideshow_bottom', 0x733a313a2232223b),
('comment_slideshow_top', 0x733a313a2231223b),
('comment_subject_field_article', 0x693a313b),
('comment_subject_field_blog', 0x693a313b),
('comment_subject_field_house', 0x693a313b),
('comment_subject_field_local', 0x693a313b),
('comment_subject_field_more', 0x693a313b),
('comment_subject_field_page', 0x693a313b),
('comment_subject_field_slideshow_bottom', 0x693a313b),
('comment_subject_field_slideshow_top', 0x693a313b),
('comment_subject_field_team', 0x693a313b),
('comment_team', 0x733a313a2232223b),
('contact_default_status', 0x693a313b),
('cron_key', 0x733a34333a226f4b69775741524c61616d537a5a6a736d75574a522d6348386a2d33634f475858496c75654a4a515f4e45223b),
('cron_last', 0x693a313338303837383232303b),
('css_js_query_string', 0x733a363a226e7239763662223b),
('ctools_content_all_views', 0x693a303b),
('ctools_last_cron', 0x693a313338303739363938333b),
('date_default_timezone', 0x733a31353a224575726f70652f48656c73696e6b69223b),
('default_nodes_main', 0x733a323a223330223b),
('default_page_manager_pages', 0x613a333a7b733a32363a2263746f6f6c735f706c7567696e5f6578616d706c655f62617365223b623a313b733a32313a2263746f6f6c735f706c7567696e5f6578616d706c65223b623a313b733a393a22616c6c5f686f757365223b623a313b7d),
('drupal_http_request_fails', 0x623a303b),
('drupal_private_key', 0x733a34333a225738584866695f4664476454636d33784565437778474843627664457763755f4d496a637935466248794d223b),
('email__active_tab', 0x733a32343a22656469742d656d61696c2d61646d696e2d63726561746564223b),
('facetapi:block_cache:search_api@house_index', 0x693a2d313b),
('field_bundle_settings_comment__comment_node_blog', 0x613a323a7b733a31303a22766965775f6d6f646573223b613a303a7b7d733a31323a2265787472615f6669656c6473223b613a323a7b733a343a22666f726d223b613a323a7b733a363a22617574686f72223b613a313a7b733a363a22776569676874223b733a323a222d32223b7d733a373a227375626a656374223b613a313a7b733a363a22776569676874223b733a323a222d31223b7d7d733a373a22646973706c6179223b613a303a7b7d7d7d),
('field_bundle_settings_comment__comment_node_house', 0x613a323a7b733a31303a22766965775f6d6f646573223b613a313a7b733a343a2266756c6c223b613a313a7b733a31353a22637573746f6d5f73657474696e6773223b623a303b7d7d733a31323a2265787472615f6669656c6473223b613a323a7b733a343a22666f726d223b613a323a7b733a363a22617574686f72223b613a313a7b733a363a22776569676874223b733a313a2231223b7d733a373a227375626a656374223b613a313a7b733a363a22776569676874223b733a313a2232223b7d7d733a373a22646973706c6179223b613a303a7b7d7d7d),
('field_bundle_settings_comment__comment_node_more', 0x613a303a7b7d),
('field_bundle_settings_file__audio', 0x613a323a7b733a31303a22766965775f6d6f646573223b613a353a7b733a32333a226d656469615f67616c6c6572795f7468756d626e61696c223b613a313a7b733a31353a22637573746f6d5f73657474696e6773223b623a313b7d733a32323a226d656469615f67616c6c6572795f6c69676874626f78223b613a313a7b733a31353a22637573746f6d5f73657474696e6773223b623a313b7d733a32303a226d656469615f67616c6c6572795f64657461696c223b613a313a7b733a31353a22637573746f6d5f73657474696e6773223b623a313b7d733a32393a226d656469615f67616c6c6572795f626c6f636b5f7468756d626e61696c223b613a313a7b733a31353a22637573746f6d5f73657474696e6773223b623a313b7d733a33343a226d656469615f67616c6c6572795f636f6c6c656374696f6e5f7468756d626e61696c223b613a313a7b733a31353a22637573746f6d5f73657474696e6773223b623a313b7d7d733a31323a2265787472615f6669656c6473223b613a323a7b733a343a22666f726d223b613a303a7b7d733a373a22646973706c6179223b613a313a7b733a343a2266696c65223b613a313a7b733a31313a226d656469615f736d616c6c223b613a323a7b733a363a22776569676874223b693a303b733a373a2276697369626c65223b623a303b7d7d7d7d7d),
('field_bundle_settings_file__default', 0x613a323a7b733a31303a22766965775f6d6f646573223b613a303a7b7d733a31323a2265787472615f6669656c6473223b613a323a7b733a343a22666f726d223b613a303a7b7d733a373a22646973706c6179223b613a313a7b733a343a2266696c65223b613a313a7b733a31313a226d656469615f736d616c6c223b613a323a7b733a363a22776569676874223b693a303b733a373a2276697369626c65223b623a303b7d7d7d7d7d),
('field_bundle_settings_file__image', 0x613a323a7b733a31303a22766965775f6d6f646573223b613a353a7b733a32333a226d656469615f67616c6c6572795f7468756d626e61696c223b613a313a7b733a31353a22637573746f6d5f73657474696e6773223b623a313b7d733a32323a226d656469615f67616c6c6572795f6c69676874626f78223b613a313a7b733a31353a22637573746f6d5f73657474696e6773223b623a313b7d733a32303a226d656469615f67616c6c6572795f64657461696c223b613a313a7b733a31353a22637573746f6d5f73657474696e6773223b623a313b7d733a32393a226d656469615f67616c6c6572795f626c6f636b5f7468756d626e61696c223b613a313a7b733a31353a22637573746f6d5f73657474696e6773223b623a313b7d733a33343a226d656469615f67616c6c6572795f636f6c6c656374696f6e5f7468756d626e61696c223b613a313a7b733a31353a22637573746f6d5f73657474696e6773223b623a313b7d7d733a31323a2265787472615f6669656c6473223b613a323a7b733a343a22666f726d223b613a303a7b7d733a373a22646973706c6179223b613a313a7b733a343a2266696c65223b613a313a7b733a31313a226d656469615f736d616c6c223b613a323a7b733a363a22776569676874223b693a303b733a373a2276697369626c65223b623a303b7d7d7d7d7d),
('field_bundle_settings_file__video', 0x613a323a7b733a31303a22766965775f6d6f646573223b613a353a7b733a32333a226d656469615f67616c6c6572795f7468756d626e61696c223b613a313a7b733a31353a22637573746f6d5f73657474696e6773223b623a313b7d733a32323a226d656469615f67616c6c6572795f6c69676874626f78223b613a313a7b733a31353a22637573746f6d5f73657474696e6773223b623a313b7d733a32303a226d656469615f67616c6c6572795f64657461696c223b613a313a7b733a31353a22637573746f6d5f73657474696e6773223b623a313b7d733a32393a226d656469615f67616c6c6572795f626c6f636b5f7468756d626e61696c223b613a313a7b733a31353a22637573746f6d5f73657474696e6773223b623a313b7d733a33343a226d656469615f67616c6c6572795f636f6c6c656374696f6e5f7468756d626e61696c223b613a313a7b733a31353a22637573746f6d5f73657474696e6773223b623a313b7d7d733a31323a2265787472615f6669656c6473223b613a323a7b733a343a22666f726d223b613a303a7b7d733a373a22646973706c6179223b613a313a7b733a343a2266696c65223b613a313a7b733a31313a226d656469615f736d616c6c223b613a323a7b733a363a22776569676874223b693a303b733a373a2276697369626c65223b623a303b7d7d7d7d7d),
('field_bundle_settings_node__article', 0x613a323a7b733a31303a22766965775f6d6f646573223b613a303a7b7d733a31323a2265787472615f6669656c6473223b613a323a7b733a343a22666f726d223b613a313a7b733a353a227469746c65223b613a313a7b733a363a22776569676874223b733a313a2231223b7d7d733a373a22646973706c6179223b613a303a7b7d7d7d),
('field_bundle_settings_node__blog', 0x613a323a7b733a31303a22766965775f6d6f646573223b613a353a7b733a363a22746561736572223b613a313a7b733a31353a22637573746f6d5f73657474696e6773223b623a313b7d733a343a2266756c6c223b613a313a7b733a31353a22637573746f6d5f73657474696e6773223b623a303b7d733a333a22727373223b613a313a7b733a31353a22637573746f6d5f73657474696e6773223b623a303b7d733a31323a227365617263685f696e646578223b613a313a7b733a31353a22637573746f6d5f73657474696e6773223b623a303b7d733a31333a227365617263685f726573756c74223b613a313a7b733a31353a22637573746f6d5f73657474696e6773223b623a303b7d7d733a31323a2265787472615f6669656c6473223b613a323a7b733a343a22666f726d223b613a313a7b733a353a227469746c65223b613a313a7b733a363a22776569676874223b733a313a2230223b7d7d733a373a22646973706c6179223b613a303a7b7d7d7d),
('field_bundle_settings_node__house', 0x613a323a7b733a31303a22766965775f6d6f646573223b613a353a7b733a363a22746561736572223b613a313a7b733a31353a22637573746f6d5f73657474696e6773223b623a313b7d733a343a2266756c6c223b613a313a7b733a31353a22637573746f6d5f73657474696e6773223b623a303b7d733a333a22727373223b613a313a7b733a31353a22637573746f6d5f73657474696e6773223b623a303b7d733a31323a227365617263685f696e646578223b613a313a7b733a31353a22637573746f6d5f73657474696e6773223b623a303b7d733a31333a227365617263685f726573756c74223b613a313a7b733a31353a22637573746f6d5f73657474696e6773223b623a303b7d7d733a31323a2265787472615f6669656c6473223b613a323a7b733a343a22666f726d223b613a323a7b733a353a227469746c65223b613a313a7b733a363a22776569676874223b733a313a2230223b7d733a393a226c6f636174696f6e73223b613a313a7b733a363a22776569676874223b733a313a2236223b7d7d733a373a22646973706c6179223b613a303a7b7d7d7d),
('field_bundle_settings_node__media_gallery', 0x613a323a7b733a31303a22766965775f6d6f646573223b613a323a7b733a31393a226d656469615f67616c6c6572795f626c6f636b223b613a313a7b733a31353a22637573746f6d5f73657474696e6773223b623a313b7d733a343a2266756c6c223b613a313a7b733a31353a22637573746f6d5f73657474696e6773223b623a313b7d7d733a31323a2265787472615f6669656c6473223b613a323a7b733a343a22666f726d223b613a303a7b7d733a373a22646973706c6179223b613a313a7b733a31343a226164645f6d656469615f6c696e6b223b613a343a7b733a343a2266756c6c223b613a323a7b733a363a22776569676874223b693a313b733a373a2276697369626c65223b623a313b7d733a373a2264656661756c74223b613a323a7b733a373a2276697369626c65223b623a303b733a363a22776569676874223b693a313b7d733a363a22746561736572223b613a323a7b733a373a2276697369626c65223b623a303b733a363a22776569676874223b693a313b7d733a31393a226d656469615f67616c6c6572795f626c6f636b223b613a323a7b733a373a2276697369626c65223b623a303b733a363a22776569676874223b693a313b7d7d7d7d7d),
('field_bundle_settings_node__more', 0x613a323a7b733a31303a22766965775f6d6f646573223b613a303a7b7d733a31323a2265787472615f6669656c6473223b613a323a7b733a343a22666f726d223b613a323a7b733a353a227469746c65223b613a313a7b733a363a22776569676874223b733a313a2230223b7d733a393a226c6f636174696f6e73223b613a313a7b733a363a22776569676874223b733a313a2235223b7d7d733a373a22646973706c6179223b613a303a7b7d7d7d),
('field_bundle_settings_node__page', 0x613a323a7b733a31303a22766965775f6d6f646573223b613a303a7b7d733a31323a2265787472615f6669656c6473223b613a323a7b733a343a22666f726d223b613a303a7b7d733a373a22646973706c6179223b613a303a7b7d7d7d),
('field_bundle_settings_node__slideshow_bottom', 0x613a323a7b733a31303a22766965775f6d6f646573223b613a303a7b7d733a31323a2265787472615f6669656c6473223b613a323a7b733a343a22666f726d223b613a323a7b733a393a226c6f636174696f6e73223b613a313a7b733a363a22776569676874223b733a323a223330223b7d733a353a227469746c65223b613a313a7b733a363a22776569676874223b733a323a222d35223b7d7d733a373a22646973706c6179223b613a303a7b7d7d7d),
('field_bundle_settings_node__slideshow_top', 0x613a323a7b733a31303a22766965775f6d6f646573223b613a353a7b733a363a22746561736572223b613a313a7b733a31353a22637573746f6d5f73657474696e6773223b623a313b7d733a343a2266756c6c223b613a313a7b733a31353a22637573746f6d5f73657474696e6773223b623a303b7d733a333a22727373223b613a313a7b733a31353a22637573746f6d5f73657474696e6773223b623a303b7d733a31323a227365617263685f696e646578223b613a313a7b733a31353a22637573746f6d5f73657474696e6773223b623a303b7d733a31333a227365617263685f726573756c74223b613a313a7b733a31353a22637573746f6d5f73657474696e6773223b623a303b7d7d733a31323a2265787472615f6669656c6473223b613a323a7b733a343a22666f726d223b613a313a7b733a353a227469746c65223b613a313a7b733a363a22776569676874223b733a313a2231223b7d7d733a373a22646973706c6179223b613a303a7b7d7d7d),
('field_bundle_settings_node__team', 0x613a323a7b733a31303a22766965775f6d6f646573223b613a303a7b7d733a31323a2265787472615f6669656c6473223b613a323a7b733a343a22666f726d223b613a313a7b733a353a227469746c65223b613a313a7b733a363a22776569676874223b733a313a2232223b7d7d733a373a22646973706c6179223b613a303a7b7d7d7d),
('field_bundle_settings_taxonomy_term__category_house', 0x613a323a7b733a31303a22766965775f6d6f646573223b613a303a7b7d733a31323a2265787472615f6669656c6473223b613a323a7b733a343a22666f726d223b613a323a7b733a343a226e616d65223b613a313a7b733a363a22776569676874223b733a323a222d35223b7d733a31313a226465736372697074696f6e223b613a313a7b733a363a22776569676874223b733a313a2230223b7d7d733a373a22646973706c6179223b613a303a7b7d7d7d),
('field_bundle_settings_taxonomy_term__tags', 0x613a323a7b733a31303a22766965775f6d6f646573223b613a313a7b733a343a2266756c6c223b613a313a7b733a31353a22637573746f6d5f73657474696e6773223b623a313b7d7d733a31323a2265787472615f6669656c6473223b613a323a7b733a343a22666f726d223b613a323a7b733a343a226e616d65223b613a313a7b733a363a22776569676874223b733a313a2231223b7d733a31313a226465736372697074696f6e223b613a313a7b733a363a22776569676874223b733a313a2232223b7d7d733a373a22646973706c6179223b613a313a7b733a31313a226465736372697074696f6e223b613a323a7b733a373a2264656661756c74223b613a323a7b733a363a22776569676874223b733a313a2231223b733a373a2276697369626c65223b623a313b7d733a343a2266756c6c223b613a323a7b733a363a22776569676874223b733a313a2231223b733a373a2276697369626c65223b623a313b7d7d7d7d7d),
('field_bundle_settings_user__user', 0x613a323a7b733a31303a22766965775f6d6f646573223b613a313a7b733a343a2266756c6c223b613a313a7b733a31353a22637573746f6d5f73657474696e6773223b623a303b7d7d733a31323a2265787472615f6669656c6473223b613a323a7b733a343a22666f726d223b613a323a7b733a373a226163636f756e74223b613a313a7b733a363a22776569676874223b733a333a222d3130223b7d733a383a2274696d657a6f6e65223b613a313a7b733a363a22776569676874223b733a313a2236223b7d7d733a373a22646973706c6179223b613a313a7b733a373a2273756d6d617279223b613a313a7b733a373a2264656661756c74223b613a323a7b733a363a22776569676874223b733a313a2235223b733a373a2276697369626c65223b623a313b7d7d7d7d7d),
('file_default_scheme', 0x733a363a227075626c6963223b),
('file_private_path', 0x733a303a22223b),
('file_public_path', 0x733a31393a2273697465732f64656661756c742f66696c6573223b),
('file_temporary_path', 0x733a343a222f746d70223b),
('filter_fallback_format', 0x733a31303a22706c61696e5f74657874223b),
('gmap_api_key', 0x733a303a22223b),
('gmap_bubble_styles', 0x613a323a7b733a31393a22656e61626c655f627562626c655f7374796c65223b693a303b733a32303a227374796c655f627562626c655f6f7074696f6e73223b733a303a22223b7d),
('gmap_default', 0x613a31353a7b733a353a227769647468223b733a343a2231303025223b733a363a22686569676874223b733a353a223430307078223b733a373a226c61746c6f6e67223b733a33343a2234302e37323830363639303031363731372c2d37342e383439383533353135363235223b733a343a227a6f6f6d223b733a313a2238223b733a373a226d61787a6f6f6d223b733a323a223134223b733a363a227374796c6573223b613a333a7b733a31323a226c696e655f64656661756c74223b613a353a7b693a303b733a363a22303030306666223b693a313b733a313a2235223b693a323b733a323a223435223b693a333b733a303a22223b693a343b733a303a22223b7d733a31323a22706f6c795f64656661756c74223b613a353a7b693a303b733a363a22303030303030223b693a313b733a313a2233223b693a323b733a323a223235223b693a333b733a363a22666630303030223b693a343b733a323a223435223b7d733a31353a22686967686c696768745f636f6c6f72223b733a363a22666630303030223b7d733a31313a22636f6e74726f6c74797065223b733a353a22536d616c6c223b733a31303a2270616e636f6e74726f6c223b693a313b733a31373a2273747265657476696577636f6e74726f6c223b693a303b733a333a226d7463223b733a383a227374616e64617264223b733a373a226d617074797065223b733a333a224d6170223b733a31303a22626173656c6179657273223b613a343a7b733a333a224d6170223b693a313b733a393a22536174656c6c697465223b693a313b733a363a22487962726964223b693a313b733a383a22506879736963616c223b693a303b7d733a383a226265686176696f72223b613a31333a7b733a373a226c6f637069636b223b623a303b733a363a226e6f64726167223b693a303b733a31303a226e6f6b6579626f617264223b693a313b733a31313a226e6f6d6f7573657a6f6f6d223b693a303b733a31303a226e6f636f6e747a6f6f6d223b693a303b733a383a226175746f7a6f6f6d223b693a303b733a31303a2264796e6d61726b657273223b693a303b733a383a226f76657276696577223b693a303b733a31323a22636f6c6c617073656861636b223b693a303b733a353a227363616c65223b693a303b733a31373a2265787472616d61726b65726576656e7473223b623a303b733a31353a22636c69636b61626c65736861706573223b623a303b733a393a22686967686c69676874223b693a303b7d733a31303a226d61726b65726d6f6465223b733a313a2231223b733a31313a226c696e655f636f6c6f7273223b613a333a7b693a303b733a373a2223303063633030223b693a313b733a373a2223666630303030223b693a323b733a373a2223303030306666223b7d7d),
('gmap_markermanager', 0x613a343a7b733a31333a226d61726b65726d616e61676572223b613a363a7b733a383a2266696c656e616d65223b733a32333a226d61726b65726d616e616765725f7061636b65642e6a73223b733a31333a22626f7264657250616464696e67223b733a333a22323536223b733a373a226d61785a6f6f6d223b733a313a2234223b733a31323a22747261636b4d61726b657273223b693a303b733a31333a226d61726b65724d696e5a6f6f6d223b733a313a2234223b733a31333a226d61726b65724d61785a6f6f6d223b733a313a2230223b7d733a31353a226d61726b6572636c75737465726572223b613a343a7b733a383a2266696c656e616d65223b733a32353a226d61726b6572636c757374657265725f7061636b65642e6a73223b733a383a226772696453697a65223b693a36303b733a373a226d61785a6f6f6d223b693a31373b733a363a227374796c6573223b613a303a7b7d7d733a393a22636c75737465726572223b613a363a7b733a383a2266696c656e616d65223b733a31333a22436c75737465726572322e6a73223b733a363a226d61726b6572223b733a373a22636c7573746572223b733a31333a226d61785f6e6f636c7573746572223b733a333a22313530223b733a31313a22636c75737465725f6d696e223b733a313a2235223b733a393a226d61785f6c696e6573223b733a323a223130223b733a31303a22706f7075705f6d6f6465223b733a343a226f726967223b7d733a31333a22636c75737465726d61726b6572223b613a373a7b733a383a2266696c656e616d65223b733a31363a22436c75737465724d61726b65722e6a73223b733a31333a22626f7264657250616464696e67223b733a333a22323536223b733a31373a22636c7573746572696e67456e61626c6564223b693a313b733a31373a22636c75737465724d61726b657249636f6e223b733a303a22223b733a31383a22636c75737465724d61726b65725469746c65223b733a303a22223b733a31333a226669744d61704d61785a6f6f6d223b733a313a2230223b733a31363a22696e7465727365637450616464696e67223b733a313a2230223b7d7d),
('gmap_marker_custom_dir', 0x733a383a226e6f2076616c7565223b),
('gmap_marker_file', 0x733a333a22343736223b),
('gmap_mm_type', 0x733a343a22676d6170223b),
('image_toolkit', 0x733a323a226764223b),
('install_profile', 0x733a383a227374616e64617264223b),
('install_task', 0x733a32343a22696e7374616c6c5f73656c65637465645f70726f66696c65223b),
('install_time', 0x693a313337343437373938343b),
('javascript_parsed', 0x613a373a7b693a303b733a31343a226d6973632f64727570616c2e6a73223b693a313b733a31343a226d6973632f6a71756572792e6a73223b693a323b733a31393a226d6973632f6a71756572792e6f6e63652e6a73223b693a333b733a33373a2273697465732f616c6c2f6d6f64756c65732f70616e656c732f6a732f70616e656c732e6a73223b693a343b733a32343a226d6f64756c65732f73797374656d2f73797374656d2e6a73223b693a353b733a31323a226d6973632f666f726d2e6a73223b693a363b733a34323a2273697465732f616c6c2f6d6f64756c65732f61646d696e5f6d656e752f61646d696e5f6d656e752e6a73223b7d),
('jquery_update_compression_type', 0x733a333a226d696e223b),
('jquery_update_jquery_cdn', 0x733a343a226e6f6e65223b),
('jquery_update_jquery_migrate_cdn', 0x733a343a226e6f6e65223b),
('jquery_update_jquery_migrate_enable', 0x693a303b),
('jquery_update_jquery_migrate_trace', 0x693a303b),
('jquery_update_jquery_migrate_warnings', 0x693a303b),
('jquery_update_jquery_version', 0x733a333a22312e38223b),
('jquery_update__active_tab', 0x733a31313a22656469742d7468656d6573223b),
('language_content_type_article', 0x733a313a2230223b),
('language_content_type_house', 0x733a313a2230223b),
('language_content_type_more', 0x733a313a2230223b),
('language_content_type_page', 0x733a313a2230223b),
('language_content_type_slideshow_bottom', 0x733a313a2230223b),
('language_negotiation_language', 0x613a303a7b7d),
('language_negotiation_language_content', 0x613a313a7b733a31363a226c6f63616c652d696e74657266616365223b613a323a7b733a393a2263616c6c6261636b73223b613a313a7b733a383a226c616e6775616765223b733a33303a226c6f63616c655f6c616e67756167655f66726f6d5f696e74657266616365223b7d733a343a2266696c65223b733a31393a22696e636c756465732f6c6f63616c652e696e63223b7d7d),
('language_negotiation_language_url', 0x613a323a7b733a31303a226c6f63616c652d75726c223b613a323a7b733a393a2263616c6c6261636b73223b613a333a7b733a383a226c616e6775616765223b733a32343a226c6f63616c655f6c616e67756167655f66726f6d5f75726c223b733a383a227377697463686572223b733a32383a226c6f63616c655f6c616e67756167655f73776974636865725f75726c223b733a31313a2275726c5f72657772697465223b733a33313a226c6f63616c655f6c616e67756167655f75726c5f726577726974655f75726c223b7d733a343a2266696c65223b733a31393a22696e636c756465732f6c6f63616c652e696e63223b7d733a31393a226c6f63616c652d75726c2d66616c6c6261636b223b613a323a7b733a393a2263616c6c6261636b73223b613a313a7b733a383a226c616e6775616765223b733a32383a226c6f63616c655f6c616e67756167655f75726c5f66616c6c6261636b223b7d733a343a2266696c65223b733a31393a22696e636c756465732f6c6f63616c652e696e63223b7d7d),
('language_types', 0x613a333a7b733a383a226c616e6775616765223b623a313b733a31363a226c616e67756167655f636f6e74656e74223b623a303b733a31323a226c616e67756167655f75726c223b623a303b7d),
('less_autoprefixer', 0x623a303b),
('less_devel', 0x693a313b),
('less_dir', 0x733a34333a222d4e7a6374697774346a6d7667594a73627948363873585a354e6149614a5030714d4a6f7a2d4c576b7755223b),
('less_engine', 0x733a383a226c6573732e706870223b),
('less_source_maps', 0x693a313b),
('less_watch', 0x693a303b),
('location_defaultnum_article', 0x733a313a2231223b),
('location_defaultnum_house', 0x733a313a2231223b),
('location_defaultnum_more', 0x733a313a2231223b),
('location_defaultnum_page', 0x733a313a2231223b),
('location_defaultnum_slideshow_bottom', 0x733a313a2231223b),
('location_default_country', 0x733a323a227573223b),
('location_display_location', 0x733a313a2231223b),
('location_general_geocoders_in_use', 0x613a303a7b7d),
('location_geocode_ad', 0x733a343a226e6f6e65223b),
('location_geocode_ae', 0x733a343a226e6f6e65223b),
('location_geocode_af', 0x733a343a226e6f6e65223b),
('location_geocode_ag', 0x733a343a226e6f6e65223b),
('location_geocode_ai', 0x733a343a226e6f6e65223b),
('location_geocode_al', 0x733a343a226e6f6e65223b),
('location_geocode_am', 0x733a343a226e6f6e65223b),
('location_geocode_an', 0x733a343a226e6f6e65223b),
('location_geocode_ao', 0x733a343a226e6f6e65223b),
('location_geocode_ar', 0x733a343a226e6f6e65223b),
('location_geocode_as', 0x733a343a226e6f6e65223b),
('location_geocode_at', 0x733a343a226e6f6e65223b),
('location_geocode_au', 0x733a343a226e6f6e65223b),
('location_geocode_aw', 0x733a343a226e6f6e65223b),
('location_geocode_ba', 0x733a343a226e6f6e65223b),
('location_geocode_bb', 0x733a343a226e6f6e65223b),
('location_geocode_bd', 0x733a343a226e6f6e65223b),
('location_geocode_be', 0x733a343a226e6f6e65223b),
('location_geocode_bf', 0x733a343a226e6f6e65223b),
('location_geocode_bg', 0x733a343a226e6f6e65223b),
('location_geocode_bh', 0x733a343a226e6f6e65223b),
('location_geocode_bi', 0x733a343a226e6f6e65223b),
('location_geocode_bj', 0x733a343a226e6f6e65223b),
('location_geocode_bm', 0x733a343a226e6f6e65223b),
('location_geocode_bn', 0x733a343a226e6f6e65223b),
('location_geocode_bo', 0x733a343a226e6f6e65223b),
('location_geocode_br', 0x733a343a226e6f6e65223b),
('location_geocode_bs', 0x733a343a226e6f6e65223b),
('location_geocode_bt', 0x733a343a226e6f6e65223b),
('location_geocode_bw', 0x733a343a226e6f6e65223b),
('location_geocode_by', 0x733a343a226e6f6e65223b),
('location_geocode_bz', 0x733a343a226e6f6e65223b),
('location_geocode_ca', 0x733a343a226e6f6e65223b),
('location_geocode_cc', 0x733a343a226e6f6e65223b),
('location_geocode_cd', 0x733a343a226e6f6e65223b),
('location_geocode_cf', 0x733a343a226e6f6e65223b),
('location_geocode_cg', 0x733a343a226e6f6e65223b),
('location_geocode_ch', 0x733a343a226e6f6e65223b),
('location_geocode_ci', 0x733a343a226e6f6e65223b),
('location_geocode_ck', 0x733a343a226e6f6e65223b),
('location_geocode_cl', 0x733a343a226e6f6e65223b),
('location_geocode_cm', 0x733a343a226e6f6e65223b),
('location_geocode_cn', 0x733a343a226e6f6e65223b),
('location_geocode_co', 0x733a343a226e6f6e65223b),
('location_geocode_cr', 0x733a343a226e6f6e65223b),
('location_geocode_cu', 0x733a343a226e6f6e65223b),
('location_geocode_cv', 0x733a343a226e6f6e65223b),
('location_geocode_cx', 0x733a343a226e6f6e65223b),
('location_geocode_cz', 0x733a343a226e6f6e65223b),
('location_geocode_de', 0x733a343a226e6f6e65223b),
('location_geocode_dj', 0x733a343a226e6f6e65223b),
('location_geocode_dk', 0x733a343a226e6f6e65223b),
('location_geocode_dm', 0x733a343a226e6f6e65223b),
('location_geocode_do', 0x733a343a226e6f6e65223b),
('location_geocode_dz', 0x733a343a226e6f6e65223b),
('location_geocode_ec', 0x733a343a226e6f6e65223b),
('location_geocode_ee', 0x733a343a226e6f6e65223b),
('location_geocode_eg', 0x733a343a226e6f6e65223b),
('location_geocode_es', 0x733a343a226e6f6e65223b),
('location_geocode_et', 0x733a343a226e6f6e65223b),
('location_geocode_fi', 0x733a343a226e6f6e65223b),
('location_geocode_fj', 0x733a343a226e6f6e65223b),
('location_geocode_fm', 0x733a343a226e6f6e65223b),
('location_geocode_fr', 0x733a343a226e6f6e65223b),
('location_geocode_ga', 0x733a343a226e6f6e65223b),
('location_geocode_gb', 0x733a343a226e6f6e65223b),
('location_geocode_gd', 0x733a343a226e6f6e65223b),
('location_geocode_gf', 0x733a343a226e6f6e65223b),
('location_geocode_gh', 0x733a343a226e6f6e65223b),
('location_geocode_gl', 0x733a343a226e6f6e65223b),
('location_geocode_gm', 0x733a343a226e6f6e65223b),
('location_geocode_gn', 0x733a343a226e6f6e65223b),
('location_geocode_google_minimum_accuracy', 0x733a313a2233223b),
('location_geocode_gp', 0x733a343a226e6f6e65223b),
('location_geocode_gq', 0x733a343a226e6f6e65223b),
('location_geocode_gr', 0x733a343a226e6f6e65223b),
('location_geocode_gt', 0x733a343a226e6f6e65223b),
('location_geocode_gu', 0x733a343a226e6f6e65223b),
('location_geocode_gw', 0x733a343a226e6f6e65223b),
('location_geocode_hk', 0x733a343a226e6f6e65223b),
('location_geocode_hn', 0x733a343a226e6f6e65223b),
('location_geocode_hr', 0x733a343a226e6f6e65223b),
('location_geocode_ht', 0x733a343a226e6f6e65223b),
('location_geocode_hu', 0x733a343a226e6f6e65223b),
('location_geocode_id', 0x733a343a226e6f6e65223b),
('location_geocode_ie', 0x733a343a226e6f6e65223b),
('location_geocode_il', 0x733a343a226e6f6e65223b),
('location_geocode_in', 0x733a343a226e6f6e65223b),
('location_geocode_io', 0x733a343a226e6f6e65223b),
('location_geocode_iq', 0x733a343a226e6f6e65223b),
('location_geocode_ir', 0x733a343a226e6f6e65223b),
('location_geocode_is', 0x733a343a226e6f6e65223b),
('location_geocode_it', 0x733a343a226e6f6e65223b),
('location_geocode_jm', 0x733a343a226e6f6e65223b),
('location_geocode_jo', 0x733a343a226e6f6e65223b),
('location_geocode_jp', 0x733a343a226e6f6e65223b),
('location_geocode_ke', 0x733a343a226e6f6e65223b),
('location_geocode_kg', 0x733a343a226e6f6e65223b),
('location_geocode_kh', 0x733a343a226e6f6e65223b),
('location_geocode_km', 0x733a343a226e6f6e65223b),
('location_geocode_kn', 0x733a343a226e6f6e65223b),
('location_geocode_kr', 0x733a343a226e6f6e65223b),
('location_geocode_kw', 0x733a343a226e6f6e65223b),
('location_geocode_ky', 0x733a343a226e6f6e65223b),
('location_geocode_kz', 0x733a343a226e6f6e65223b),
('location_geocode_la', 0x733a343a226e6f6e65223b),
('location_geocode_lb', 0x733a343a226e6f6e65223b),
('location_geocode_lc', 0x733a343a226e6f6e65223b),
('location_geocode_li', 0x733a343a226e6f6e65223b),
('location_geocode_lk', 0x733a343a226e6f6e65223b),
('location_geocode_lr', 0x733a343a226e6f6e65223b),
('location_geocode_ls', 0x733a343a226e6f6e65223b),
('location_geocode_lt', 0x733a343a226e6f6e65223b),
('location_geocode_lu', 0x733a343a226e6f6e65223b),
('location_geocode_lv', 0x733a343a226e6f6e65223b),
('location_geocode_ly', 0x733a343a226e6f6e65223b),
('location_geocode_ma', 0x733a343a226e6f6e65223b),
('location_geocode_mc', 0x733a343a226e6f6e65223b),
('location_geocode_md', 0x733a343a226e6f6e65223b),
('location_geocode_me', 0x733a343a226e6f6e65223b),
('location_geocode_mg', 0x733a343a226e6f6e65223b),
('location_geocode_mh', 0x733a343a226e6f6e65223b),
('location_geocode_mk', 0x733a343a226e6f6e65223b),
('location_geocode_ml', 0x733a343a226e6f6e65223b),
('location_geocode_mm', 0x733a343a226e6f6e65223b),
('location_geocode_mn', 0x733a343a226e6f6e65223b),
('location_geocode_mo', 0x733a343a226e6f6e65223b),
('location_geocode_mp', 0x733a343a226e6f6e65223b),
('location_geocode_mq', 0x733a343a226e6f6e65223b),
('location_geocode_mr', 0x733a343a226e6f6e65223b),
('location_geocode_ms', 0x733a343a226e6f6e65223b),
('location_geocode_mu', 0x733a343a226e6f6e65223b),
('location_geocode_mw', 0x733a343a226e6f6e65223b),
('location_geocode_mx', 0x733a343a226e6f6e65223b),
('location_geocode_my', 0x733a343a226e6f6e65223b),
('location_geocode_mz', 0x733a343a226e6f6e65223b),
('location_geocode_na', 0x733a343a226e6f6e65223b),
('location_geocode_ne', 0x733a343a226e6f6e65223b),
('location_geocode_ng', 0x733a343a226e6f6e65223b),
('location_geocode_ni', 0x733a343a226e6f6e65223b),
('location_geocode_nl', 0x733a343a226e6f6e65223b),
('location_geocode_no', 0x733a343a226e6f6e65223b),
('location_geocode_np', 0x733a343a226e6f6e65223b),
('location_geocode_nr', 0x733a343a226e6f6e65223b),
('location_geocode_nu', 0x733a343a226e6f6e65223b),
('location_geocode_nz', 0x733a343a226e6f6e65223b),
('location_geocode_om', 0x733a343a226e6f6e65223b),
('location_geocode_pa', 0x733a343a226e6f6e65223b),
('location_geocode_pe', 0x733a343a226e6f6e65223b),
('location_geocode_pg', 0x733a343a226e6f6e65223b),
('location_geocode_ph', 0x733a343a226e6f6e65223b),
('location_geocode_pk', 0x733a343a226e6f6e65223b),
('location_geocode_pl', 0x733a343a226e6f6e65223b),
('location_geocode_pn', 0x733a343a226e6f6e65223b),
('location_geocode_pt', 0x733a343a226e6f6e65223b),
('location_geocode_py', 0x733a343a226e6f6e65223b),
('location_geocode_qa', 0x733a343a226e6f6e65223b),
('location_geocode_re', 0x733a343a226e6f6e65223b),
('location_geocode_ro', 0x733a343a226e6f6e65223b),
('location_geocode_rs', 0x733a343a226e6f6e65223b),
('location_geocode_ru', 0x733a343a226e6f6e65223b),
('location_geocode_rw', 0x733a343a226e6f6e65223b),
('location_geocode_sa', 0x733a343a226e6f6e65223b),
('location_geocode_sb', 0x733a343a226e6f6e65223b),
('location_geocode_sc', 0x733a343a226e6f6e65223b),
('location_geocode_sd', 0x733a343a226e6f6e65223b),
('location_geocode_se', 0x733a343a226e6f6e65223b),
('location_geocode_sg', 0x733a343a226e6f6e65223b),
('location_geocode_sh', 0x733a343a226e6f6e65223b),
('location_geocode_si', 0x733a343a226e6f6e65223b),
('location_geocode_sk', 0x733a343a226e6f6e65223b),
('location_geocode_sl', 0x733a343a226e6f6e65223b),
('location_geocode_sm', 0x733a343a226e6f6e65223b),
('location_geocode_sn', 0x733a343a226e6f6e65223b),
('location_geocode_so', 0x733a343a226e6f6e65223b),
('location_geocode_st', 0x733a343a226e6f6e65223b),
('location_geocode_sv', 0x733a343a226e6f6e65223b),
('location_geocode_sy', 0x733a343a226e6f6e65223b),
('location_geocode_sz', 0x733a343a226e6f6e65223b),
('location_geocode_td', 0x733a343a226e6f6e65223b),
('location_geocode_tg', 0x733a343a226e6f6e65223b),
('location_geocode_th', 0x733a343a226e6f6e65223b),
('location_geocode_tj', 0x733a343a226e6f6e65223b),
('location_geocode_tk', 0x733a343a226e6f6e65223b),
('location_geocode_tl', 0x733a343a226e6f6e65223b),
('location_geocode_tm', 0x733a343a226e6f6e65223b),
('location_geocode_tn', 0x733a343a226e6f6e65223b),
('location_geocode_to', 0x733a343a226e6f6e65223b),
('location_geocode_tr', 0x733a343a226e6f6e65223b),
('location_geocode_tt', 0x733a343a226e6f6e65223b),
('location_geocode_tv', 0x733a343a226e6f6e65223b),
('location_geocode_tw', 0x733a343a226e6f6e65223b),
('location_geocode_tz', 0x733a343a226e6f6e65223b),
('location_geocode_ua', 0x733a343a226e6f6e65223b),
('location_geocode_ug', 0x733a343a226e6f6e65223b),
('location_geocode_us', 0x733a343a226e6f6e65223b),
('location_geocode_uy', 0x733a343a226e6f6e65223b),
('location_geocode_uz', 0x733a343a226e6f6e65223b),
('location_geocode_vc', 0x733a343a226e6f6e65223b),
('location_geocode_ve', 0x733a343a226e6f6e65223b),
('location_geocode_vn', 0x733a343a226e6f6e65223b),
('location_geocode_wf', 0x733a343a226e6f6e65223b),
('location_geocode_ws', 0x733a343a226e6f6e65223b),
('location_geocode_ye', 0x733a343a226e6f6e65223b),
('location_geocode_za', 0x733a343a226e6f6e65223b),
('location_geocode_zm', 0x733a343a226e6f6e65223b),
('location_geocode_zw', 0x733a343a226e6f6e65223b),
('location_jit_geocoding', 0x693a303b),
('location_locpick_macro', 0x733a363a225b676d61705d223b),
('location_maplink_external', 0x693a303b),
('location_maplink_external_method', 0x733a31353a227461726765743d225f626c616e6b22223b),
('location_maxnum_article', 0x733a313a2231223b),
('location_maxnum_house', 0x733a313a2231223b),
('location_maxnum_more', 0x733a313a2231223b),
('location_maxnum_page', 0x733a313a2231223b),
('location_maxnum_slideshow_bottom', 0x733a313a2231223b),
('location_settings_node_article', 0x613a343a7b733a383a226d756c7469706c65223b613a333a7b733a333a226d696e223b733a313a2230223b733a333a226d6178223b733a313a2231223b733a333a22616464223b733a313a2231223b7d733a343a22666f726d223b613a343a7b733a363a22776569676874223b733a313a2230223b733a31313a22636f6c6c61707369626c65223b693a313b733a393a22636f6c6c6170736564223b693a313b733a363a226669656c6473223b613a383a7b733a343a226e616d65223b613a333a7b733a373a22636f6c6c656374223b733a313a2231223b733a373a2264656661756c74223b733a303a22223b733a363a22776569676874223b733a313a2232223b7d733a363a22737472656574223b613a333a7b733a373a22636f6c6c656374223b733a313a2231223b733a373a2264656661756c74223b733a303a22223b733a363a22776569676874223b733a313a2234223b7d733a31303a226164646974696f6e616c223b613a333a7b733a373a22636f6c6c656374223b733a313a2231223b733a373a2264656661756c74223b733a303a22223b733a363a22776569676874223b733a313a2236223b7d733a343a2263697479223b613a333a7b733a373a22636f6c6c656374223b733a313a2230223b733a373a2264656661756c74223b733a303a22223b733a363a22776569676874223b733a313a2238223b7d733a383a2270726f76696e6365223b613a343a7b733a373a22636f6c6c656374223b733a313a2230223b733a363a22776964676574223b733a31323a226175746f636f6d706c657465223b733a373a2264656661756c74223b733a303a22223b733a363a22776569676874223b733a323a223130223b7d733a31313a22706f7374616c5f636f6465223b613a333a7b733a373a22636f6c6c656374223b733a313a2230223b733a373a2264656661756c74223b733a303a22223b733a363a22776569676874223b733a323a223132223b7d733a373a22636f756e747279223b613a333a7b733a373a22636f6c6c656374223b733a313a2231223b733a373a2264656661756c74223b733a323a227573223b733a363a22776569676874223b733a323a223134223b7d733a373a226c6f637069636b223b613a323a7b733a373a22636f6c6c656374223b733a313a2231223b733a363a22776569676874223b733a323a223230223b7d7d7d733a373a22646973706c6179223b613a343a7b733a363a22776569676874223b733a313a2230223b733a343a2268696465223b613a31323a7b733a343a226e616d65223b693a303b733a363a22737472656574223b693a303b733a31303a226164646974696f6e616c223b693a303b733a343a2263697479223b693a303b733a383a2270726f76696e6365223b693a303b733a31313a22706f7374616c5f636f6465223b693a303b733a373a22636f756e747279223b693a303b733a373a226c6f637069636b223b693a303b733a31333a2270726f76696e63655f6e616d65223b693a303b733a31323a22636f756e7472795f6e616d65223b693a303b733a383a226d61705f6c696e6b223b693a303b733a363a22636f6f726473223b693a303b7d733a363a22746561736572223b693a313b733a343a2266756c6c223b693a313b7d733a333a22727373223b613a313a7b733a343a226d6f6465223b733a363a2273696d706c65223b7d7d),
('location_settings_node_house', 0x613a343a7b733a383a226d756c7469706c65223b613a333a7b733a333a226d696e223b733a313a2230223b733a333a226d6178223b733a313a2231223b733a333a22616464223b733a313a2231223b7d733a343a22666f726d223b613a343a7b733a363a22776569676874223b733a313a2230223b733a31313a22636f6c6c61707369626c65223b693a313b733a393a22636f6c6c6170736564223b693a313b733a363a226669656c6473223b613a383a7b733a343a226e616d65223b613a333a7b733a373a22636f6c6c656374223b733a313a2231223b733a373a2264656661756c74223b733a303a22223b733a363a22776569676874223b733a313a2232223b7d733a363a22737472656574223b613a333a7b733a373a22636f6c6c656374223b733a313a2231223b733a373a2264656661756c74223b733a303a22223b733a363a22776569676874223b733a313a2234223b7d733a31303a226164646974696f6e616c223b613a333a7b733a373a22636f6c6c656374223b733a313a2231223b733a373a2264656661756c74223b733a303a22223b733a363a22776569676874223b733a313a2236223b7d733a343a2263697479223b613a333a7b733a373a22636f6c6c656374223b733a313a2230223b733a373a2264656661756c74223b733a303a22223b733a363a22776569676874223b733a313a2238223b7d733a383a2270726f76696e6365223b613a343a7b733a373a22636f6c6c656374223b733a313a2230223b733a363a22776964676574223b733a31323a226175746f636f6d706c657465223b733a373a2264656661756c74223b733a303a22223b733a363a22776569676874223b733a323a223130223b7d733a31313a22706f7374616c5f636f6465223b613a333a7b733a373a22636f6c6c656374223b733a313a2230223b733a373a2264656661756c74223b733a303a22223b733a363a22776569676874223b733a323a223132223b7d733a373a22636f756e747279223b613a333a7b733a373a22636f6c6c656374223b733a313a2231223b733a373a2264656661756c74223b733a323a227573223b733a363a22776569676874223b733a323a223134223b7d733a373a226c6f637069636b223b613a323a7b733a373a22636f6c6c656374223b733a313a2231223b733a363a22776569676874223b733a323a223230223b7d7d7d733a373a22646973706c6179223b613a343a7b733a363a22776569676874223b733a313a2230223b733a343a2268696465223b613a31323a7b733a343a226e616d65223b693a303b733a363a22737472656574223b693a303b733a31303a226164646974696f6e616c223b693a303b733a343a2263697479223b693a303b733a383a2270726f76696e6365223b693a303b733a31313a22706f7374616c5f636f6465223b693a303b733a373a22636f756e747279223b693a303b733a373a226c6f637069636b223b693a303b733a31333a2270726f76696e63655f6e616d65223b693a303b733a31323a22636f756e7472795f6e616d65223b693a303b733a383a226d61705f6c696e6b223b693a303b733a363a22636f6f726473223b693a303b7d733a363a22746561736572223b693a313b733a343a2266756c6c223b693a313b7d733a333a22727373223b613a313a7b733a343a226d6f6465223b733a363a2273696d706c65223b7d7d),
('location_settings_node_more', 0x613a343a7b733a383a226d756c7469706c65223b613a333a7b733a333a226d696e223b733a313a2230223b733a333a226d6178223b733a313a2231223b733a333a22616464223b733a313a2231223b7d733a343a22666f726d223b613a343a7b733a363a22776569676874223b733a313a2230223b733a31313a22636f6c6c61707369626c65223b693a313b733a393a22636f6c6c6170736564223b693a313b733a363a226669656c6473223b613a383a7b733a343a226e616d65223b613a333a7b733a373a22636f6c6c656374223b733a313a2231223b733a373a2264656661756c74223b733a303a22223b733a363a22776569676874223b733a313a2232223b7d733a363a22737472656574223b613a333a7b733a373a22636f6c6c656374223b733a313a2231223b733a373a2264656661756c74223b733a303a22223b733a363a22776569676874223b733a313a2234223b7d733a31303a226164646974696f6e616c223b613a333a7b733a373a22636f6c6c656374223b733a313a2231223b733a373a2264656661756c74223b733a303a22223b733a363a22776569676874223b733a313a2236223b7d733a343a2263697479223b613a333a7b733a373a22636f6c6c656374223b733a313a2230223b733a373a2264656661756c74223b733a303a22223b733a363a22776569676874223b733a313a2238223b7d733a383a2270726f76696e6365223b613a343a7b733a373a22636f6c6c656374223b733a313a2230223b733a363a22776964676574223b733a31323a226175746f636f6d706c657465223b733a373a2264656661756c74223b733a303a22223b733a363a22776569676874223b733a323a223130223b7d733a31313a22706f7374616c5f636f6465223b613a333a7b733a373a22636f6c6c656374223b733a313a2230223b733a373a2264656661756c74223b733a303a22223b733a363a22776569676874223b733a323a223132223b7d733a373a22636f756e747279223b613a333a7b733a373a22636f6c6c656374223b733a313a2231223b733a373a2264656661756c74223b733a323a227573223b733a363a22776569676874223b733a323a223134223b7d733a373a226c6f637069636b223b613a323a7b733a373a22636f6c6c656374223b733a313a2231223b733a363a22776569676874223b733a323a223230223b7d7d7d733a373a22646973706c6179223b613a343a7b733a363a22776569676874223b733a313a2230223b733a343a2268696465223b613a31323a7b733a343a226e616d65223b693a303b733a363a22737472656574223b693a303b733a31303a226164646974696f6e616c223b693a303b733a343a2263697479223b693a303b733a383a2270726f76696e6365223b693a303b733a31313a22706f7374616c5f636f6465223b693a303b733a373a22636f756e747279223b693a303b733a373a226c6f637069636b223b693a303b733a31333a2270726f76696e63655f6e616d65223b693a303b733a31323a22636f756e7472795f6e616d65223b693a303b733a383a226d61705f6c696e6b223b693a303b733a363a22636f6f726473223b693a303b7d733a363a22746561736572223b693a313b733a343a2266756c6c223b693a313b7d733a333a22727373223b613a313a7b733a343a226d6f6465223b733a363a2273696d706c65223b7d7d);
INSERT INTO `variable` (`name`, `value`) VALUES
('location_settings_node_page', 0x613a343a7b733a383a226d756c7469706c65223b613a333a7b733a333a226d696e223b733a313a2230223b733a333a226d6178223b733a313a2231223b733a333a22616464223b733a313a2231223b7d733a343a22666f726d223b613a343a7b733a363a22776569676874223b733a313a2230223b733a31313a22636f6c6c61707369626c65223b693a313b733a393a22636f6c6c6170736564223b693a313b733a363a226669656c6473223b613a383a7b733a343a226e616d65223b613a333a7b733a373a22636f6c6c656374223b733a313a2231223b733a373a2264656661756c74223b733a303a22223b733a363a22776569676874223b733a313a2232223b7d733a363a22737472656574223b613a333a7b733a373a22636f6c6c656374223b733a313a2231223b733a373a2264656661756c74223b733a303a22223b733a363a22776569676874223b733a313a2234223b7d733a31303a226164646974696f6e616c223b613a333a7b733a373a22636f6c6c656374223b733a313a2231223b733a373a2264656661756c74223b733a303a22223b733a363a22776569676874223b733a313a2236223b7d733a343a2263697479223b613a333a7b733a373a22636f6c6c656374223b733a313a2230223b733a373a2264656661756c74223b733a303a22223b733a363a22776569676874223b733a313a2238223b7d733a383a2270726f76696e6365223b613a343a7b733a373a22636f6c6c656374223b733a313a2230223b733a363a22776964676574223b733a31323a226175746f636f6d706c657465223b733a373a2264656661756c74223b733a303a22223b733a363a22776569676874223b733a323a223130223b7d733a31313a22706f7374616c5f636f6465223b613a333a7b733a373a22636f6c6c656374223b733a313a2230223b733a373a2264656661756c74223b733a303a22223b733a363a22776569676874223b733a323a223132223b7d733a373a22636f756e747279223b613a333a7b733a373a22636f6c6c656374223b733a313a2231223b733a373a2264656661756c74223b733a323a227573223b733a363a22776569676874223b733a323a223134223b7d733a373a226c6f637069636b223b613a323a7b733a373a22636f6c6c656374223b733a313a2231223b733a363a22776569676874223b733a323a223230223b7d7d7d733a373a22646973706c6179223b613a343a7b733a363a22776569676874223b733a313a2230223b733a343a2268696465223b613a31323a7b733a343a226e616d65223b693a303b733a363a22737472656574223b693a303b733a31303a226164646974696f6e616c223b693a303b733a343a2263697479223b693a303b733a383a2270726f76696e6365223b693a303b733a31313a22706f7374616c5f636f6465223b693a303b733a373a22636f756e747279223b693a303b733a373a226c6f637069636b223b693a303b733a31333a2270726f76696e63655f6e616d65223b693a303b733a31323a22636f756e7472795f6e616d65223b693a303b733a383a226d61705f6c696e6b223b693a303b733a363a22636f6f726473223b693a303b7d733a363a22746561736572223b693a313b733a343a2266756c6c223b693a313b7d733a333a22727373223b613a313a7b733a343a226d6f6465223b733a363a2273696d706c65223b7d7d),
('location_settings_node_slideshow_bottom', 0x613a343a7b733a383a226d756c7469706c65223b613a333a7b733a333a226d696e223b733a313a2230223b733a333a226d6178223b733a313a2231223b733a333a22616464223b733a313a2231223b7d733a343a22666f726d223b613a343a7b733a363a22776569676874223b733a313a2230223b733a31313a22636f6c6c61707369626c65223b693a313b733a393a22636f6c6c6170736564223b693a313b733a363a226669656c6473223b613a383a7b733a343a226e616d65223b613a333a7b733a373a22636f6c6c656374223b733a313a2231223b733a373a2264656661756c74223b733a303a22223b733a363a22776569676874223b733a313a2232223b7d733a363a22737472656574223b613a333a7b733a373a22636f6c6c656374223b733a313a2231223b733a373a2264656661756c74223b733a303a22223b733a363a22776569676874223b733a313a2234223b7d733a31303a226164646974696f6e616c223b613a333a7b733a373a22636f6c6c656374223b733a313a2231223b733a373a2264656661756c74223b733a303a22223b733a363a22776569676874223b733a313a2236223b7d733a343a2263697479223b613a333a7b733a373a22636f6c6c656374223b733a313a2230223b733a373a2264656661756c74223b733a303a22223b733a363a22776569676874223b733a313a2238223b7d733a383a2270726f76696e6365223b613a343a7b733a373a22636f6c6c656374223b733a313a2230223b733a363a22776964676574223b733a31323a226175746f636f6d706c657465223b733a373a2264656661756c74223b733a303a22223b733a363a22776569676874223b733a323a223130223b7d733a31313a22706f7374616c5f636f6465223b613a333a7b733a373a22636f6c6c656374223b733a313a2230223b733a373a2264656661756c74223b733a303a22223b733a363a22776569676874223b733a323a223132223b7d733a373a22636f756e747279223b613a333a7b733a373a22636f6c6c656374223b733a313a2231223b733a373a2264656661756c74223b733a323a227573223b733a363a22776569676874223b733a323a223134223b7d733a373a226c6f637069636b223b613a323a7b733a373a22636f6c6c656374223b733a313a2231223b733a363a22776569676874223b733a323a223230223b7d7d7d733a373a22646973706c6179223b613a343a7b733a363a22776569676874223b733a313a2230223b733a343a2268696465223b613a31323a7b733a343a226e616d65223b693a303b733a363a22737472656574223b693a303b733a31303a226164646974696f6e616c223b693a303b733a343a2263697479223b693a303b733a383a2270726f76696e6365223b693a303b733a31313a22706f7374616c5f636f6465223b693a303b733a373a22636f756e747279223b693a303b733a373a226c6f637069636b223b693a303b733a31333a2270726f76696e63655f6e616d65223b693a303b733a31323a22636f756e7472795f6e616d65223b693a303b733a383a226d61705f6c696e6b223b693a303b733a363a22636f6f726473223b693a303b7d733a363a22746561736572223b693a313b733a343a2266756c6c223b693a313b7d733a333a22727373223b613a313a7b733a343a226d6f6465223b733a363a2273696d706c65223b7d7d),
('location_settings_user', 0x613a333a7b733a383a226d756c7469706c65223b613a333a7b733a333a226d696e223b733a313a2230223b733a333a226d6178223b733a313a2231223b733a333a22616464223b733a313a2231223b7d733a343a22666f726d223b613a353a7b733a363a22776569676874223b733a313a2230223b733a31313a22636f6c6c61707369626c65223b693a313b733a393a22636f6c6c6170736564223b693a313b733a363a226669656c6473223b613a383a7b733a343a226e616d65223b613a333a7b733a373a22636f6c6c656374223b733a313a2231223b733a373a2264656661756c74223b733a303a22223b733a363a22776569676874223b733a313a2232223b7d733a363a22737472656574223b613a333a7b733a373a22636f6c6c656374223b733a313a2231223b733a373a2264656661756c74223b733a303a22223b733a363a22776569676874223b733a313a2234223b7d733a31303a226164646974696f6e616c223b613a333a7b733a373a22636f6c6c656374223b733a313a2231223b733a373a2264656661756c74223b733a303a22223b733a363a22776569676874223b733a313a2236223b7d733a343a2263697479223b613a333a7b733a373a22636f6c6c656374223b733a313a2230223b733a373a2264656661756c74223b733a303a22223b733a363a22776569676874223b733a313a2238223b7d733a383a2270726f76696e6365223b613a343a7b733a373a22636f6c6c656374223b733a313a2230223b733a363a22776964676574223b733a31323a226175746f636f6d706c657465223b733a373a2264656661756c74223b733a303a22223b733a363a22776569676874223b733a323a223130223b7d733a31313a22706f7374616c5f636f6465223b613a333a7b733a373a22636f6c6c656374223b733a313a2230223b733a373a2264656661756c74223b733a303a22223b733a363a22776569676874223b733a323a223132223b7d733a373a22636f756e747279223b613a333a7b733a373a22636f6c6c656374223b733a313a2231223b733a373a2264656661756c74223b733a323a227573223b733a363a22776569676874223b733a323a223134223b7d733a373a226c6f637069636b223b613a323a7b733a373a22636f6c6c656374223b733a313a2231223b733a363a22776569676874223b733a323a223230223b7d7d733a383a227265676973746572223b693a303b7d733a373a22646973706c6179223b613a323a7b733a363a22776569676874223b733a313a2230223b733a343a2268696465223b613a31323a7b733a343a226e616d65223b693a303b733a363a22737472656574223b693a303b733a31303a226164646974696f6e616c223b693a303b733a343a2263697479223b693a303b733a383a2270726f76696e6365223b693a303b733a31313a22706f7374616c5f636f6465223b693a303b733a373a22636f756e747279223b693a303b733a373a226c6f637069636b223b693a303b733a31333a2270726f76696e63655f6e616d65223b693a303b733a31323a22636f756e7472795f6e616d65223b693a303b733a383a226d61705f6c696e6b223b693a303b733a363a22636f6f726473223b693a303b7d7d7d),
('location_usegmap', 0x693a313b),
('location_use_province_abbreviation', 0x733a313a2231223b),
('maintenance_mode', 0x623a303b),
('media_gallery_collection_vid', 0x733a313a2232223b),
('media_gallery_default_collection_tid', 0x733a313a2231223b),
('media__file_extensions', 0x733a3131373a226a7067206a7065672067696620706e672074787420646f6320646f637820786c7320786c737820706466207070742070707478207070732070707378206f6474206f6473206f6470206d7033206d6f76206d3476206d7034206d70656720617669206f6767206f6761206f677620776d762069636f223b),
('menu_default_active_menus', 0x613a393a7b693a343b733a393a226d61696e2d6d656e75223b693a353b733a31303a226d616e6167656d656e74223b693a363b733a31303a226e617669676174696f6e223b693a373b733a393a22757365722d6d656e75223b693a383b733a32343a226d656e752d6d656e752d7365636f6e646172792d6d656e75223b693a393b733a31333a226d656e752d746f702d6d656e75223b693a31303b733a31333a226d656e752d63617465676f7279223b693a31313b733a31363a226d656e752d666f6f7465722d6d656e75223b693a31323b733a31303a226d656e752d7061676573223b7d),
('menu_expanded', 0x613a313a7b693a303b733a393a226d61696e2d6d656e75223b7d),
('menu_main_links_source', 0x733a393a226d61696e2d6d656e75223b),
('menu_masks', 0x613a33393a7b693a303b693a3530313b693a313b693a3439333b693a323b693a3235313b693a333b693a3235303b693a343b693a3234373b693a353b693a3234363b693a363b693a3234353b693a373b693a3234313b693a383b693a3132353b693a393b693a3132343b693a31303b693a3132333b693a31313b693a3132323b693a31323b693a3132313b693a31333b693a3131373b693a31343b693a36333b693a31353b693a36323b693a31363b693a36313b693a31373b693a36303b693a31383b693a35393b693a31393b693a35383b693a32303b693a34343b693a32313b693a33313b693a32323b693a33303b693a32333b693a32393b693a32343b693a32383b693a32353b693a32343b693a32363b693a32313b693a32373b693a31353b693a32383b693a31343b693a32393b693a31333b693a33303b693a31313b693a33313b693a31303b693a33323b693a373b693a33333b693a363b693a33343b693a353b693a33353b693a343b693a33363b693a333b693a33373b693a323b693a33383b693a313b7d),
('menu_options_article', 0x613a313a7b693a303b733a393a226d61696e2d6d656e75223b7d),
('menu_options_blog', 0x613a313a7b693a303b733a393a226d61696e2d6d656e75223b7d),
('menu_options_classes', 0x613a313a7b693a303b733a393a226d61696e2d6d656e75223b7d),
('menu_options_featured_in', 0x613a313a7b693a303b733a393a226d61696e2d6d656e75223b7d),
('menu_options_features', 0x613a313a7b693a303b733a393a226d61696e2d6d656e75223b7d),
('menu_options_first_news', 0x613a313a7b693a303b733a393a226d61696e2d6d656e75223b7d),
('menu_options_foto_gallery', 0x613a313a7b693a303b733a393a226d61696e2d6d656e75223b7d),
('menu_options_gallery2column', 0x613a313a7b693a303b733a393a226d61696e2d6d656e75223b7d),
('menu_options_gallery3column', 0x613a313a7b693a303b733a393a226d61696e2d6d656e75223b7d),
('menu_options_gallery4column', 0x613a313a7b693a303b733a393a226d61696e2d6d656e75223b7d),
('menu_options_home_page_gallery', 0x613a313a7b693a303b733a393a226d61696e2d6d656e75223b7d),
('menu_options_house', 0x613a313a7b693a303b733a393a226d61696e2d6d656e75223b7d),
('menu_options_local', 0x613a313a7b693a303b733a393a226d61696e2d6d656e75223b7d),
('menu_options_more', 0x613a313a7b693a303b733a393a226d61696e2d6d656e75223b7d),
('menu_options_our_skills', 0x613a313a7b693a303b733a393a226d61696e2d6d656e75223b7d),
('menu_options_page', 0x613a313a7b693a303b733a393a226d61696e2d6d656e75223b7d),
('menu_options_partners', 0x613a313a7b693a303b733a393a226d61696e2d6d656e75223b7d),
('menu_options_price_table', 0x613a313a7b693a303b733a393a226d61696e2d6d656e75223b7d),
('menu_options_regimen', 0x613a313a7b693a303b733a393a226d61696e2d6d656e75223b7d),
('menu_options_second_news', 0x613a313a7b693a303b733a393a226d61696e2d6d656e75223b7d),
('menu_options_services', 0x613a313a7b693a303b733a393a226d61696e2d6d656e75223b7d),
('menu_options_slideshowtop', 0x613a303a7b7d),
('menu_options_slideshow_bottom', 0x613a313a7b693a303b733a393a226d61696e2d6d656e75223b7d),
('menu_options_slideshow_top', 0x613a313a7b693a303b733a393a226d61696e2d6d656e75223b7d),
('menu_options_statistics', 0x613a313a7b693a303b733a393a226d61696e2d6d656e75223b7d),
('menu_options_team', 0x613a313a7b693a303b733a393a226d61696e2d6d656e75223b7d),
('menu_options_test_block_portfolio', 0x613a313a7b693a303b733a393a226d61696e2d6d656e75223b7d),
('menu_options_third_news', 0x613a313a7b693a303b733a393a226d61696e2d6d656e75223b7d),
('menu_options_who_we_are', 0x613a313a7b693a303b733a393a226d61696e2d6d656e75223b7d),
('menu_parent_article', 0x733a31313a226d61696e2d6d656e753a30223b),
('menu_parent_blog', 0x733a31313a226d61696e2d6d656e753a30223b),
('menu_parent_classes', 0x733a31313a226d61696e2d6d656e753a30223b),
('menu_parent_featured_in', 0x733a31313a226d61696e2d6d656e753a30223b),
('menu_parent_features', 0x733a31313a226d61696e2d6d656e753a30223b),
('menu_parent_first_news', 0x733a31313a226d61696e2d6d656e753a30223b),
('menu_parent_foto_gallery', 0x733a31313a226d61696e2d6d656e753a30223b),
('menu_parent_gallery2column', 0x733a31313a226d61696e2d6d656e753a30223b),
('menu_parent_gallery3column', 0x733a31313a226d61696e2d6d656e753a30223b),
('menu_parent_gallery4column', 0x733a31313a226d61696e2d6d656e753a30223b),
('menu_parent_home_page_gallery', 0x733a31313a226d61696e2d6d656e753a30223b),
('menu_parent_house', 0x733a31313a226d61696e2d6d656e753a30223b),
('menu_parent_local', 0x733a31313a226d61696e2d6d656e753a30223b),
('menu_parent_more', 0x733a31313a226d61696e2d6d656e753a30223b),
('menu_parent_our_skills', 0x733a31313a226d61696e2d6d656e753a30223b),
('menu_parent_page', 0x733a31313a226d61696e2d6d656e753a30223b),
('menu_parent_partners', 0x733a31313a226d61696e2d6d656e753a30223b),
('menu_parent_price_table', 0x733a31313a226d61696e2d6d656e753a30223b),
('menu_parent_regimen', 0x733a31313a226d61696e2d6d656e753a30223b),
('menu_parent_second_news', 0x733a31313a226d61696e2d6d656e753a30223b),
('menu_parent_services', 0x733a31313a226d61696e2d6d656e753a30223b),
('menu_parent_slideshowtop', 0x733a31313a226d61696e2d6d656e753a30223b),
('menu_parent_slideshow_bottom', 0x733a31313a226d61696e2d6d656e753a30223b),
('menu_parent_slideshow_top', 0x733a31313a226d61696e2d6d656e753a30223b),
('menu_parent_statistics', 0x733a31313a226d61696e2d6d656e753a30223b),
('menu_parent_team', 0x733a31313a226d61696e2d6d656e753a30223b),
('menu_parent_test_block_portfolio', 0x733a31313a226d61696e2d6d656e753a30223b),
('menu_parent_third_news', 0x733a31313a226d61696e2d6d656e753a30223b),
('menu_parent_who_we_are', 0x733a31313a226d61696e2d6d656e753a30223b),
('menu_secondary_links_source', 0x733a32343a226d656e752d6d656e752d7365636f6e646172792d6d656e75223b),
('node_admin_theme', 0x693a313b),
('node_cron_last', 0x733a31303a2231333737373639373834223b),
('node_options_article', 0x613a323a7b693a303b733a363a22737461747573223b693a313b733a373a2270726f6d6f7465223b7d),
('node_options_blog', 0x613a313a7b693a303b733a363a22737461747573223b7d),
('node_options_classes', 0x613a323a7b693a303b733a363a22737461747573223b693a313b733a373a2270726f6d6f7465223b7d),
('node_options_featured_in', 0x613a313a7b693a303b733a363a22737461747573223b7d),
('node_options_features', 0x613a313a7b693a303b733a363a22737461747573223b7d),
('node_options_first_news', 0x613a323a7b693a303b733a363a22737461747573223b693a313b733a373a2270726f6d6f7465223b7d),
('node_options_foto_gallery', 0x613a323a7b693a303b733a363a22737461747573223b693a313b733a373a2270726f6d6f7465223b7d),
('node_options_gallery2column', 0x613a313a7b693a303b733a363a22737461747573223b7d),
('node_options_gallery3column', 0x613a313a7b693a303b733a363a22737461747573223b7d),
('node_options_gallery4column', 0x613a313a7b693a303b733a363a22737461747573223b7d),
('node_options_home_page_gallery', 0x613a323a7b693a303b733a363a22737461747573223b693a313b733a373a2270726f6d6f7465223b7d),
('node_options_house', 0x613a323a7b693a303b733a363a22737461747573223b693a313b733a373a2270726f6d6f7465223b7d),
('node_options_local', 0x613a323a7b693a303b733a363a22737461747573223b693a313b733a373a2270726f6d6f7465223b7d),
('node_options_media_gallery', 0x613a313a7b693a303b733a363a22737461747573223b7d),
('node_options_more', 0x613a323a7b693a303b733a363a22737461747573223b693a313b733a373a2270726f6d6f7465223b7d),
('node_options_our_skills', 0x613a313a7b693a303b733a363a22737461747573223b7d),
('node_options_page', 0x613a313a7b693a303b733a363a22737461747573223b7d),
('node_options_partners', 0x613a323a7b693a303b733a363a22737461747573223b693a313b733a373a2270726f6d6f7465223b7d),
('node_options_price_table', 0x613a313a7b693a303b733a363a22737461747573223b7d),
('node_options_regimen', 0x613a323a7b693a303b733a363a22737461747573223b693a313b733a373a2270726f6d6f7465223b7d),
('node_options_second_news', 0x613a323a7b693a303b733a363a22737461747573223b693a313b733a373a2270726f6d6f7465223b7d),
('node_options_services', 0x613a323a7b693a303b733a363a22737461747573223b693a313b733a373a2270726f6d6f7465223b7d),
('node_options_slideshowtop', 0x613a323a7b693a303b733a363a22737461747573223b693a313b733a373a2270726f6d6f7465223b7d),
('node_options_slideshow_bottom', 0x613a323a7b693a303b733a363a22737461747573223b693a313b733a373a2270726f6d6f7465223b7d),
('node_options_slideshow_top', 0x613a313a7b693a303b733a363a22737461747573223b7d),
('node_options_statistics', 0x613a313a7b693a303b733a363a22737461747573223b7d),
('node_options_team', 0x613a323a7b693a303b733a363a22737461747573223b693a313b733a373a2270726f6d6f7465223b7d),
('node_options_test_block_portfolio', 0x613a323a7b693a303b733a363a22737461747573223b693a313b733a373a2270726f6d6f7465223b7d),
('node_options_third_news', 0x613a323a7b693a303b733a363a22737461747573223b693a313b733a373a2270726f6d6f7465223b7d),
('node_options_who_we_are', 0x613a313a7b693a303b733a363a22737461747573223b7d),
('node_preview_article', 0x733a313a2231223b),
('node_preview_blog', 0x733a313a2230223b),
('node_preview_house', 0x733a313a2231223b),
('node_preview_local', 0x733a313a2231223b),
('node_preview_more', 0x733a313a2231223b),
('node_preview_page', 0x733a313a2231223b),
('node_preview_slideshow_bottom', 0x733a313a2231223b),
('node_preview_slideshow_top', 0x733a313a2230223b),
('node_preview_team', 0x733a313a2231223b),
('node_recent_block_count', 0x733a323a223130223b),
('node_submitted_article', 0x693a313b),
('node_submitted_blog', 0x693a313b),
('node_submitted_classes', 0x693a313b),
('node_submitted_featured_in', 0x693a303b),
('node_submitted_features', 0x693a313b),
('node_submitted_first_news', 0x693a313b),
('node_submitted_foto_gallery', 0x693a313b),
('node_submitted_gallery2column', 0x693a313b),
('node_submitted_gallery3column', 0x693a313b),
('node_submitted_gallery4column', 0x693a313b),
('node_submitted_home_page_gallery', 0x693a313b),
('node_submitted_house', 0x693a313b),
('node_submitted_local', 0x693a313b),
('node_submitted_media_gallery', 0x623a303b),
('node_submitted_more', 0x693a313b),
('node_submitted_our_skills', 0x693a303b),
('node_submitted_page', 0x693a303b),
('node_submitted_partners', 0x693a313b),
('node_submitted_price_table', 0x693a303b),
('node_submitted_regimen', 0x693a313b),
('node_submitted_second_news', 0x693a313b),
('node_submitted_services', 0x693a313b),
('node_submitted_slideshowtop', 0x693a303b),
('node_submitted_slideshow_bottom', 0x693a313b),
('node_submitted_slideshow_top', 0x693a313b),
('node_submitted_statistics', 0x693a313b),
('node_submitted_team', 0x693a313b),
('node_submitted_test_block_portfolio', 0x693a303b),
('node_submitted_third_news', 0x693a313b),
('node_submitted_who_we_are', 0x693a303b),
('on_the_web_delicious_page', 0x733a303a22223b),
('on_the_web_display', 0x733a343a226175746f223b),
('on_the_web_dribbble_page', 0x733a32303a22687474703a2f2f6472696262626c652e636f6d2f223b),
('on_the_web_facebook_page', 0x733a39333a22687474703a2f2f7777772e66616365626f6f6b2e636f6d2f70616765732f4f726461536f66742d4a6f6f6d6c612d457874656e73696f6e732d616e642d4a6f6f6d6c612d54656d706c617465732f313933333235353930373137303530223b),
('on_the_web_flickr_page', 0x733a303a22223b),
('on_the_web_friendfeed_page', 0x733a303a22223b),
('on_the_web_google_page', 0x733a34353a2268747470733a2f2f706c75732e676f6f676c652e636f6d2f313034303430323338373536313131313032353631223b),
('on_the_web_itunes_page', 0x733a303a22223b),
('on_the_web_linkedin_page', 0x733a303a22223b),
('on_the_web_myspace_page', 0x733a303a22223b),
('on_the_web_pinterest_page', 0x733a303a22223b),
('on_the_web_rss_page', 0x733a303a22223b),
('on_the_web_sitename', 0x693a313b),
('on_the_web_size', 0x733a323a22736d223b),
('on_the_web_target', 0x693a313b),
('on_the_web_twitter_page', 0x733a32383a22687474703a2f2f747769747465722e636f6d2f4f726461736f667431223b),
('on_the_web_vimeo_page', 0x733a31383a2268747470733a2f2f76696d656f2e636f6d2f223b),
('on_the_web_youtube_page', 0x733a303a22223b),
('page_cache_maximum_age', 0x733a313a2230223b),
('page_compression', 0x693a313b),
('page_manager_comment_reply_disabled', 0x623a303b),
('page_manager_contact_site_disabled', 0x623a313b),
('page_manager_search_disabled_node', 0x623a313b),
('path_alias_whitelist', 0x613a313a7b733a343a226e6f6465223b623a313b7d),
('preprocess_css', 0x693a303b),
('preprocess_js', 0x693a303b),
('save_continue_classes', 0x733a31393a225361766520616e6420616464206669656c6473223b),
('save_continue_featured_in', 0x733a31393a225361766520616e6420616464206669656c6473223b),
('save_continue_features', 0x733a31393a225361766520616e6420616464206669656c6473223b),
('save_continue_first_news', 0x733a31393a225361766520616e6420616464206669656c6473223b),
('save_continue_foto_gallery', 0x733a31393a225361766520616e6420616464206669656c6473223b),
('save_continue_gallery', 0x733a31393a225361766520616e6420616464206669656c6473223b),
('save_continue_gallery2column', 0x733a31393a225361766520616e6420616464206669656c6473223b),
('save_continue_gallery3column', 0x733a31393a225361766520616e6420616464206669656c6473223b),
('save_continue_gallery4column', 0x733a31393a225361766520616e6420616464206669656c6473223b),
('save_continue_home_page_gallery', 0x733a31393a225361766520616e6420616464206669656c6473223b),
('save_continue_house', 0x733a31393a225361766520616e6420616464206669656c6473223b),
('save_continue_local', 0x733a31393a225361766520616e6420616464206669656c6473223b),
('save_continue_our_skills', 0x733a31393a225361766520616e6420616464206669656c6473223b),
('save_continue_partners', 0x733a31393a225361766520616e6420616464206669656c6473223b),
('save_continue_price', 0x733a31393a225361766520616e6420616464206669656c6473223b),
('save_continue_price_table', 0x733a31393a225361766520616e6420616464206669656c6473223b),
('save_continue_regimen', 0x733a31393a225361766520616e6420616464206669656c6473223b),
('save_continue_second_news', 0x733a31393a225361766520616e6420616464206669656c6473223b),
('save_continue_services', 0x733a31393a225361766520616e6420616464206669656c6473223b),
('save_continue_slideshowtop', 0x733a31393a225361766520616e6420616464206669656c6473223b),
('save_continue_slideshow_bottom', 0x733a31393a225361766520616e6420616464206669656c6473223b),
('save_continue_slideshow_top', 0x733a31393a225361766520616e6420616464206669656c6473223b),
('save_continue_statistics', 0x733a31393a225361766520616e6420616464206669656c6473223b),
('save_continue_team', 0x733a31393a225361766520616e6420616464206669656c6473223b),
('save_continue_test_block_portfolio', 0x733a31393a225361766520616e6420616464206669656c6473223b),
('save_continue_third_news', 0x733a31393a225361766520616e6420616464206669656c6473223b),
('save_continue_who_we_are', 0x733a31393a225361766520616e6420616464206669656c6473223b),
('search_api_facets_search_ids', 0x613a313a7b733a31313a22686f7573655f696e646578223b613a323a7b733a33323a227365617263685f6170695f76696577733a616c6c5f686f7573653a626c6f636b223b733a33323a227365617263685f6170695f76696577733a616c6c5f686f7573653a626c6f636b223b733a33313a227365617263685f6170695f76696577733a616c6c5f686f7573653a70616765223b733a33313a227365617263685f6170695f76696577733a616c6c5f686f7573653a70616765223b7d7d),
('site_403', 0x733a303a22223b),
('site_404', 0x733a31333a226e617669676174696f6e343034223b),
('site_default_country', 0x733a303a22223b),
('site_frontpage', 0x733a343a226e6f6465223b),
('site_mail', 0x733a32313a226d696f6e6368696e736b7940676d61696c2e636f6d223b),
('site_name', 0x733a343a227265616c223b),
('site_slogan', 0x733a32333a22536572656e6974792062656175746966756c2073697465223b),
('socialmedia_default_color_body_background', 0x733a373a2223463646364632223b),
('socialmedia_default_color_body_linktext', 0x733a373a2223303737394246223b),
('socialmedia_default_color_body_text', 0x733a373a2223334233423342223b),
('socialmedia_default_color_border', 0x733a373a2223443644364436223b),
('socialmedia_default_color_header_background', 0x733a373a2223444444444444223b),
('socialmedia_default_color_header_text', 0x733a373a2223334233423342223b),
('socialmedia_default_height', 0x733a333a22333030223b),
('socialmedia_default_link_rel_profile', 0x733a363a223c6e6f6e653e223b),
('socialmedia_default_link_rel_sharing', 0x733a363a223c6e6f6e653e223b),
('socialmedia_default_link_target_profile', 0x733a363a225f626c616e6b223b),
('socialmedia_default_link_target_sharing', 0x733a363a225f626c616e6b223b),
('socialmedia_default_width', 0x733a333a22323932223b),
('socialmedia_icon_default_style', 0x733a32313a226c6576656c74656e5f676c6f7373793a3332783332223b),
('socialmedia_platforms_site', 0x613a31323a7b733a373a2274776974746572223b733a373a2274776974746572223b733a383a2266616365626f6f6b223b733a383a2266616365626f6f6b223b733a363a22666c69636b72223b733a363a22666c69636b72223b733a31303a22676f6f676c65706c7573223b733a31303a22676f6f676c65706c7573223b733a383a226c696e6b6564696e223b733a383a226c696e6b6564696e223b733a393a2270696e746572657374223b733a393a2270696e746572657374223b733a333a22727373223b733a333a22727373223b733a31303a22736c6964657368617265223b733a31303a22736c6964657368617265223b733a353a2276696d656f223b733a353a2276696d656f223b733a373a22796f7574756265223b733a373a22796f7574756265223b733a373a2261646474686973223b733a373a2261646474686973223b733a383a226472696262626c65223b733a383a226472696262626c65223b7d),
('socialmedia_platforms_user', 0x613a31323a7b733a373a2274776974746572223b733a373a2274776974746572223b733a383a2266616365626f6f6b223b733a383a2266616365626f6f6b223b733a363a22666c69636b72223b733a363a22666c69636b72223b733a31303a22676f6f676c65706c7573223b733a31303a22676f6f676c65706c7573223b733a383a226c696e6b6564696e223b733a383a226c696e6b6564696e223b733a393a2270696e746572657374223b733a393a2270696e746572657374223b733a333a22727373223b733a333a22727373223b733a31303a22736c6964657368617265223b733a31303a22736c6964657368617265223b733a353a2276696d656f223b733a353a2276696d656f223b733a373a22796f7574756265223b733a373a22796f7574756265223b733a373a2261646474686973223b733a373a2261646474686973223b733a383a226472696262626c65223b733a383a226472696262626c65223b7d),
('socialmedia_widget_set_default_profile', 0x[encoded data, 11264 characters]),
('theme_company_settings', 0x[encoded data, 7396 characters]),
('theme_default', 0x733a31303a227265616c657374617465223b);
INSERT INTO `variable` (`name`, `value`) VALUES
('theme_fitness_club_settings', 0x[encoded data, 7880 characters]),
('theme_fpixel_settings', 0x[encoded data, 10090 characters]),
('theme_infographics_settings', 0x[encoded data, 8428 characters]),
('theme_medical_settings', 0x[encoded data, 7144 characters]),
('theme_ordasofttemplate_settings', 0x[encoded data, 12244 characters]);
INSERT INTO `variable` (`name`, `value`) VALUES
('theme_ordasoft_template_settings', 0x[encoded data, 12356 characters]),
('theme_photographer_settings', 0x[encoded data, 10748 characters]),
('theme_realestate_settings', 0x[encoded data, 8242 characters]),
('theme_serenity_settings', 0x[encoded data, 12726 characters]),
('theme_settings', 0x613a31353a7b733a31313a22746f67676c655f6c6f676f223b693a313b733a31313a22746f67676c655f6e616d65223b693a313b733a31333a22746f67676c655f736c6f67616e223b693a313b733a32343a22746f67676c655f6e6f64655f757365725f70696374757265223b693a313b733a32373a22746f67676c655f636f6d6d656e745f757365725f70696374757265223b693a313b733a33323a22746f67676c655f636f6d6d656e745f757365725f766572696669636174696f6e223b693a313b733a31343a22746f67676c655f66617669636f6e223b693a313b733a31363a22746f67676c655f6d61696e5f6d656e75223b693a313b733a32313a22746f67676c655f7365636f6e646172795f6d656e75223b693a313b733a31323a2264656661756c745f6c6f676f223b693a313b733a393a226c6f676f5f70617468223b733a303a22223b733a31313a226c6f676f5f75706c6f6164223b733a303a22223b733a31353a2264656661756c745f66617669636f6e223b693a313b733a31323a2266617669636f6e5f70617468223b733a303a22223b733a31343a2266617669636f6e5f75706c6f6164223b733a303a22223b7d),
('theme_seven_settings', 0x613a32303a7b733a31323a2264656661756c745f6c6f676f223b693a313b733a393a226c6f676f5f70617468223b733a303a22223b733a31353a2264656661756c745f66617669636f6e223b693a313b733a31323a2266617669636f6e5f70617468223b733a303a22223b733a31363a2266617669636f6e5f6d696d6574797065223b733a32343a22696d6167652f766e642e6d6963726f736f66742e69636f6e223b733a31313a22746f67676c655f6c6f676f223b693a313b733a31343a22746f67676c655f66617669636f6e223b693a313b733a31313a22746f67676c655f6e616d65223b693a313b733a31333a22746f67676c655f736c6f67616e223b693a313b733a32343a22746f67676c655f6e6f64655f757365725f70696374757265223b693a313b733a32373a22746f67676c655f636f6d6d656e745f757365725f70696374757265223b693a313b733a33323a22746f67676c655f636f6d6d656e745f757365725f766572696669636174696f6e223b693a313b733a31363a22746f67676c655f6d61696e5f6d656e75223b693a313b733a32313a22746f67676c655f7365636f6e646172795f6d656e75223b693a313b733a32303a2273686f72746375745f6d6f64756c655f6c696e6b223b733a313a2231223b733a31313a226c6f676f5f75706c6f6164223b733a303a22223b733a31343a2266617669636f6e5f75706c6f6164223b733a303a22223b733a343a226c6f676f223b733a34393a22687474703a2f2f6c6f63616c686f73742f7265616c6573746174652f7468656d65732f736576656e2f6c6f676f2e706e67223b733a373a2266617669636f6e223b733a34343a22687474703a2f2f6c6f63616c686f73742f7265616c6573746174652f6d6973632f66617669636f6e2e69636f223b733a32383a226a71756572795f7570646174655f6a71756572795f76657273696f6e223b733a373a2264656661756c74223b7d),
('update_last_check', 0x693a313433353832383132393b),
('update_last_email_notification', 0x693a313338303739363938313b),
('update_notify_emails', 0x613a313a7b693a303b733a32313a226d696f6e6368696e736b7940676d61696c2e636f6d223b7d),
('user_admin_role', 0x733a313a2233223b),
('user_cancel_method', 0x733a31373a22757365725f63616e63656c5f626c6f636b223b),
('user_email_verification', 0x693a313b),
('user_mail_cancel_confirm_body', 0x733a3338313a225b757365723a6e616d655d2c0d0a0d0a41207265717565737420746f2063616e63656c20796f7572206163636f756e7420686173206265656e206d616465206174205b736974653a6e616d655d2e0d0a0d0a596f75206d6179206e6f772063616e63656c20796f7572206163636f756e74206f6e205b736974653a75726c2d62726965665d20627920636c69636b696e672074686973206c696e6b206f7220636f7079696e6720616e642070617374696e6720697420696e746f20796f75722062726f777365723a0d0a0d0a5b757365723a63616e63656c2d75726c5d0d0a0d0a4e4f54453a205468652063616e63656c6c6174696f6e206f6620796f7572206163636f756e74206973206e6f742072657665727369626c652e0d0a0d0a54686973206c696e6b206578706972657320696e206f6e652064617920616e64206e6f7468696e672077696c6c2068617070656e206966206974206973206e6f7420757365642e0d0a0d0a2d2d20205b736974653a6e616d655d207465616d223b),
('user_mail_cancel_confirm_subject', 0x733a35393a224163636f756e742063616e63656c6c6174696f6e207265717565737420666f72205b757365723a6e616d655d206174205b736974653a6e616d655d223b),
('user_mail_password_reset_body', 0x733a3430373a225b757365723a6e616d655d2c0d0a0d0a41207265717565737420746f207265736574207468652070617373776f726420666f7220796f7572206163636f756e7420686173206265656e206d616465206174205b736974653a6e616d655d2e0d0a0d0a596f75206d6179206e6f77206c6f6720696e20627920636c69636b696e672074686973206c696e6b206f7220636f7079696e6720616e642070617374696e6720697420746f20796f75722062726f777365723a0d0a0d0a5b757365723a6f6e652d74696d652d6c6f67696e2d75726c5d0d0a0d0a54686973206c696e6b2063616e206f6e6c792062652075736564206f6e636520746f206c6f6720696e20616e642077696c6c206c65616420796f7520746f2061207061676520776865726520796f752063616e2073657420796f75722070617373776f72642e2049742065787069726573206166746572206f6e652064617920616e64206e6f7468696e672077696c6c2068617070656e2069662069742773206e6f7420757365642e0d0a0d0a2d2d20205b736974653a6e616d655d207465616d223b),
('user_mail_password_reset_subject', 0x733a36303a225265706c6163656d656e74206c6f67696e20696e666f726d6174696f6e20666f72205b757365723a6e616d655d206174205b736974653a6e616d655d223b);
INSERT INTO `variable` (`name`, `value`) VALUES
('user_mail_register_admin_created_body', 0x733a3437363a225b757365723a6e616d655d2c0d0a0d0a4120736974652061646d696e6973747261746f72206174205b736974653a6e616d655d20686173206372656174656420616e206163636f756e7420666f7220796f752e20596f75206d6179206e6f77206c6f6720696e20627920636c69636b696e672074686973206c696e6b206f7220636f7079696e6720616e642070617374696e6720697420746f20796f75722062726f777365723a0d0a0d0a5b757365723a6f6e652d74696d652d6c6f67696e2d75726c5d0d0a0d0a54686973206c696e6b2063616e206f6e6c792062652075736564206f6e636520746f206c6f6720696e20616e642077696c6c206c65616420796f7520746f2061207061676520776865726520796f752063616e2073657420796f75722070617373776f72642e0d0a0d0a41667465722073657474696e6720796f75722070617373776f72642c20796f752077696c6c2062652061626c6520746f206c6f6720696e206174205b736974653a6c6f67696e2d75726c5d20696e2074686520667574757265207573696e673a0d0a0d0a757365726e616d653a205b757365723a6e616d655d0d0a70617373776f72643a20596f75722070617373776f72640d0a0d0a2d2d20205b736974653a6e616d655d207465616d223b),
('user_mail_register_admin_created_subject', 0x733a35383a22416e2061646d696e6973747261746f72206372656174656420616e206163636f756e7420666f7220796f75206174205b736974653a6e616d655d223b),
('user_mail_register_no_approval_required_body', 0x733a3435303a225b757365723a6e616d655d2c0d0a0d0a5468616e6b20796f7520666f72207265676973746572696e67206174205b736974653a6e616d655d2e20596f75206d6179206e6f77206c6f6720696e20627920636c69636b696e672074686973206c696e6b206f7220636f7079696e6720616e642070617374696e6720697420746f20796f75722062726f777365723a0d0a0d0a5b757365723a6f6e652d74696d652d6c6f67696e2d75726c5d0d0a0d0a54686973206c696e6b2063616e206f6e6c792062652075736564206f6e636520746f206c6f6720696e20616e642077696c6c206c65616420796f7520746f2061207061676520776865726520796f752063616e2073657420796f75722070617373776f72642e0d0a0d0a41667465722073657474696e6720796f75722070617373776f72642c20796f752077696c6c2062652061626c6520746f206c6f6720696e206174205b736974653a6c6f67696e2d75726c5d20696e2074686520667574757265207573696e673a0d0a0d0a757365726e616d653a205b757365723a6e616d655d0d0a70617373776f72643a20596f75722070617373776f72640d0a0d0a2d2d20205b736974653a6e616d655d207465616d223b),
('user_mail_register_no_approval_required_subject', 0x733a34363a224163636f756e742064657461696c7320666f72205b757365723a6e616d655d206174205b736974653a6e616d655d223b),
('user_mail_register_pending_approval_body', 0x733a3238373a225b757365723a6e616d655d2c0d0a0d0a5468616e6b20796f7520666f72207265676973746572696e67206174205b736974653a6e616d655d2e20596f7572206170706c69636174696f6e20666f7220616e206163636f756e742069732063757272656e746c792070656e64696e6720617070726f76616c2e204f6e636520697420686173206265656e20617070726f7665642c20796f752077696c6c207265636569766520616e6f7468657220652d6d61696c20636f6e7461696e696e6720696e666f726d6174696f6e2061626f757420686f7720746f206c6f6720696e2c2073657420796f75722070617373776f72642c20616e64206f746865722064657461696c732e0d0a0d0a0d0a2d2d20205b736974653a6e616d655d207465616d223b),
('user_mail_register_pending_approval_subject', 0x733a37313a224163636f756e742064657461696c7320666f72205b757365723a6e616d655d206174205b736974653a6e616d655d202870656e64696e672061646d696e20617070726f76616c29223b),
('user_mail_status_activated_body', 0x733a3436313a225b757365723a6e616d655d2c0d0a0d0a596f7572206163636f756e74206174205b736974653a6e616d655d20686173206265656e206163746976617465642e0d0a0d0a596f75206d6179206e6f77206c6f6720696e20627920636c69636b696e672074686973206c696e6b206f7220636f7079696e6720616e642070617374696e6720697420696e746f20796f75722062726f777365723a0d0a0d0a5b757365723a6f6e652d74696d652d6c6f67696e2d75726c5d0d0a0d0a54686973206c696e6b2063616e206f6e6c792062652075736564206f6e636520746f206c6f6720696e20616e642077696c6c206c65616420796f7520746f2061207061676520776865726520796f752063616e2073657420796f75722070617373776f72642e0d0a0d0a41667465722073657474696e6720796f75722070617373776f72642c20796f752077696c6c2062652061626c6520746f206c6f6720696e206174205b736974653a6c6f67696e2d75726c5d20696e2074686520667574757265207573696e673a0d0a0d0a757365726e616d653a205b757365723a6e616d655d0d0a70617373776f72643a20596f75722070617373776f72640d0a0d0a2d2d20205b736974653a6e616d655d207465616d223b),
('user_mail_status_activated_notify', 0x693a313b),
('user_mail_status_activated_subject', 0x733a35373a224163636f756e742064657461696c7320666f72205b757365723a6e616d655d206174205b736974653a6e616d655d2028617070726f76656429223b),
('user_mail_status_blocked_body', 0x733a38353a225b757365723a6e616d655d2c0d0a0d0a596f7572206163636f756e74206f6e205b736974653a6e616d655d20686173206265656e20626c6f636b65642e0d0a0d0a2d2d20205b736974653a6e616d655d207465616d223b),
('user_mail_status_blocked_notify', 0x693a303b),
('user_mail_status_blocked_subject', 0x733a35363a224163636f756e742064657461696c7320666f72205b757365723a6e616d655d206174205b736974653a6e616d655d2028626c6f636b656429223b),
('user_mail_status_canceled_body', 0x733a38363a225b757365723a6e616d655d2c0d0a0d0a596f7572206163636f756e74206f6e205b736974653a6e616d655d20686173206265656e2063616e63656c65642e0d0a0d0a2d2d20205b736974653a6e616d655d207465616d223b),
('user_mail_status_canceled_notify', 0x693a303b),
('user_mail_status_canceled_subject', 0x733a35373a224163636f756e742064657461696c7320666f72205b757365723a6e616d655d206174205b736974653a6e616d655d202863616e63656c656429223b),
('user_pictures', 0x693a313b),
('user_picture_default', 0x733a303a22223b),
('user_picture_dimensions', 0x733a393a22313032347831303234223b),
('user_picture_file_size', 0x733a333a22383030223b),
('user_picture_guidelines', 0x733a303a22223b),
('user_picture_path', 0x733a383a227069637475726573223b),
('user_picture_style', 0x733a343a227465616d223b),
('user_register', 0x733a313a2232223b),
('user_signatures', 0x693a303b),
('views_defaults', 0x613a343a7b733a393a2266726f6e7470616765223b623a313b733a31353a22636f6d6d656e74735f726563656e74223b623a303b733a373a2267616c6c657279223b623a313b733a32313a2266726f6e745f706167655f746573745f686f757365223b623a313b7d),
('views_exposed_filter_any_label', 0x733a373a226e65775f616e79223b),
('views_show_additional_queries', 0x693a303b),
('views_ui_always_live_preview', 0x693a313b),
('views_ui_custom_theme', 0x733a383a225f64656661756c74223b),
('views_ui_display_embed', 0x693a303b),
('views_ui_show_advanced_column', 0x693a303b),
('views_ui_show_advanced_help_warning', 0x693a313b),
('views_ui_show_listing_filters', 0x693a303b),
('views_ui_show_master_display', 0x693a303b),
('views_ui_show_performance_statistics', 0x693a303b),
('views_ui_show_preview_information', 0x693a313b),
('views_ui_show_sql_query', 0x693a303b),
('views_ui_show_sql_query_where', 0x733a353a2261626f7665223b);

-- --------------------------------------------------------

--
-- Структура таблицы `views_display`
--

CREATE TABLE IF NOT EXISTS `views_display` (
  `vid` int(10) unsigned NOT NULL DEFAULT '0' COMMENT 'The view this display is attached to.',
  `id` varchar(64) NOT NULL DEFAULT '' COMMENT 'An identifier for this display; usually generated from the display_plugin, so should be something like page or page_1 or block_2, etc.',
  `display_title` varchar(64) NOT NULL DEFAULT '' COMMENT 'The title of the display, viewable by the administrator.',
  `display_plugin` varchar(64) NOT NULL DEFAULT '' COMMENT 'The type of the display. Usually page, block or embed, but is pluggable so may be other things.',
  `position` int(11) DEFAULT '0' COMMENT 'The order in which this display is loaded.',
  `display_options` longtext COMMENT 'A serialized array of options for this display; it contains options that are generally only pertinent to that display plugin type.',
  PRIMARY KEY (`vid`,`id`),
  KEY `vid` (`vid`,`position`)
) ENGINE=InnoDB DEFAULT CHARSET=utf8 COMMENT='Stores information about each display attached to a view.';

--
-- Дамп данных таблицы `views_display`
--

INSERT INTO `views_display` (`vid`, `id`, `display_title`, `display_plugin`, `position`, `display_options`) VALUES
(6, 'default', 'Master', 'default', 1, 'a:12:{s:5:"query";a:2:{s:4:"type";s:11:"views_query";s:7:"options";a:0:{}}s:6:"access";a:1:{s:4:"type";s:4:"perm";}s:5:"cache";a:1:{s:4:"type";s:4:"none";}s:12:"exposed_form";a:1:{s:4:"type";s:5:"basic";}s:5:"pager";a:2:{s:4:"type";s:4:"full";s:7:"options";a:1:{s:14:"items_per_page";s:2:"10";}}s:12:"style_plugin";s:4:"list";s:10:"row_plugin";s:4:"node";s:6:"fields";a:1:{s:5:"title";a:8:{s:2:"id";s:5:"title";s:5:"table";s:4:"node";s:5:"field";s:5:"title";s:5:"label";s:0:"";s:5:"alter";a:8:{s:10:"alter_text";i:0;s:9:"make_link";i:0;s:8:"absolute";i:0;s:4:"trim";i:0;s:13:"word_boundary";i:0;s:8:"ellipsis";i:0;s:10:"strip_tags";i:0;s:4:"html";i:0;}s:10:"hide_empty";i:0;s:10:"empty_zero";i:0;s:12:"link_to_node";i:1;}}s:7:"filters";a:2:{s:6:"status";a:6:{s:5:"value";i:1;s:5:"table";s:4:"node";s:5:"field";s:6:"status";s:2:"id";s:6:"status";s:6:"expose";a:1:{s:8:"operator";b:0;}s:5:"group";i:1;}s:4:"type";a:4:{s:2:"id";s:4:"type";s:5:"table";s:4:"node";s:5:"field";s:4:"type";s:5:"value";a:1:{s:4:"blog";s:4:"blog";}}}s:5:"sorts";a:1:{s:7:"created";a:4:{s:2:"id";s:7:"created";s:5:"table";s:4:"node";s:5:"field";s:7:"created";s:5:"order";s:4:"DESC";}}s:5:"title";s:4:"Blog";s:11:"row_options";a:3:{s:10:"build_mode";s:6:"teaser";s:5:"links";b:1;s:8:"comments";b:0;}}'),
(6, 'page', 'Page', 'page', 2, 'a:2:{s:5:"query";a:2:{s:4:"type";s:11:"views_query";s:7:"options";a:0:{}}s:4:"path";s:4:"blog";}'),
(19, 'block', 'Block', 'block', 3, 'a:3:{s:5:"query";a:2:{s:4:"type";s:11:"views_query";s:7:"options";a:0:{}}s:8:"defaults";a:1:{s:5:"pager";b:0;}s:5:"pager";a:2:{s:4:"type";s:4:"some";s:7:"options";a:1:{s:14:"items_per_page";s:2:"20";}}}'),
(19, 'default', 'Master', 'default', 1, 'a:12:{s:5:"query";a:2:{s:4:"type";s:11:"views_query";s:7:"options";a:0:{}}s:5:"title";s:13:"Category blog";s:15:"use_more_always";b:0;s:6:"access";a:1:{s:4:"type";s:4:"perm";}s:5:"cache";a:1:{s:4:"type";s:4:"none";}s:12:"exposed_form";a:1:{s:4:"type";s:5:"basic";}s:5:"pager";a:2:{s:4:"type";s:4:"full";s:7:"options";a:1:{s:14:"items_per_page";s:2:"10";}}s:12:"style_plugin";s:4:"list";s:13:"style_options";a:3:{s:17:"default_row_class";b:0;s:17:"row_class_special";b:0;s:13:"wrapper_class";s:12:"listCategory";}s:10:"row_plugin";s:6:"fields";s:6:"fields";a:1:{s:4:"name";a:6:{s:2:"id";s:4:"name";s:5:"table";s:18:"taxonomy_term_data";s:5:"field";s:4:"name";s:5:"label";s:0:"";s:5:"alter";a:2:{s:13:"word_boundary";b:0;s:8:"ellipsis";b:0;}s:16:"link_to_taxonomy";b:1;}}s:7:"filters";a:1:{s:12:"machine_name";a:4:{s:2:"id";s:12:"machine_name";s:5:"table";s:19:"taxonomy_vocabulary";s:5:"field";s:12:"machine_name";s:5:"value";a:1:{s:13:"category_blog";s:13:"category_blog";}}}}'),
(19, 'page', 'Page', 'page', 2, 'a:2:{s:5:"query";a:2:{s:4:"type";s:11:"views_query";s:7:"options";a:0:{}}s:4:"path";s:13:"category-blog";}'),
(20, 'block', 'Block', 'block', 2, 'a:1:{s:5:"query";a:2:{s:4:"type";s:11:"views_query";s:7:"options";a:0:{}}}'),
(20, 'default', 'Master', 'default', 1, 'a:14:{s:5:"query";a:2:{s:4:"type";s:11:"views_query";s:7:"options";a:0:{}}s:5:"title";s:11:"Recent blog";s:15:"use_more_always";b:0;s:6:"access";a:1:{s:4:"type";s:4:"perm";}s:5:"cache";a:1:{s:4:"type";s:4:"none";}s:12:"exposed_form";a:1:{s:4:"type";s:5:"basic";}s:5:"pager";a:2:{s:4:"type";s:4:"some";s:7:"options";a:1:{s:14:"items_per_page";s:1:"5";}}s:12:"style_plugin";s:4:"list";s:13:"style_options";a:3:{s:17:"default_row_class";b:0;s:17:"row_class_special";b:0;s:13:"wrapper_class";s:10:"itemRecent";}s:10:"row_plugin";s:6:"fields";s:11:"row_options";a:1:{s:22:"default_field_elements";b:0;}s:6:"fields";a:2:{s:5:"title";a:9:{s:2:"id";s:5:"title";s:5:"table";s:4:"node";s:5:"field";s:5:"title";s:5:"label";s:0:"";s:5:"alter";a:2:{s:13:"word_boundary";b:0;s:8:"ellipsis";b:0;}s:12:"element_type";s:3:"div";s:13:"element_class";s:10:"linkRecent";s:19:"element_label_colon";b:0;s:23:"element_default_classes";b:0;}s:4:"body";a:7:{s:2:"id";s:4:"body";s:5:"table";s:15:"field_data_body";s:5:"field";s:4:"body";s:5:"label";s:0:"";s:19:"element_label_colon";b:0;s:4:"type";s:12:"text_trimmed";s:8:"settings";a:1:{s:11:"trim_length";s:3:"100";}}}s:5:"sorts";a:1:{s:7:"created";a:4:{s:2:"id";s:7:"created";s:5:"table";s:4:"node";s:5:"field";s:7:"created";s:5:"order";s:4:"DESC";}}s:7:"filters";a:2:{s:6:"status";a:6:{s:2:"id";s:6:"status";s:5:"table";s:4:"node";s:5:"field";s:6:"status";s:5:"value";i:1;s:5:"group";i:1;s:6:"expose";a:1:{s:8:"operator";b:0;}}s:4:"type";a:4:{s:2:"id";s:4:"type";s:5:"table";s:4:"node";s:5:"field";s:4:"type";s:5:"value";a:1:{s:4:"blog";s:4:"blog";}}}}'),
(21, 'block', 'Block', 'block', 3, 'a:1:{s:5:"query";a:2:{s:4:"type";s:11:"views_query";s:7:"options";a:0:{}}}'),
(21, 'default', 'Master', 'default', 1, 'a:16:{s:5:"query";a:2:{s:4:"type";s:11:"views_query";s:7:"options";a:1:{s:13:"query_comment";b:0;}}s:5:"title";s:15:"Recent comments";s:8:"use_more";i:0;s:6:"access";a:1:{s:4:"type";s:4:"none";}s:5:"cache";a:1:{s:4:"type";s:4:"none";}s:12:"exposed_form";a:1:{s:4:"type";s:5:"basic";}s:5:"pager";a:2:{s:4:"type";s:4:"some";s:7:"options";a:1:{s:14:"items_per_page";i:5;}}s:12:"style_plugin";s:4:"list";s:10:"row_plugin";s:6:"fields";s:13:"relationships";a:1:{s:3:"nid";a:3:{s:2:"id";s:3:"nid";s:5:"table";s:7:"comment";s:5:"field";s:3:"nid";}}s:6:"fields";a:3:{s:7:"subject";a:5:{s:2:"id";s:7:"subject";s:5:"table";s:7:"comment";s:5:"field";s:7:"subject";s:5:"label";s:0:"";s:15:"link_to_comment";i:1;}s:12:"comment_body";a:34:{s:2:"id";s:12:"comment_body";s:5:"table";s:23:"field_data_comment_body";s:5:"field";s:12:"comment_body";s:12:"relationship";s:4:"none";s:10:"group_type";s:5:"group";s:7:"ui_name";s:0:"";s:5:"label";s:0:"";s:7:"exclude";i:0;s:5:"alter";a:26:{s:10:"alter_text";i:0;s:4:"text";s:0:"";s:9:"make_link";i:0;s:4:"path";s:0:"";s:8:"absolute";i:0;s:8:"external";i:0;s:14:"replace_spaces";i:0;s:9:"path_case";s:4:"none";s:15:"trim_whitespace";i:0;s:3:"alt";s:0:"";s:3:"rel";s:0:"";s:10:"link_class";s:0:"";s:6:"prefix";s:0:"";s:6:"suffix";s:0:"";s:6:"target";s:0:"";s:5:"nl2br";i:0;s:10:"max_length";s:3:"100";s:13:"word_boundary";i:1;s:8:"ellipsis";i:1;s:9:"more_link";i:0;s:14:"more_link_text";s:0:"";s:14:"more_link_path";s:0:"";s:10:"strip_tags";i:0;s:4:"trim";i:1;s:13:"preserve_tags";s:0:"";s:4:"html";i:0;}s:12:"element_type";s:0:"";s:13:"element_class";s:0:"";s:18:"element_label_type";s:0:"";s:19:"element_label_class";s:0:"";s:19:"element_label_colon";b:0;s:20:"element_wrapper_type";s:0:"";s:21:"element_wrapper_class";s:0:"";s:23:"element_default_classes";i:1;s:5:"empty";s:0:"";s:10:"hide_empty";i:0;s:10:"empty_zero";i:0;s:16:"hide_alter_empty";i:1;s:17:"click_sort_column";s:5:"value";s:4:"type";s:12:"text_default";s:8:"settings";a:0:{}s:12:"group_column";s:5:"value";s:13:"group_columns";a:0:{}s:10:"group_rows";b:1;s:11:"delta_limit";s:3:"all";s:12:"delta_offset";i:0;s:14:"delta_reversed";b:0;s:16:"delta_first_last";b:0;s:10:"multi_type";s:9:"separator";s:9:"separator";s:2:", ";s:17:"field_api_classes";i:0;}s:7:"changed";a:24:{s:2:"id";s:7:"changed";s:5:"table";s:7:"comment";s:5:"field";s:7:"changed";s:12:"relationship";s:4:"none";s:10:"group_type";s:5:"group";s:7:"ui_name";s:0:"";s:5:"label";s:0:"";s:7:"exclude";i:0;s:5:"alter";a:26:{s:10:"alter_text";i:0;s:4:"text";s:0:"";s:9:"make_link";i:0;s:4:"path";s:0:"";s:8:"absolute";i:0;s:8:"external";i:0;s:14:"replace_spaces";i:0;s:9:"path_case";s:4:"none";s:15:"trim_whitespace";i:0;s:3:"alt";s:0:"";s:3:"rel";s:0:"";s:10:"link_class";s:0:"";s:6:"prefix";s:0:"";s:6:"suffix";s:0:"";s:6:"target";s:0:"";s:5:"nl2br";i:0;s:10:"max_length";s:0:"";s:13:"word_boundary";i:1;s:8:"ellipsis";i:1;s:9:"more_link";i:0;s:14:"more_link_text";s:0:"";s:14:"more_link_path";s:0:"";s:10:"strip_tags";i:0;s:4:"trim";i:0;s:13:"preserve_tags";s:0:"";s:4:"html";i:0;}s:12:"element_type";s:0:"";s:13:"element_class";s:0:"";s:18:"element_label_type";s:0:"";s:19:"element_label_class";s:0:"";s:19:"element_label_colon";b:0;s:20:"element_wrapper_type";s:0:"";s:21:"element_wrapper_class";s:0:"";s:23:"element_default_classes";i:1;s:5:"empty";s:0:"";s:10:"hide_empty";i:0;s:10:"empty_zero";i:0;s:16:"hide_alter_empty";i:1;s:11:"date_format";s:8:"time ago";s:18:"custom_date_format";s:0:"";s:8:"timezone";s:0:"";}}s:5:"sorts";a:1:{s:9:"timestamp";a:4:{s:2:"id";s:9:"timestamp";s:5:"table";s:7:"comment";s:5:"field";s:7:"changed";s:5:"order";s:4:"DESC";}}s:7:"filters";a:1:{s:12:"status_extra";a:5:{s:2:"id";s:12:"status_extra";s:5:"table";s:4:"node";s:5:"field";s:12:"status_extra";s:12:"relationship";s:3:"nid";s:5:"group";i:0;}}s:15:"use_more_always";b:1;s:13:"use_more_text";s:4:"more";s:13:"style_options";a:7:{s:8:"grouping";a:0:{}s:9:"row_class";s:10:"commentRow";s:17:"default_row_class";i:0;s:17:"row_class_special";i:0;s:4:"type";s:2:"ul";s:13:"wrapper_class";s:12:"listComments";s:5:"class";s:0:"";}}'),
(21, 'page', 'Page', 'page', 2, 'a:7:{s:5:"query";a:2:{s:4:"type";s:11:"views_query";s:7:"options";a:0:{}}s:8:"defaults";a:5:{s:12:"style_plugin";b:0;s:13:"style_options";b:0;s:10:"row_plugin";b:0;s:11:"row_options";b:0;s:6:"fields";b:0;}s:12:"style_plugin";s:4:"list";s:10:"row_plugin";s:6:"fields";s:11:"row_options";a:2:{s:6:"inline";a:2:{s:5:"title";s:5:"title";s:9:"timestamp";s:9:"timestamp";}s:9:"separator";s:6:"&nbsp;";}s:6:"fields";a:4:{s:5:"title";a:6:{s:2:"id";s:5:"title";s:5:"table";s:4:"node";s:5:"field";s:5:"title";s:12:"relationship";s:3:"nid";s:5:"label";s:8:"Reply to";s:12:"link_to_node";i:1;}s:9:"timestamp";a:5:{s:2:"id";s:9:"timestamp";s:5:"table";s:7:"comment";s:5:"field";s:7:"changed";s:5:"label";s:0:"";s:11:"date_format";s:8:"time ago";}s:7:"subject";a:5:{s:2:"id";s:7:"subject";s:5:"table";s:7:"comment";s:5:"field";s:7:"subject";s:5:"label";s:0:"";s:15:"link_to_comment";i:1;}s:7:"comment";a:4:{s:2:"id";s:7:"comment";s:5:"table";s:23:"field_data_comment_body";s:5:"field";s:12:"comment_body";s:5:"label";s:0:"";}}s:4:"path";s:15:"comments/recent";}'),
(22, 'block', 'Block', 'block', 2, 'a:2:{s:5:"query";a:2:{s:4:"type";s:11:"views_query";s:7:"options";a:0:{}}s:5:"field";a:1:{s:5:"title";a:1:{s:12:"link_to_node";i:1;}}}'),
(22, 'default', 'Master', 'default', 1, 'a:12:{s:5:"query";a:2:{s:4:"type";s:11:"views_query";s:7:"options";a:0:{}}s:6:"access";a:1:{s:4:"type";s:4:"perm";}s:5:"cache";a:1:{s:4:"type";s:4:"none";}s:12:"exposed_form";a:1:{s:4:"type";s:5:"basic";}s:5:"pager";a:2:{s:4:"type";s:4:"some";s:7:"options";a:1:{s:14:"items_per_page";s:1:"5";}}s:12:"style_plugin";s:7:"default";s:10:"row_plugin";s:4:"node";s:6:"fields";a:1:{s:5:"title";a:8:{s:2:"id";s:5:"title";s:5:"table";s:4:"node";s:5:"field";s:5:"title";s:5:"label";s:0:"";s:5:"alter";a:8:{s:10:"alter_text";i:0;s:9:"make_link";i:0;s:8:"absolute";i:0;s:4:"trim";i:0;s:13:"word_boundary";i:0;s:8:"ellipsis";i:0;s:10:"strip_tags";i:0;s:4:"html";i:0;}s:10:"hide_empty";i:0;s:10:"empty_zero";i:0;s:12:"link_to_node";i:1;}}s:7:"filters";a:2:{s:6:"status";a:6:{s:5:"value";i:1;s:5:"table";s:4:"node";s:5:"field";s:6:"status";s:2:"id";s:6:"status";s:6:"expose";a:1:{s:8:"operator";b:0;}s:5:"group";i:1;}s:4:"type";a:4:{s:2:"id";s:4:"type";s:5:"table";s:4:"node";s:5:"field";s:4:"type";s:5:"value";a:1:{s:13:"slideshow_top";s:13:"slideshow_top";}}}s:5:"sorts";a:1:{s:7:"created";a:4:{s:2:"id";s:7:"created";s:5:"table";s:4:"node";s:5:"field";s:7:"created";s:5:"order";s:4:"DESC";}}s:5:"title";s:6:"<none>";s:11:"row_options";a:4:{s:12:"relationship";s:4:"none";s:9:"view_mode";s:4:"full";s:5:"links";i:1;s:8:"comments";i:0;}}'),
(23, 'block', 'Block', 'block', 2, 'a:2:{s:5:"query";a:2:{s:4:"type";s:11:"views_query";s:7:"options";a:0:{}}s:5:"field";a:1:{s:5:"title";a:1:{s:12:"link_to_node";i:1;}}}'),
(23, 'default', 'Master', 'default', 1, 'a:12:{s:5:"query";a:2:{s:4:"type";s:11:"views_query";s:7:"options";a:0:{}}s:6:"access";a:1:{s:4:"type";s:4:"perm";}s:5:"cache";a:1:{s:4:"type";s:4:"none";}s:12:"exposed_form";a:1:{s:4:"type";s:5:"basic";}s:5:"pager";a:2:{s:4:"type";s:4:"some";s:7:"options";a:1:{s:14:"items_per_page";s:1:"6";}}s:12:"style_plugin";s:7:"default";s:10:"row_plugin";s:4:"node";s:6:"fields";a:1:{s:5:"title";a:8:{s:2:"id";s:5:"title";s:5:"table";s:4:"node";s:5:"field";s:5:"title";s:5:"label";s:0:"";s:5:"alter";a:8:{s:10:"alter_text";i:0;s:9:"make_link";i:0;s:8:"absolute";i:0;s:4:"trim";i:0;s:13:"word_boundary";i:0;s:8:"ellipsis";i:0;s:10:"strip_tags";i:0;s:4:"html";i:0;}s:10:"hide_empty";i:0;s:10:"empty_zero";i:0;s:12:"link_to_node";i:1;}}s:7:"filters";a:2:{s:6:"status";a:6:{s:5:"value";i:1;s:5:"table";s:4:"node";s:5:"field";s:6:"status";s:2:"id";s:6:"status";s:6:"expose";a:1:{s:8:"operator";b:0;}s:5:"group";i:1;}s:4:"type";a:4:{s:2:"id";s:4:"type";s:5:"table";s:4:"node";s:5:"field";s:4:"type";s:5:"value";a:1:{s:8:"services";s:8:"services";}}}s:5:"sorts";a:1:{s:7:"created";a:4:{s:2:"id";s:7:"created";s:5:"table";s:4:"node";s:5:"field";s:7:"created";s:5:"order";s:4:"DESC";}}s:5:"title";s:12:"Our Services";s:11:"row_options";a:4:{s:12:"relationship";s:4:"none";s:9:"view_mode";s:4:"full";s:5:"links";i:1;s:8:"comments";i:0;}}'),
(25, 'block', 'Block', 'block', 2, 'a:2:{s:5:"query";a:2:{s:4:"type";s:11:"views_query";s:7:"options";a:0:{}}s:5:"field";a:1:{s:5:"title";a:1:{s:12:"link_to_node";i:1;}}}'),
(25, 'default', 'Master', 'default', 1, 'a:12:{s:5:"query";a:2:{s:4:"type";s:11:"views_query";s:7:"options";a:0:{}}s:6:"access";a:1:{s:4:"type";s:4:"perm";}s:5:"cache";a:1:{s:4:"type";s:4:"none";}s:12:"exposed_form";a:1:{s:4:"type";s:5:"basic";}s:5:"pager";a:2:{s:4:"type";s:4:"some";s:7:"options";a:1:{s:14:"items_per_page";s:1:"5";}}s:12:"style_plugin";s:7:"default";s:10:"row_plugin";s:4:"node";s:6:"fields";a:1:{s:5:"title";a:8:{s:2:"id";s:5:"title";s:5:"table";s:4:"node";s:5:"field";s:5:"title";s:5:"label";s:0:"";s:5:"alter";a:8:{s:10:"alter_text";i:0;s:9:"make_link";i:0;s:8:"absolute";i:0;s:4:"trim";i:0;s:13:"word_boundary";i:0;s:8:"ellipsis";i:0;s:10:"strip_tags";i:0;s:4:"html";i:0;}s:10:"hide_empty";i:0;s:10:"empty_zero";i:0;s:12:"link_to_node";i:1;}}s:7:"filters";a:2:{s:6:"status";a:6:{s:5:"value";i:1;s:5:"table";s:4:"node";s:5:"field";s:6:"status";s:2:"id";s:6:"status";s:6:"expose";a:1:{s:8:"operator";b:0;}s:5:"group";i:1;}s:4:"type";a:4:{s:2:"id";s:4:"type";s:5:"table";s:4:"node";s:5:"field";s:4:"type";s:5:"value";a:1:{s:4:"team";s:4:"team";}}}s:5:"sorts";a:1:{s:7:"created";a:4:{s:2:"id";s:7:"created";s:5:"table";s:4:"node";s:5:"field";s:7:"created";s:5:"order";s:4:"DESC";}}s:5:"title";s:8:"Our Team";s:11:"row_options";a:4:{s:12:"relationship";s:4:"none";s:9:"view_mode";s:4:"full";s:5:"links";i:1;s:8:"comments";i:0;}}'),
(26, 'block', 'Block', 'block', 2, 'a:2:{s:5:"query";a:2:{s:4:"type";s:11:"views_query";s:7:"options";a:0:{}}s:5:"field";a:1:{s:5:"title";a:1:{s:12:"link_to_node";i:1;}}}'),
(26, 'default', 'Master', 'default', 1, 'a:12:{s:5:"query";a:2:{s:4:"type";s:11:"views_query";s:7:"options";a:0:{}}s:6:"access";a:1:{s:4:"type";s:4:"perm";}s:5:"cache";a:1:{s:4:"type";s:4:"none";}s:12:"exposed_form";a:1:{s:4:"type";s:5:"basic";}s:5:"pager";a:2:{s:4:"type";s:4:"some";s:7:"options";a:1:{s:14:"items_per_page";s:1:"5";}}s:12:"style_plugin";s:7:"default";s:10:"row_plugin";s:4:"node";s:6:"fields";a:1:{s:5:"title";a:8:{s:2:"id";s:5:"title";s:5:"table";s:4:"node";s:5:"field";s:5:"title";s:5:"label";s:0:"";s:5:"alter";a:8:{s:10:"alter_text";i:0;s:9:"make_link";i:0;s:8:"absolute";i:0;s:4:"trim";i:0;s:13:"word_boundary";i:0;s:8:"ellipsis";i:0;s:10:"strip_tags";i:0;s:4:"html";i:0;}s:10:"hide_empty";i:0;s:10:"empty_zero";i:0;s:12:"link_to_node";i:1;}}s:7:"filters";a:2:{s:6:"status";a:6:{s:5:"value";i:1;s:5:"table";s:4:"node";s:5:"field";s:6:"status";s:2:"id";s:6:"status";s:6:"expose";a:1:{s:8:"operator";b:0;}s:5:"group";i:1;}s:4:"type";a:4:{s:2:"id";s:4:"type";s:5:"table";s:4:"node";s:5:"field";s:4:"type";s:5:"value";a:1:{s:16:"slideshow_bottom";s:16:"slideshow_bottom";}}}s:5:"sorts";a:1:{s:7:"created";a:4:{s:2:"id";s:7:"created";s:5:"table";s:4:"node";s:5:"field";s:7:"created";s:5:"order";s:4:"DESC";}}s:5:"title";s:7:"REVIEWS";s:11:"row_options";a:4:{s:12:"relationship";s:4:"none";s:9:"view_mode";s:4:"full";s:5:"links";i:1;s:8:"comments";i:0;}}'),
(39, 'default', 'Master', 'default', 1, 'a:11:{s:5:"query";a:2:{s:4:"type";s:11:"views_query";s:7:"options";a:0:{}}s:6:"access";a:1:{s:4:"type";s:4:"perm";}s:5:"cache";a:1:{s:4:"type";s:4:"none";}s:12:"exposed_form";a:1:{s:4:"type";s:5:"basic";}s:5:"pager";a:2:{s:4:"type";s:4:"full";s:7:"options";a:1:{s:14:"items_per_page";s:2:"10";}}s:12:"style_plugin";s:7:"default";s:10:"row_plugin";s:6:"fields";s:6:"fields";a:1:{s:4:"name";a:8:{s:2:"id";s:4:"name";s:5:"table";s:18:"taxonomy_term_data";s:5:"field";s:4:"name";s:5:"label";s:0:"";s:5:"alter";a:8:{s:10:"alter_text";i:0;s:9:"make_link";i:0;s:8:"absolute";i:0;s:4:"trim";i:0;s:13:"word_boundary";i:0;s:8:"ellipsis";i:0;s:10:"strip_tags";i:0;s:4:"html";i:0;}s:10:"hide_empty";i:0;s:10:"empty_zero";i:0;s:16:"link_to_taxonomy";i:1;}}s:7:"filters";a:1:{s:12:"machine_name";a:4:{s:2:"id";s:12:"machine_name";s:5:"table";s:19:"taxonomy_vocabulary";s:5:"field";s:12:"machine_name";s:5:"value";a:1:{s:14:"category_house";s:14:"category_house";}}}s:5:"sorts";a:0:{}s:5:"title";s:10:"Categories";}'),
(39, 'page', 'Page', 'page', 2, 'a:2:{s:5:"query";a:2:{s:4:"type";s:11:"views_query";s:7:"options";a:0:{}}s:4:"path";s:10:"categories";}'),
(41, 'block', 'Block', 'block', 2, 'a:2:{s:5:"query";a:2:{s:4:"type";s:11:"views_query";s:7:"options";a:0:{}}s:5:"field";a:1:{s:5:"title";a:1:{s:12:"link_to_node";i:1;}}}'),
(41, 'default', 'Master', 'default', 1, 'a:13:{s:5:"query";a:2:{s:4:"type";s:11:"views_query";s:7:"options";a:0:{}}s:6:"access";a:1:{s:4:"type";s:4:"perm";}s:5:"cache";a:1:{s:4:"type";s:4:"none";}s:12:"exposed_form";a:1:{s:4:"type";s:5:"basic";}s:5:"pager";a:2:{s:4:"type";s:4:"some";s:7:"options";a:2:{s:14:"items_per_page";s:1:"6";s:6:"offset";s:1:"0";}}s:12:"style_plugin";s:7:"default";s:10:"row_plugin";s:6:"fields";s:6:"fields";a:3:{s:5:"title";a:8:{s:2:"id";s:5:"title";s:5:"table";s:4:"node";s:5:"field";s:5:"title";s:5:"label";s:0:"";s:5:"alter";a:8:{s:10:"alter_text";i:0;s:9:"make_link";i:0;s:8:"absolute";i:0;s:4:"trim";i:0;s:13:"word_boundary";i:0;s:8:"ellipsis";i:0;s:10:"strip_tags";i:0;s:4:"html";i:0;}s:10:"hide_empty";i:0;s:10:"empty_zero";i:0;s:12:"link_to_node";i:1;}s:17:"field_image_house";a:34:{s:2:"id";s:17:"field_image_house";s:5:"table";s:28:"field_data_field_image_house";s:5:"field";s:17:"field_image_house";s:12:"relationship";s:4:"none";s:10:"group_type";s:5:"group";s:7:"ui_name";s:0:"";s:5:"label";s:0:"";s:7:"exclude";i:0;s:5:"alter";a:26:{s:10:"alter_text";i:0;s:4:"text";s:0:"";s:9:"make_link";i:0;s:4:"path";s:0:"";s:8:"absolute";i:0;s:8:"external";i:0;s:14:"replace_spaces";i:0;s:9:"path_case";s:4:"none";s:15:"trim_whitespace";i:0;s:3:"alt";s:0:"";s:3:"rel";s:0:"";s:10:"link_class";s:0:"";s:6:"prefix";s:0:"";s:6:"suffix";s:0:"";s:6:"target";s:0:"";s:5:"nl2br";i:0;s:10:"max_length";s:0:"";s:13:"word_boundary";i:1;s:8:"ellipsis";i:1;s:9:"more_link";i:0;s:14:"more_link_text";s:0:"";s:14:"more_link_path";s:0:"";s:10:"strip_tags";i:0;s:4:"trim";i:0;s:13:"preserve_tags";s:0:"";s:4:"html";i:0;}s:12:"element_type";s:0:"";s:13:"element_class";s:0:"";s:18:"element_label_type";s:0:"";s:19:"element_label_class";s:0:"";s:19:"element_label_colon";b:0;s:20:"element_wrapper_type";s:0:"";s:21:"element_wrapper_class";s:0:"";s:23:"element_default_classes";i:1;s:5:"empty";s:0:"";s:10:"hide_empty";i:0;s:10:"empty_zero";i:0;s:16:"hide_alter_empty";i:1;s:17:"click_sort_column";s:3:"fid";s:4:"type";s:5:"image";s:8:"settings";a:2:{s:11:"image_style";s:11:"front_house";s:10:"image_link";s:7:"content";}s:12:"group_column";s:0:"";s:13:"group_columns";a:0:{}s:10:"group_rows";b:1;s:11:"delta_limit";s:3:"all";s:12:"delta_offset";i:0;s:14:"delta_reversed";b:0;s:16:"delta_first_last";b:0;s:10:"multi_type";s:9:"separator";s:9:"separator";s:2:", ";s:17:"field_api_classes";i:0;}s:17:"field_description";a:34:{s:2:"id";s:17:"field_description";s:5:"table";s:28:"field_data_field_description";s:5:"field";s:17:"field_description";s:12:"relationship";s:4:"none";s:10:"group_type";s:5:"group";s:7:"ui_name";s:0:"";s:5:"label";s:0:"";s:7:"exclude";i:0;s:5:"alter";a:26:{s:10:"alter_text";i:0;s:4:"text";s:0:"";s:9:"make_link";i:0;s:4:"path";s:0:"";s:8:"absolute";i:0;s:8:"external";i:0;s:14:"replace_spaces";i:0;s:9:"path_case";s:4:"none";s:15:"trim_whitespace";i:0;s:3:"alt";s:0:"";s:3:"rel";s:0:"";s:10:"link_class";s:0:"";s:6:"prefix";s:0:"";s:6:"suffix";s:0:"";s:6:"target";s:0:"";s:5:"nl2br";i:0;s:10:"max_length";s:0:"";s:13:"word_boundary";i:1;s:8:"ellipsis";i:1;s:9:"more_link";i:0;s:14:"more_link_text";s:0:"";s:14:"more_link_path";s:0:"";s:10:"strip_tags";i:0;s:4:"trim";i:0;s:13:"preserve_tags";s:0:"";s:4:"html";i:0;}s:12:"element_type";s:0:"";s:13:"element_class";s:0:"";s:18:"element_label_type";s:0:"";s:19:"element_label_class";s:0:"";s:19:"element_label_colon";b:0;s:20:"element_wrapper_type";s:0:"";s:21:"element_wrapper_class";s:0:"";s:23:"element_default_classes";i:1;s:5:"empty";s:0:"";s:10:"hide_empty";i:0;s:10:"empty_zero";i:0;s:16:"hide_alter_empty";i:1;s:17:"click_sort_column";s:5:"value";s:4:"type";s:12:"text_trimmed";s:8:"settings";a:1:{s:11:"trim_length";s:3:"100";}s:12:"group_column";s:5:"value";s:13:"group_columns";a:0:{}s:10:"group_rows";b:1;s:11:"delta_limit";s:3:"all";s:12:"delta_offset";i:0;s:14:"delta_reversed";b:0;s:16:"delta_first_last";b:0;s:10:"multi_type";s:9:"separator";s:9:"separator";s:2:", ";s:17:"field_api_classes";i:0;}}s:7:"filters";a:2:{s:6:"status";a:6:{s:5:"value";i:1;s:5:"table";s:4:"node";s:5:"field";s:6:"status";s:2:"id";s:6:"status";s:6:"expose";a:1:{s:8:"operator";b:0;}s:5:"group";i:1;}s:4:"type";a:4:{s:2:"id";s:4:"type";s:5:"table";s:4:"node";s:5:"field";s:4:"type";s:5:"value";a:1:{s:5:"house";s:5:"house";}}}s:5:"sorts";a:1:{s:7:"created";a:4:{s:2:"id";s:7:"created";s:5:"table";s:4:"node";s:5:"field";s:7:"created";s:5:"order";s:4:"DESC";}}s:5:"title";s:16:"Our best at home";s:13:"relationships";a:0:{}s:9:"arguments";a:0:{}}'),
(42, 'default', 'Master', 'default', 1, 'a:13:{s:5:"query";a:2:{s:4:"type";s:11:"views_query";s:7:"options";a:0:{}}s:6:"access";a:1:{s:4:"type";s:4:"perm";}s:5:"cache";a:1:{s:4:"type";s:4:"none";}s:12:"exposed_form";a:1:{s:4:"type";s:5:"basic";}s:5:"pager";a:2:{s:4:"type";s:4:"full";s:7:"options";a:1:{s:14:"items_per_page";s:2:"10";}}s:12:"style_plugin";s:7:"default";s:10:"row_plugin";s:6:"fields";s:6:"fields";a:2:{s:5:"title";a:8:{s:2:"id";s:5:"title";s:5:"table";s:4:"node";s:5:"field";s:5:"title";s:5:"label";s:0:"";s:5:"alter";a:8:{s:10:"alter_text";i:0;s:9:"make_link";i:0;s:8:"absolute";i:0;s:4:"trim";i:0;s:13:"word_boundary";i:0;s:8:"ellipsis";i:0;s:10:"strip_tags";i:0;s:4:"html";i:0;}s:10:"hide_empty";i:0;s:10:"empty_zero";i:0;s:12:"link_to_node";i:1;}s:17:"field_image_house";a:34:{s:2:"id";s:17:"field_image_house";s:5:"table";s:28:"field_data_field_image_house";s:5:"field";s:17:"field_image_house";s:12:"relationship";s:4:"none";s:10:"group_type";s:5:"group";s:7:"ui_name";s:0:"";s:5:"label";s:0:"";s:7:"exclude";i:0;s:5:"alter";a:26:{s:10:"alter_text";i:0;s:4:"text";s:0:"";s:9:"make_link";i:0;s:4:"path";s:0:"";s:8:"absolute";i:0;s:8:"external";i:0;s:14:"replace_spaces";i:0;s:9:"path_case";s:4:"none";s:15:"trim_whitespace";i:0;s:3:"alt";s:0:"";s:3:"rel";s:0:"";s:10:"link_class";s:0:"";s:6:"prefix";s:0:"";s:6:"suffix";s:0:"";s:6:"target";s:0:"";s:5:"nl2br";i:0;s:10:"max_length";s:0:"";s:13:"word_boundary";i:1;s:8:"ellipsis";i:1;s:9:"more_link";i:0;s:14:"more_link_text";s:0:"";s:14:"more_link_path";s:0:"";s:10:"strip_tags";i:0;s:4:"trim";i:0;s:13:"preserve_tags";s:0:"";s:4:"html";i:0;}s:12:"element_type";s:0:"";s:13:"element_class";s:0:"";s:18:"element_label_type";s:0:"";s:19:"element_label_class";s:0:"";s:19:"element_label_colon";b:0;s:20:"element_wrapper_type";s:0:"";s:21:"element_wrapper_class";s:0:"";s:23:"element_default_classes";i:1;s:5:"empty";s:0:"";s:10:"hide_empty";i:0;s:10:"empty_zero";i:0;s:16:"hide_alter_empty";i:1;s:17:"click_sort_column";s:3:"fid";s:4:"type";s:5:"image";s:8:"settings";a:2:{s:11:"image_style";s:11:"front_house";s:10:"image_link";s:7:"content";}s:12:"group_column";s:0:"";s:13:"group_columns";a:0:{}s:10:"group_rows";b:1;s:11:"delta_limit";s:3:"all";s:12:"delta_offset";i:0;s:14:"delta_reversed";b:0;s:16:"delta_first_last";b:0;s:10:"multi_type";s:9:"separator";s:9:"separator";s:2:", ";s:17:"field_api_classes";i:0;}}s:7:"filters";a:1:{s:6:"status";a:6:{s:5:"value";i:1;s:5:"table";s:4:"node";s:5:"field";s:6:"status";s:2:"id";s:6:"status";s:6:"expose";a:1:{s:8:"operator";b:0;}s:5:"group";i:1;}}s:5:"sorts";a:1:{s:7:"created";a:4:{s:2:"id";s:7:"created";s:5:"table";s:4:"node";s:5:"field";s:7:"created";s:5:"order";s:4:"DESC";}}s:5:"title";s:21:"Categories Houses cat";s:11:"row_options";a:0:{}s:9:"arguments";a:1:{s:19:"term_node_tid_depth";a:24:{s:2:"id";s:19:"term_node_tid_depth";s:5:"table";s:4:"node";s:5:"field";s:19:"term_node_tid_depth";s:12:"relationship";s:4:"none";s:10:"group_type";s:5:"group";s:7:"ui_name";s:0:"";s:14:"default_action";s:5:"empty";s:9:"exception";a:3:{s:5:"value";s:3:"all";s:12:"title_enable";i:0;s:5:"title";s:3:"All";}s:12:"title_enable";i:1;s:5:"title";s:2:"%1";s:17:"breadcrumb_enable";i:1;s:10:"breadcrumb";s:8:"category";s:21:"default_argument_type";s:5:"fixed";s:24:"default_argument_options";a:1:{s:8:"argument";s:0:"";}s:25:"default_argument_skip_url";i:0;s:15:"summary_options";a:4:{s:9:"base_path";s:0:"";s:5:"count";s:1:"1";s:14:"items_per_page";s:2:"25";s:8:"override";i:0;}s:7:"summary";a:3:{s:10:"sort_order";s:3:"asc";s:17:"number_of_records";s:1:"0";s:6:"format";s:15:"default_summary";}s:18:"specify_validation";i:1;s:8:"validate";a:2:{s:4:"type";s:13:"taxonomy_term";s:4:"fail";s:5:"empty";}s:16:"validate_options";a:3:{s:12:"vocabularies";a:1:{s:14:"category_house";s:14:"category_house";}s:4:"type";s:3:"tid";s:9:"transform";i:0;}s:5:"depth";s:1:"0";s:12:"break_phrase";i:0;s:14:"set_breadcrumb";i:1;s:22:"use_taxonomy_term_path";i:0;}}}'),
(42, 'page', 'Page', 'page', 2, 'a:2:{s:5:"query";a:2:{s:4:"type";s:11:"views_query";s:7:"options";a:0:{}}s:4:"path";s:15:"taxonomy/term/%";}'),
(47, 'block', 'Block', 'block', 2, 'a:1:{s:5:"query";a:2:{s:4:"type";s:11:"views_query";s:7:"options";a:0:{}}}'),
(47, 'default', 'Master', 'default', 1, 'a:12:{s:5:"query";a:2:{s:4:"type";s:11:"views_query";s:7:"options";a:0:{}}s:6:"access";a:1:{s:4:"type";s:4:"none";}s:5:"cache";a:1:{s:4:"type";s:4:"none";}s:12:"exposed_form";a:1:{s:4:"type";s:5:"basic";}s:5:"pager";a:2:{s:4:"type";s:4:"some";s:7:"options";a:1:{s:14:"items_per_page";s:1:"5";}}s:12:"style_plugin";s:4:"gmap";s:10:"row_plugin";s:6:"fields";s:6:"fields";a:2:{s:3:"lid";a:21:{s:2:"id";s:3:"lid";s:5:"table";s:8:"location";s:5:"field";s:3:"lid";s:12:"relationship";s:4:"none";s:10:"group_type";s:5:"group";s:7:"ui_name";s:0:"";s:5:"label";s:0:"";s:7:"exclude";i:0;s:5:"alter";a:26:{s:10:"alter_text";i:0;s:4:"text";s:0:"";s:9:"make_link";i:0;s:4:"path";s:0:"";s:8:"absolute";i:0;s:8:"external";i:0;s:14:"replace_spaces";i:0;s:9:"path_case";s:4:"none";s:15:"trim_whitespace";i:0;s:3:"alt";s:0:"";s:3:"rel";s:0:"";s:10:"link_class";s:0:"";s:6:"prefix";s:0:"";s:6:"suffix";s:0:"";s:6:"target";s:0:"";s:5:"nl2br";i:0;s:10:"max_length";s:0:"";s:13:"word_boundary";i:1;s:8:"ellipsis";i:1;s:9:"more_link";i:0;s:14:"more_link_text";s:0:"";s:14:"more_link_path";s:0:"";s:10:"strip_tags";i:0;s:4:"trim";i:0;s:13:"preserve_tags";s:0:"";s:4:"html";i:0;}s:12:"element_type";s:0:"";s:13:"element_class";s:0:"";s:18:"element_label_type";s:0:"";s:19:"element_label_class";s:0:"";s:19:"element_label_colon";b:0;s:20:"element_wrapper_type";s:0:"";s:21:"element_wrapper_class";s:0:"";s:23:"element_default_classes";i:1;s:5:"empty";s:0:"";s:10:"hide_empty";i:0;s:10:"empty_zero";i:0;s:16:"hide_alter_empty";i:1;}s:7:"address";a:23:{s:2:"id";s:7:"address";s:5:"table";s:8:"location";s:5:"field";s:7:"address";s:12:"relationship";s:4:"none";s:10:"group_type";s:5:"group";s:7:"ui_name";s:0:"";s:5:"label";s:7:"Address";s:7:"exclude";i:0;s:5:"alter";a:26:{s:10:"alter_text";i:0;s:4:"text";s:0:"";s:9:"make_link";i:0;s:4:"path";s:0:"";s:8:"absolute";i:0;s:8:"external";i:0;s:14:"replace_spaces";i:0;s:9:"path_case";s:4:"none";s:15:"trim_whitespace";i:0;s:3:"alt";s:0:"";s:3:"rel";s:0:"";s:10:"link_class";s:0:"";s:6:"prefix";s:0:"";s:6:"suffix";s:0:"";s:6:"target";s:0:"";s:5:"nl2br";i:0;s:10:"max_length";s:0:"";s:13:"word_boundary";i:1;s:8:"ellipsis";i:1;s:9:"more_link";i:0;s:14:"more_link_text";s:0:"";s:14:"more_link_path";s:0:"";s:10:"strip_tags";i:0;s:4:"trim";i:0;s:13:"preserve_tags";s:0:"";s:4:"html";i:0;}s:12:"element_type";s:0:"";s:13:"element_class";s:0:"";s:18:"element_label_type";s:0:"";s:19:"element_label_class";s:0:"";s:19:"element_label_colon";i:1;s:20:"element_wrapper_type";s:0:"";s:21:"element_wrapper_class";s:0:"";s:23:"element_default_classes";i:1;s:5:"empty";s:0:"";s:10:"hide_empty";i:0;s:10:"empty_zero";i:0;s:16:"hide_alter_empty";i:1;s:4:"hide";a:12:{s:4:"name";i:0;s:6:"street";i:0;s:10:"additional";i:0;s:4:"city";i:0;s:8:"province";i:0;s:11:"postal_code";i:0;s:7:"country";i:0;s:7:"locpick";i:0;s:13:"province_name";i:0;s:12:"country_name";i:0;s:8:"map_link";i:0;s:6:"coords";i:0;}s:11:"exclude_cck";i:0;}}s:7:"filters";a:0:{}s:5:"sorts";a:0:{}s:5:"title";s:6:"<none>";s:13:"style_options";a:27:{s:8:"grouping";a:0:{}s:5:"macro";s:7:"[gmap ]";s:10:"datasource";s:8:"location";s:8:"latfield";s:3:"lid";s:8:"lonfield";s:3:"lid";s:8:"geofield";s:3:"lid";s:11:"geolocation";s:3:"lid";s:7:"markers";s:6:"static";s:11:"markerfield";s:3:"lid";s:9:"enablermt";i:0;s:8:"rmtfield";s:3:"lid";s:11:"rmtfieldraw";i:1;s:11:"rmtcallback";s:0:"";s:10:"markertype";s:0:"";s:17:"center_on_nodearg";i:0;s:21:"center_on_nodearg_arg";s:0:"";s:22:"center_on_proximityarg";i:0;s:9:"animation";s:1:"1";s:17:"highlight_nodearg";i:0;s:21:"highlight_nodearg_arg";s:0:"";s:23:"highlight_nodearg_color";s:7:"#FF0000";s:20:"autoclick_on_nodearg";i:0;s:24:"autoclick_on_nodearg_arg";s:0:"";s:14:"tooltipenabled";i:0;s:12:"tooltipfield";s:3:"lid";s:17:"bubbletextenabled";i:0;s:15:"bubbletextfield";s:3:"lid";}}'),
(48, 'block', 'Block', 'block', 2, 'a:2:{s:5:"query";a:2:{s:4:"type";s:11:"views_query";s:7:"options";a:0:{}}s:5:"field";a:1:{s:5:"title";a:1:{s:12:"link_to_node";i:1;}}}'),
(48, 'default', 'Master', 'default', 1, 'a:12:{s:5:"query";a:2:{s:4:"type";s:11:"views_query";s:7:"options";a:0:{}}s:6:"access";a:1:{s:4:"type";s:4:"perm";}s:5:"cache";a:1:{s:4:"type";s:4:"none";}s:12:"exposed_form";a:1:{s:4:"type";s:5:"basic";}s:5:"pager";a:2:{s:4:"type";s:4:"some";s:7:"options";a:1:{s:14:"items_per_page";s:1:"5";}}s:12:"style_plugin";s:7:"default";s:10:"row_plugin";s:4:"node";s:6:"fields";a:1:{s:5:"title";a:8:{s:2:"id";s:5:"title";s:5:"table";s:4:"node";s:5:"field";s:5:"title";s:5:"label";s:0:"";s:5:"alter";a:8:{s:10:"alter_text";i:0;s:9:"make_link";i:0;s:8:"absolute";i:0;s:4:"trim";i:0;s:13:"word_boundary";i:0;s:8:"ellipsis";i:0;s:10:"strip_tags";i:0;s:4:"html";i:0;}s:10:"hide_empty";i:0;s:10:"empty_zero";i:0;s:12:"link_to_node";i:1;}}s:7:"filters";a:2:{s:6:"status";a:6:{s:5:"value";i:1;s:5:"table";s:4:"node";s:5:"field";s:6:"status";s:2:"id";s:6:"status";s:6:"expose";a:1:{s:8:"operator";b:0;}s:5:"group";i:1;}s:4:"type";a:4:{s:2:"id";s:4:"type";s:5:"table";s:4:"node";s:5:"field";s:4:"type";s:5:"value";a:1:{s:4:"more";s:4:"more";}}}s:5:"sorts";a:1:{s:7:"created";a:4:{s:2:"id";s:7:"created";s:5:"table";s:4:"node";s:5:"field";s:7:"created";s:5:"order";s:4:"DESC";}}s:5:"title";s:6:"<none>";s:11:"row_options";a:4:{s:12:"relationship";s:4:"none";s:9:"view_mode";s:4:"full";s:5:"links";i:1;s:8:"comments";i:0;}}'),
(49, 'block', 'Block', 'block', 2, 'a:2:{s:5:"query";a:2:{s:4:"type";s:11:"views_query";s:7:"options";a:0:{}}s:5:"field";a:1:{s:5:"title";a:1:{s:12:"link_to_node";i:1;}}}'),
(49, 'default', 'Master', 'default', 1, 'a:12:{s:5:"query";a:2:{s:4:"type";s:11:"views_query";s:7:"options";a:0:{}}s:6:"access";a:1:{s:4:"type";s:4:"perm";}s:5:"cache";a:1:{s:4:"type";s:4:"none";}s:12:"exposed_form";a:1:{s:4:"type";s:5:"basic";}s:5:"pager";a:2:{s:4:"type";s:4:"some";s:7:"options";a:1:{s:14:"items_per_page";s:1:"5";}}s:12:"style_plugin";s:7:"default";s:10:"row_plugin";s:4:"node";s:6:"fields";a:1:{s:5:"title";a:8:{s:2:"id";s:5:"title";s:5:"table";s:4:"node";s:5:"field";s:5:"title";s:5:"label";s:0:"";s:5:"alter";a:8:{s:10:"alter_text";i:0;s:9:"make_link";i:0;s:8:"absolute";i:0;s:4:"trim";i:0;s:13:"word_boundary";i:0;s:8:"ellipsis";i:0;s:10:"strip_tags";i:0;s:4:"html";i:0;}s:10:"hide_empty";i:0;s:10:"empty_zero";i:0;s:12:"link_to_node";i:1;}}s:7:"filters";a:2:{s:6:"status";a:6:{s:5:"value";i:1;s:5:"table";s:4:"node";s:5:"field";s:6:"status";s:2:"id";s:6:"status";s:6:"expose";a:1:{s:8:"operator";b:0;}s:5:"group";i:1;}s:4:"type";a:4:{s:2:"id";s:4:"type";s:5:"table";s:4:"node";s:5:"field";s:4:"type";s:5:"value";a:1:{s:16:"slideshow_bottom";s:16:"slideshow_bottom";}}}s:5:"sorts";a:1:{s:7:"created";a:4:{s:2:"id";s:7:"created";s:5:"table";s:4:"node";s:5:"field";s:7:"created";s:5:"order";s:4:"DESC";}}s:5:"title";s:16:"Slideshow Bottom";s:11:"row_options";a:4:{s:12:"relationship";s:4:"none";s:9:"view_mode";s:4:"full";s:5:"links";i:1;s:8:"comments";i:0;}}'),
(51, 'default', 'Master', 'default', 1, 'a:11:{s:5:"query";a:2:{s:4:"type";s:11:"views_query";s:7:"options";a:0:{}}s:6:"access";a:1:{s:4:"type";s:4:"none";}s:5:"cache";a:1:{s:4:"type";s:4:"none";}s:12:"exposed_form";a:1:{s:4:"type";s:5:"basic";}s:5:"pager";a:2:{s:4:"type";s:4:"full";s:7:"options";a:1:{s:14:"items_per_page";s:2:"10";}}s:12:"style_plugin";s:7:"default";s:10:"row_plugin";s:6:"fields";s:6:"fields";a:6:{s:5:"title";a:22:{s:2:"id";s:5:"title";s:5:"table";s:28:"search_api_index_house_index";s:5:"field";s:5:"title";s:12:"relationship";s:4:"none";s:10:"group_type";s:5:"group";s:7:"ui_name";s:0:"";s:5:"label";s:0:"";s:7:"exclude";i:0;s:5:"alter";a:26:{s:10:"alter_text";i:0;s:4:"text";s:0:"";s:9:"make_link";i:0;s:4:"path";s:0:"";s:8:"absolute";i:0;s:8:"external";i:0;s:14:"replace_spaces";i:0;s:9:"path_case";s:4:"none";s:15:"trim_whitespace";i:0;s:3:"alt";s:0:"";s:3:"rel";s:0:"";s:10:"link_class";s:0:"";s:6:"prefix";s:0:"";s:6:"suffix";s:0:"";s:6:"target";s:0:"";s:5:"nl2br";i:0;s:10:"max_length";s:0:"";s:13:"word_boundary";i:1;s:8:"ellipsis";i:1;s:9:"more_link";i:0;s:14:"more_link_text";s:0:"";s:14:"more_link_path";s:0:"";s:10:"strip_tags";i:0;s:4:"trim";i:0;s:13:"preserve_tags";s:0:"";s:4:"html";i:0;}s:12:"element_type";s:0:"";s:13:"element_class";s:0:"";s:18:"element_label_type";s:0:"";s:19:"element_label_class";s:0:"";s:19:"element_label_colon";b:0;s:20:"element_wrapper_type";s:0:"";s:21:"element_wrapper_class";s:0:"";s:23:"element_default_classes";i:1;s:5:"empty";s:0:"";s:10:"hide_empty";i:0;s:10:"empty_zero";i:0;s:16:"hide_alter_empty";i:1;s:14:"link_to_entity";i:1;}s:17:"field_category_it";a:25:{s:2:"id";s:17:"field_category_it";s:5:"table";s:28:"search_api_index_house_index";s:5:"field";s:17:"field_category_it";s:12:"relationship";s:4:"none";s:10:"group_type";s:5:"group";s:7:"ui_name";s:0:"";s:5:"label";s:8:"Category";s:7:"exclude";i:0;s:5:"alter";a:26:{s:10:"alter_text";i:0;s:4:"text";s:0:"";s:9:"make_link";i:0;s:4:"path";s:0:"";s:8:"absolute";i:0;s:8:"external";i:0;s:14:"replace_spaces";i:0;s:9:"path_case";s:4:"none";s:15:"trim_whitespace";i:0;s:3:"alt";s:0:"";s:3:"rel";s:0:"";s:10:"link_class";s:0:"";s:6:"prefix";s:0:"";s:6:"suffix";s:0:"";s:6:"target";s:0:"";s:5:"nl2br";i:0;s:10:"max_length";s:0:"";s:13:"word_boundary";i:1;s:8:"ellipsis";i:1;s:9:"more_link";i:0;s:14:"more_link_text";s:0:"";s:14:"more_link_path";s:0:"";s:10:"strip_tags";i:0;s:4:"trim";i:0;s:13:"preserve_tags";s:0:"";s:4:"html";i:0;}s:12:"element_type";s:0:"";s:13:"element_class";s:0:"";s:18:"element_label_type";s:0:"";s:19:"element_label_class";s:0:"";s:19:"element_label_colon";i:1;s:20:"element_wrapper_type";s:0:"";s:21:"element_wrapper_class";s:0:"";s:23:"element_default_classes";i:1;s:5:"empty";s:0:"";s:10:"hide_empty";i:0;s:10:"empty_zero";i:0;s:16:"hide_alter_empty";i:1;s:14:"link_to_entity";i:1;s:7:"display";s:5:"label";s:9:"view_mode";s:4:"full";s:13:"bypass_access";i:0;}s:14:"field_bedrooms";a:34:{s:2:"id";s:14:"field_bedrooms";s:5:"table";s:28:"search_api_index_house_index";s:5:"field";s:14:"field_bedrooms";s:12:"relationship";s:4:"none";s:10:"group_type";s:5:"group";s:7:"ui_name";s:0:"";s:5:"label";s:8:"Bedrooms";s:7:"exclude";i:0;s:5:"alter";a:26:{s:10:"alter_text";i:0;s:4:"text";s:0:"";s:9:"make_link";i:0;s:4:"path";s:0:"";s:8:"absolute";i:0;s:8:"external";i:0;s:14:"replace_spaces";i:0;s:9:"path_case";s:4:"none";s:15:"trim_whitespace";i:0;s:3:"alt";s:0:"";s:3:"rel";s:0:"";s:10:"link_class";s:0:"";s:6:"prefix";s:0:"";s:6:"suffix";s:0:"";s:6:"target";s:0:"";s:5:"nl2br";i:0;s:10:"max_length";s:0:"";s:13:"word_boundary";i:1;s:8:"ellipsis";i:1;s:9:"more_link";i:0;s:14:"more_link_text";s:0:"";s:14:"more_link_path";s:0:"";s:10:"strip_tags";i:0;s:4:"trim";i:0;s:13:"preserve_tags";s:0:"";s:4:"html";i:0;}s:12:"element_type";s:0:"";s:13:"element_class";s:0:"";s:18:"element_label_type";s:0:"";s:19:"element_label_class";s:0:"";s:19:"element_label_colon";i:1;s:20:"element_wrapper_type";s:0:"";s:21:"element_wrapper_class";s:0:"";s:23:"element_default_classes";i:1;s:5:"empty";s:0:"";s:10:"hide_empty";i:0;s:10:"empty_zero";i:0;s:16:"hide_alter_empty";i:1;s:17:"click_sort_column";s:5:"value";s:4:"type";s:12:"text_default";s:8:"settings";a:0:{}s:12:"group_column";s:5:"value";s:13:"group_columns";a:0:{}s:10:"group_rows";b:1;s:11:"delta_limit";s:3:"all";s:12:"delta_offset";i:0;s:14:"delta_reversed";b:0;s:16:"delta_first_last";b:0;s:10:"multi_type";s:9:"separator";s:9:"separator";s:2:", ";s:17:"field_api_classes";i:0;}s:15:"field_bathrooms";a:34:{s:2:"id";s:15:"field_bathrooms";s:5:"table";s:28:"search_api_index_house_index";s:5:"field";s:15:"field_bathrooms";s:12:"relationship";s:4:"none";s:10:"group_type";s:5:"group";s:7:"ui_name";s:0:"";s:5:"label";s:9:"Bathrooms";s:7:"exclude";i:0;s:5:"alter";a:26:{s:10:"alter_text";i:0;s:4:"text";s:0:"";s:9:"make_link";i:0;s:4:"path";s:0:"";s:8:"absolute";i:0;s:8:"external";i:0;s:14:"replace_spaces";i:0;s:9:"path_case";s:4:"none";s:15:"trim_whitespace";i:0;s:3:"alt";s:0:"";s:3:"rel";s:0:"";s:10:"link_class";s:0:"";s:6:"prefix";s:0:"";s:6:"suffix";s:0:"";s:6:"target";s:0:"";s:5:"nl2br";i:0;s:10:"max_length";s:0:"";s:13:"word_boundary";i:1;s:8:"ellipsis";i:1;s:9:"more_link";i:0;s:14:"more_link_text";s:0:"";s:14:"more_link_path";s:0:"";s:10:"strip_tags";i:0;s:4:"trim";i:0;s:13:"preserve_tags";s:0:"";s:4:"html";i:0;}s:12:"element_type";s:0:"";s:13:"element_class";s:0:"";s:18:"element_label_type";s:0:"";s:19:"element_label_class";s:0:"";s:19:"element_label_colon";i:1;s:20:"element_wrapper_type";s:0:"";s:21:"element_wrapper_class";s:0:"";s:23:"element_default_classes";i:1;s:5:"empty";s:0:"";s:10:"hide_empty";i:0;s:10:"empty_zero";i:0;s:16:"hide_alter_empty";i:1;s:17:"click_sort_column";s:5:"value";s:4:"type";s:12:"text_default";s:8:"settings";a:0:{}s:12:"group_column";s:5:"value";s:13:"group_columns";a:0:{}s:10:"group_rows";b:1;s:11:"delta_limit";s:3:"all";s:12:"delta_offset";i:0;s:14:"delta_reversed";b:0;s:16:"delta_first_last";b:0;s:10:"multi_type";s:9:"separator";s:9:"separator";s:2:", ";s:17:"field_api_classes";i:0;}s:13:"field_garages";a:34:{s:2:"id";s:13:"field_garages";s:5:"table";s:28:"search_api_index_house_index";s:5:"field";s:13:"field_garages";s:12:"relationship";s:4:"none";s:10:"group_type";s:5:"group";s:7:"ui_name";s:0:"";s:5:"label";s:7:"Garages";s:7:"exclude";i:0;s:5:"alter";a:26:{s:10:"alter_text";i:0;s:4:"text";s:0:"";s:9:"make_link";i:0;s:4:"path";s:0:"";s:8:"absolute";i:0;s:8:"external";i:0;s:14:"replace_spaces";i:0;s:9:"path_case";s:4:"none";s:15:"trim_whitespace";i:0;s:3:"alt";s:0:"";s:3:"rel";s:0:"";s:10:"link_class";s:0:"";s:6:"prefix";s:0:"";s:6:"suffix";s:0:"";s:6:"target";s:0:"";s:5:"nl2br";i:0;s:10:"max_length";s:0:"";s:13:"word_boundary";i:1;s:8:"ellipsis";i:1;s:9:"more_link";i:0;s:14:"more_link_text";s:0:"";s:14:"more_link_path";s:0:"";s:10:"strip_tags";i:0;s:4:"trim";i:0;s:13:"preserve_tags";s:0:"";s:4:"html";i:0;}s:12:"element_type";s:0:"";s:13:"element_class";s:0:"";s:18:"element_label_type";s:0:"";s:19:"element_label_class";s:0:"";s:19:"element_label_colon";i:1;s:20:"element_wrapper_type";s:0:"";s:21:"element_wrapper_class";s:0:"";s:23:"element_default_classes";i:1;s:5:"empty";s:0:"";s:10:"hide_empty";i:0;s:10:"empty_zero";i:0;s:16:"hide_alter_empty";i:1;s:17:"click_sort_column";s:5:"value";s:4:"type";s:12:"text_default";s:8:"settings";a:0:{}s:12:"group_column";s:5:"value";s:13:"group_columns";a:0:{}s:10:"group_rows";b:1;s:11:"delta_limit";s:3:"all";s:12:"delta_offset";i:0;s:14:"delta_reversed";b:0;s:16:"delta_first_last";b:0;s:10:"multi_type";s:9:"separator";s:9:"separator";s:2:", ";s:17:"field_api_classes";i:0;}s:17:"field_image_house";a:34:{s:2:"id";s:17:"field_image_house";s:5:"table";s:28:"search_api_index_house_index";s:5:"field";s:17:"field_image_house";s:12:"relationship";s:4:"none";s:10:"group_type";s:5:"group";s:7:"ui_name";s:0:"";s:5:"label";s:0:"";s:7:"exclude";i:0;s:5:"alter";a:26:{s:10:"alter_text";i:0;s:4:"text";s:0:"";s:9:"make_link";i:0;s:4:"path";s:0:"";s:8:"absolute";i:0;s:8:"external";i:0;s:14:"replace_spaces";i:0;s:9:"path_case";s:4:"none";s:15:"trim_whitespace";i:0;s:3:"alt";s:0:"";s:3:"rel";s:0:"";s:10:"link_class";s:0:"";s:6:"prefix";s:0:"";s:6:"suffix";s:0:"";s:6:"target";s:0:"";s:5:"nl2br";i:0;s:10:"max_length";s:0:"";s:13:"word_boundary";i:1;s:8:"ellipsis";i:1;s:9:"more_link";i:0;s:14:"more_link_text";s:0:"";s:14:"more_link_path";s:0:"";s:10:"strip_tags";i:0;s:4:"trim";i:0;s:13:"preserve_tags";s:0:"";s:4:"html";i:0;}s:12:"element_type";s:0:"";s:13:"element_class";s:0:"";s:18:"element_label_type";s:0:"";s:19:"element_label_class";s:0:"";s:19:"element_label_colon";b:0;s:20:"element_wrapper_type";s:0:"";s:21:"element_wrapper_class";s:0:"";s:23:"element_default_classes";i:1;s:5:"empty";s:0:"";s:10:"hide_empty";i:0;s:10:"empty_zero";i:0;s:16:"hide_alter_empty";i:1;s:17:"click_sort_column";s:3:"fid";s:4:"type";s:5:"image";s:8:"settings";a:2:{s:11:"image_style";s:11:"front_house";s:10:"image_link";s:7:"content";}s:12:"group_column";s:0:"";s:13:"group_columns";a:0:{}s:10:"group_rows";b:1;s:11:"delta_limit";s:3:"all";s:12:"delta_offset";i:0;s:14:"delta_reversed";b:0;s:16:"delta_first_last";b:0;s:10:"multi_type";s:9:"separator";s:9:"separator";s:2:", ";s:17:"field_api_classes";i:0;}}s:7:"filters";a:1:{s:25:"search_api_views_fulltext";a:16:{s:2:"id";s:25:"search_api_views_fulltext";s:5:"table";s:28:"search_api_index_house_index";s:5:"field";s:25:"search_api_views_fulltext";s:12:"relationship";s:4:"none";s:10:"group_type";s:5:"group";s:7:"ui_name";s:0:"";s:8:"operator";s:2:"OR";s:5:"value";s:0:"";s:5:"group";s:1:"1";s:7:"exposed";b:1;s:6:"expose";a:11:{s:11:"operator_id";s:28:"search_api_views_fulltext_op";s:5:"label";s:6:"Search";s:11:"description";s:0:"";s:12:"use_operator";i:0;s:14:"operator_label";s:0:"";s:8:"operator";s:28:"search_api_views_fulltext_op";s:10:"identifier";s:25:"search_api_views_fulltext";s:8:"required";i:0;s:8:"remember";i:0;s:8:"multiple";i:0;s:14:"remember_roles";a:3:{i:2;s:1:"2";i:1;i:0;i:3;i:0;}}s:10:"is_grouped";b:0;s:10:"group_info";a:10:{s:5:"label";s:0:"";s:11:"description";s:0:"";s:10:"identifier";s:0:"";s:8:"optional";b:1;s:6:"widget";s:6:"select";s:8:"multiple";b:0;s:8:"remember";i:0;s:13:"default_group";s:3:"All";s:22:"default_group_multiple";a:0:{}s:11:"group_items";a:0:{}}s:4:"mode";s:4:"keys";s:10:"min_length";s:0:"";s:6:"fields";a:0:{}}}s:5:"sorts";a:0:{}s:5:"title";s:9:"All house";}'),
(51, 'page', 'Page', 'page', 2, 'a:2:{s:5:"query";a:2:{s:4:"type";s:11:"views_query";s:7:"options";a:0:{}}s:4:"path";s:9:"all-house";}'),
(58, 'block', 'Block', 'block', 2, 'a:2:{s:5:"query";a:2:{s:4:"type";s:11:"views_query";s:7:"options";a:0:{}}s:5:"field";a:1:{s:5:"title";a:1:{s:12:"link_to_node";i:1;}}}');
INSERT INTO `views_display` (`vid`, `id`, `display_title`, `display_plugin`, `position`, `display_options`) VALUES
(58, 'default', 'Master', 'default', 1, 'a:13:{s:5:"query";a:2:{s:4:"type";s:11:"views_query";s:7:"options";a:0:{}}s:6:"access";a:1:{s:4:"type";s:4:"perm";}s:5:"cache";a:1:{s:4:"type";s:4:"none";}s:12:"exposed_form";a:1:{s:4:"type";s:5:"basic";}s:5:"pager";a:2:{s:4:"type";s:4:"some";s:7:"options";a:1:{s:14:"items_per_page";s:1:"5";}}s:12:"style_plugin";s:7:"default";s:10:"row_plugin";s:6:"fields";s:6:"fields";a:18:{s:5:"title";a:22:{s:2:"id";s:5:"title";s:5:"table";s:4:"node";s:5:"field";s:5:"title";s:12:"relationship";s:4:"none";s:10:"group_type";s:5:"group";s:7:"ui_name";s:0:"";s:5:"label";s:0:"";s:7:"exclude";i:0;s:5:"alter";a:26:{s:10:"alter_text";i:0;s:4:"text";s:0:"";s:9:"make_link";i:0;s:4:"path";s:0:"";s:8:"absolute";i:0;s:8:"external";i:0;s:14:"replace_spaces";i:0;s:9:"path_case";s:4:"none";s:15:"trim_whitespace";i:0;s:3:"alt";s:0:"";s:3:"rel";s:0:"";s:10:"link_class";s:0:"";s:6:"prefix";s:0:"";s:6:"suffix";s:0:"";s:6:"target";s:0:"";s:5:"nl2br";i:0;s:10:"max_length";s:0:"";s:13:"word_boundary";i:0;s:8:"ellipsis";i:0;s:9:"more_link";i:0;s:14:"more_link_text";s:0:"";s:14:"more_link_path";s:0:"";s:10:"strip_tags";i:0;s:4:"trim";i:0;s:13:"preserve_tags";s:0:"";s:4:"html";i:0;}s:12:"element_type";s:2:"h2";s:13:"element_class";s:0:"";s:18:"element_label_type";s:0:"";s:19:"element_label_class";s:0:"";s:19:"element_label_colon";b:0;s:20:"element_wrapper_type";s:0:"";s:21:"element_wrapper_class";s:0:"";s:23:"element_default_classes";i:1;s:5:"empty";s:0:"";s:10:"hide_empty";i:0;s:10:"empty_zero";i:0;s:16:"hide_alter_empty";i:1;s:12:"link_to_node";i:1;}s:11:"field_sq_ft";a:34:{s:2:"id";s:11:"field_sq_ft";s:5:"table";s:22:"field_data_field_sq_ft";s:5:"field";s:11:"field_sq_ft";s:12:"relationship";s:4:"none";s:10:"group_type";s:5:"group";s:7:"ui_name";s:0:"";s:5:"label";s:0:"";s:7:"exclude";i:1;s:5:"alter";a:26:{s:10:"alter_text";i:1;s:4:"text";s:81:"<div class="field-label">Sq. Ft</div><div class="field-items">[field_sq_ft]</div>";s:9:"make_link";i:0;s:4:"path";s:0:"";s:8:"absolute";i:0;s:8:"external";i:0;s:14:"replace_spaces";i:0;s:9:"path_case";s:4:"none";s:15:"trim_whitespace";i:0;s:3:"alt";s:0:"";s:3:"rel";s:0:"";s:10:"link_class";s:0:"";s:6:"prefix";s:0:"";s:6:"suffix";s:0:"";s:6:"target";s:0:"";s:5:"nl2br";i:0;s:10:"max_length";s:0:"";s:13:"word_boundary";i:1;s:8:"ellipsis";i:1;s:9:"more_link";i:0;s:14:"more_link_text";s:0:"";s:14:"more_link_path";s:0:"";s:10:"strip_tags";i:0;s:4:"trim";i:0;s:13:"preserve_tags";s:0:"";s:4:"html";i:0;}s:12:"element_type";s:0:"";s:13:"element_class";s:0:"";s:18:"element_label_type";s:0:"";s:19:"element_label_class";s:0:"";s:19:"element_label_colon";b:0;s:20:"element_wrapper_type";s:0:"";s:21:"element_wrapper_class";s:0:"";s:23:"element_default_classes";i:1;s:5:"empty";s:0:"";s:10:"hide_empty";i:0;s:10:"empty_zero";i:0;s:16:"hide_alter_empty";i:1;s:17:"click_sort_column";s:5:"value";s:4:"type";s:12:"text_default";s:8:"settings";a:0:{}s:12:"group_column";s:5:"value";s:13:"group_columns";a:0:{}s:10:"group_rows";b:1;s:11:"delta_limit";s:3:"all";s:12:"delta_offset";i:0;s:14:"delta_reversed";b:0;s:16:"delta_first_last";b:0;s:10:"multi_type";s:9:"separator";s:9:"separator";s:2:", ";s:17:"field_api_classes";i:0;}s:12:"field_status";a:34:{s:2:"id";s:12:"field_status";s:5:"table";s:23:"field_data_field_status";s:5:"field";s:12:"field_status";s:12:"relationship";s:4:"none";s:10:"group_type";s:5:"group";s:7:"ui_name";s:0:"";s:5:"label";s:0:"";s:7:"exclude";i:1;s:5:"alter";a:26:{s:10:"alter_text";i:1;s:4:"text";s:82:"<div class="field-label">Status</div><div class="field-items">[field_status]</div>";s:9:"make_link";i:0;s:4:"path";s:0:"";s:8:"absolute";i:0;s:8:"external";i:0;s:14:"replace_spaces";i:0;s:9:"path_case";s:4:"none";s:15:"trim_whitespace";i:0;s:3:"alt";s:0:"";s:3:"rel";s:0:"";s:10:"link_class";s:0:"";s:6:"prefix";s:0:"";s:6:"suffix";s:0:"";s:6:"target";s:0:"";s:5:"nl2br";i:0;s:10:"max_length";s:0:"";s:13:"word_boundary";i:1;s:8:"ellipsis";i:1;s:9:"more_link";i:0;s:14:"more_link_text";s:0:"";s:14:"more_link_path";s:0:"";s:10:"strip_tags";i:0;s:4:"trim";i:0;s:13:"preserve_tags";s:0:"";s:4:"html";i:0;}s:12:"element_type";s:0:"";s:13:"element_class";s:0:"";s:18:"element_label_type";s:0:"";s:19:"element_label_class";s:0:"";s:19:"element_label_colon";b:0;s:20:"element_wrapper_type";s:0:"";s:21:"element_wrapper_class";s:0:"";s:23:"element_default_classes";i:1;s:5:"empty";s:0:"";s:10:"hide_empty";i:0;s:10:"empty_zero";i:0;s:16:"hide_alter_empty";i:1;s:17:"click_sort_column";s:5:"value";s:4:"type";s:12:"text_default";s:8:"settings";a:0:{}s:12:"group_column";s:5:"value";s:13:"group_columns";a:0:{}s:10:"group_rows";b:1;s:11:"delta_limit";s:3:"all";s:12:"delta_offset";i:0;s:14:"delta_reversed";b:0;s:16:"delta_first_last";b:0;s:10:"multi_type";s:9:"separator";s:9:"separator";s:2:", ";s:17:"field_api_classes";i:0;}s:10:"field_year";a:34:{s:2:"id";s:10:"field_year";s:5:"table";s:21:"field_data_field_year";s:5:"field";s:10:"field_year";s:12:"relationship";s:4:"none";s:10:"group_type";s:5:"group";s:7:"ui_name";s:0:"";s:5:"label";s:0:"";s:7:"exclude";i:1;s:5:"alter";a:26:{s:10:"alter_text";i:1;s:4:"text";s:78:"<div class="field-label">Year</div><div class="field-items">[field_year]</div>";s:9:"make_link";i:0;s:4:"path";s:0:"";s:8:"absolute";i:0;s:8:"external";i:0;s:14:"replace_spaces";i:0;s:9:"path_case";s:4:"none";s:15:"trim_whitespace";i:0;s:3:"alt";s:0:"";s:3:"rel";s:0:"";s:10:"link_class";s:0:"";s:6:"prefix";s:0:"";s:6:"suffix";s:0:"";s:6:"target";s:0:"";s:5:"nl2br";i:0;s:10:"max_length";s:0:"";s:13:"word_boundary";i:1;s:8:"ellipsis";i:1;s:9:"more_link";i:0;s:14:"more_link_text";s:0:"";s:14:"more_link_path";s:0:"";s:10:"strip_tags";i:0;s:4:"trim";i:0;s:13:"preserve_tags";s:0:"";s:4:"html";i:0;}s:12:"element_type";s:0:"";s:13:"element_class";s:0:"";s:18:"element_label_type";s:0:"";s:19:"element_label_class";s:0:"";s:19:"element_label_colon";b:0;s:20:"element_wrapper_type";s:0:"";s:21:"element_wrapper_class";s:0:"";s:23:"element_default_classes";i:1;s:5:"empty";s:0:"";s:10:"hide_empty";i:0;s:10:"empty_zero";i:0;s:16:"hide_alter_empty";i:1;s:17:"click_sort_column";s:5:"value";s:4:"type";s:12:"text_default";s:8:"settings";a:0:{}s:12:"group_column";s:5:"value";s:13:"group_columns";a:0:{}s:10:"group_rows";b:1;s:11:"delta_limit";s:3:"all";s:12:"delta_offset";i:0;s:14:"delta_reversed";b:0;s:16:"delta_first_last";b:0;s:10:"multi_type";s:9:"separator";s:9:"separator";s:2:", ";s:17:"field_api_classes";i:0;}s:13:"field_garages";a:34:{s:2:"id";s:13:"field_garages";s:5:"table";s:24:"field_data_field_garages";s:5:"field";s:13:"field_garages";s:12:"relationship";s:4:"none";s:10:"group_type";s:5:"group";s:7:"ui_name";s:0:"";s:5:"label";s:0:"";s:7:"exclude";i:1;s:5:"alter";a:26:{s:10:"alter_text";i:1;s:4:"text";s:84:"<div class="field-label">Garages</div><div class="field-items">[field_garages]</div>";s:9:"make_link";i:0;s:4:"path";s:0:"";s:8:"absolute";i:0;s:8:"external";i:0;s:14:"replace_spaces";i:0;s:9:"path_case";s:4:"none";s:15:"trim_whitespace";i:0;s:3:"alt";s:0:"";s:3:"rel";s:0:"";s:10:"link_class";s:0:"";s:6:"prefix";s:0:"";s:6:"suffix";s:0:"";s:6:"target";s:0:"";s:5:"nl2br";i:0;s:10:"max_length";s:0:"";s:13:"word_boundary";i:1;s:8:"ellipsis";i:1;s:9:"more_link";i:0;s:14:"more_link_text";s:0:"";s:14:"more_link_path";s:0:"";s:10:"strip_tags";i:0;s:4:"trim";i:0;s:13:"preserve_tags";s:0:"";s:4:"html";i:0;}s:12:"element_type";s:0:"";s:13:"element_class";s:0:"";s:18:"element_label_type";s:0:"";s:19:"element_label_class";s:0:"";s:19:"element_label_colon";b:0;s:20:"element_wrapper_type";s:0:"";s:21:"element_wrapper_class";s:0:"";s:23:"element_default_classes";i:1;s:5:"empty";s:0:"";s:10:"hide_empty";i:0;s:10:"empty_zero";i:0;s:16:"hide_alter_empty";i:1;s:17:"click_sort_column";s:5:"value";s:4:"type";s:12:"text_default";s:8:"settings";a:0:{}s:12:"group_column";s:5:"value";s:13:"group_columns";a:0:{}s:10:"group_rows";b:1;s:11:"delta_limit";s:3:"all";s:12:"delta_offset";i:0;s:14:"delta_reversed";b:0;s:16:"delta_first_last";b:0;s:10:"multi_type";s:9:"separator";s:9:"separator";s:2:", ";s:17:"field_api_classes";i:0;}s:17:"field_category_it";a:34:{s:2:"id";s:17:"field_category_it";s:5:"table";s:28:"field_data_field_category_it";s:5:"field";s:17:"field_category_it";s:12:"relationship";s:4:"none";s:10:"group_type";s:5:"group";s:7:"ui_name";s:0:"";s:5:"label";s:0:"";s:7:"exclude";i:1;s:5:"alter";a:26:{s:10:"alter_text";i:1;s:4:"text";s:89:"<div class="field-label">Category</div><div class="field-items">[field_category_it]</div>";s:9:"make_link";i:0;s:4:"path";s:0:"";s:8:"absolute";i:0;s:8:"external";i:0;s:14:"replace_spaces";i:0;s:9:"path_case";s:4:"none";s:15:"trim_whitespace";i:0;s:3:"alt";s:0:"";s:3:"rel";s:0:"";s:10:"link_class";s:0:"";s:6:"prefix";s:0:"";s:6:"suffix";s:0:"";s:6:"target";s:0:"";s:5:"nl2br";i:0;s:10:"max_length";s:0:"";s:13:"word_boundary";i:1;s:8:"ellipsis";i:1;s:9:"more_link";i:0;s:14:"more_link_text";s:0:"";s:14:"more_link_path";s:0:"";s:10:"strip_tags";i:0;s:4:"trim";i:0;s:13:"preserve_tags";s:0:"";s:4:"html";i:0;}s:12:"element_type";s:0:"";s:13:"element_class";s:0:"";s:18:"element_label_type";s:0:"";s:19:"element_label_class";s:0:"";s:19:"element_label_colon";b:0;s:20:"element_wrapper_type";s:0:"";s:21:"element_wrapper_class";s:0:"";s:23:"element_default_classes";i:1;s:5:"empty";s:0:"";s:10:"hide_empty";i:0;s:10:"empty_zero";i:0;s:16:"hide_alter_empty";i:1;s:17:"click_sort_column";s:3:"tid";s:4:"type";s:28:"taxonomy_term_reference_link";s:8:"settings";a:0:{}s:12:"group_column";s:3:"tid";s:13:"group_columns";a:0:{}s:10:"group_rows";b:1;s:11:"delta_limit";s:3:"all";s:12:"delta_offset";i:0;s:14:"delta_reversed";b:0;s:16:"delta_first_last";b:0;s:10:"multi_type";s:9:"separator";s:9:"separator";s:2:", ";s:17:"field_api_classes";i:0;}s:14:"field_bedrooms";a:34:{s:2:"id";s:14:"field_bedrooms";s:5:"table";s:25:"field_data_field_bedrooms";s:5:"field";s:14:"field_bedrooms";s:12:"relationship";s:4:"none";s:10:"group_type";s:5:"group";s:7:"ui_name";s:0:"";s:5:"label";s:0:"";s:7:"exclude";i:1;s:5:"alter";a:26:{s:10:"alter_text";i:1;s:4:"text";s:86:"<div class="field-label">Bedrooms</div><div class="field-items">[field_bedrooms]</div>";s:9:"make_link";i:0;s:4:"path";s:0:"";s:8:"absolute";i:0;s:8:"external";i:0;s:14:"replace_spaces";i:0;s:9:"path_case";s:4:"none";s:15:"trim_whitespace";i:0;s:3:"alt";s:0:"";s:3:"rel";s:0:"";s:10:"link_class";s:0:"";s:6:"prefix";s:0:"";s:6:"suffix";s:0:"";s:6:"target";s:0:"";s:5:"nl2br";i:0;s:10:"max_length";s:0:"";s:13:"word_boundary";i:1;s:8:"ellipsis";i:1;s:9:"more_link";i:0;s:14:"more_link_text";s:0:"";s:14:"more_link_path";s:0:"";s:10:"strip_tags";i:0;s:4:"trim";i:0;s:13:"preserve_tags";s:0:"";s:4:"html";i:0;}s:12:"element_type";s:0:"";s:13:"element_class";s:0:"";s:18:"element_label_type";s:0:"";s:19:"element_label_class";s:0:"";s:19:"element_label_colon";b:0;s:20:"element_wrapper_type";s:0:"";s:21:"element_wrapper_class";s:0:"";s:23:"element_default_classes";i:1;s:5:"empty";s:0:"";s:10:"hide_empty";i:0;s:10:"empty_zero";i:0;s:16:"hide_alter_empty";i:1;s:17:"click_sort_column";s:5:"value";s:4:"type";s:12:"text_default";s:8:"settings";a:0:{}s:12:"group_column";s:5:"value";s:13:"group_columns";a:0:{}s:10:"group_rows";b:1;s:11:"delta_limit";s:3:"all";s:12:"delta_offset";i:0;s:14:"delta_reversed";b:0;s:16:"delta_first_last";b:0;s:10:"multi_type";s:9:"separator";s:9:"separator";s:2:", ";s:17:"field_api_classes";i:0;}s:15:"field_bathrooms";a:34:{s:2:"id";s:15:"field_bathrooms";s:5:"table";s:26:"field_data_field_bathrooms";s:5:"field";s:15:"field_bathrooms";s:12:"relationship";s:4:"none";s:10:"group_type";s:5:"group";s:7:"ui_name";s:0:"";s:5:"label";s:0:"";s:7:"exclude";i:1;s:5:"alter";a:26:{s:10:"alter_text";i:1;s:4:"text";s:88:"<div class="field-label">Bathrooms</div><div class="field-items">[field_bathrooms]</div>";s:9:"make_link";i:0;s:4:"path";s:0:"";s:8:"absolute";i:0;s:8:"external";i:0;s:14:"replace_spaces";i:0;s:9:"path_case";s:4:"none";s:15:"trim_whitespace";i:0;s:3:"alt";s:0:"";s:3:"rel";s:0:"";s:10:"link_class";s:0:"";s:6:"prefix";s:0:"";s:6:"suffix";s:0:"";s:6:"target";s:0:"";s:5:"nl2br";i:0;s:10:"max_length";s:0:"";s:13:"word_boundary";i:1;s:8:"ellipsis";i:1;s:9:"more_link";i:0;s:14:"more_link_text";s:0:"";s:14:"more_link_path";s:0:"";s:10:"strip_tags";i:0;s:4:"trim";i:0;s:13:"preserve_tags";s:0:"";s:4:"html";i:0;}s:12:"element_type";s:0:"";s:13:"element_class";s:0:"";s:18:"element_label_type";s:0:"";s:19:"element_label_class";s:0:"";s:19:"element_label_colon";b:0;s:20:"element_wrapper_type";s:0:"";s:21:"element_wrapper_class";s:0:"";s:23:"element_default_classes";i:1;s:5:"empty";s:0:"";s:10:"hide_empty";i:0;s:10:"empty_zero";i:0;s:16:"hide_alter_empty";i:1;s:17:"click_sort_column";s:5:"value";s:4:"type";s:12:"text_default";s:8:"settings";a:0:{}s:12:"group_column";s:5:"value";s:13:"group_columns";a:0:{}s:10:"group_rows";b:1;s:11:"delta_limit";s:3:"all";s:12:"delta_offset";i:0;s:14:"delta_reversed";b:0;s:16:"delta_first_last";b:0;s:10:"multi_type";s:9:"separator";s:9:"separator";s:2:", ";s:17:"field_api_classes";i:0;}s:17:"field_description";a:34:{s:2:"id";s:17:"field_description";s:5:"table";s:28:"field_data_field_description";s:5:"field";s:17:"field_description";s:12:"relationship";s:4:"none";s:10:"group_type";s:5:"group";s:7:"ui_name";s:0:"";s:5:"label";s:0:"";s:7:"exclude";i:1;s:5:"alter";a:26:{s:10:"alter_text";i:1;s:4:"text";s:92:"<div class="field-label">Description</div><div class="field-items">[field_description]</div>";s:9:"make_link";i:0;s:4:"path";s:0:"";s:8:"absolute";i:0;s:8:"external";i:0;s:14:"replace_spaces";i:0;s:9:"path_case";s:4:"none";s:15:"trim_whitespace";i:0;s:3:"alt";s:0:"";s:3:"rel";s:0:"";s:10:"link_class";s:0:"";s:6:"prefix";s:0:"";s:6:"suffix";s:0:"";s:6:"target";s:0:"";s:5:"nl2br";i:0;s:10:"max_length";s:0:"";s:13:"word_boundary";i:1;s:8:"ellipsis";i:1;s:9:"more_link";i:0;s:14:"more_link_text";s:0:"";s:14:"more_link_path";s:0:"";s:10:"strip_tags";i:0;s:4:"trim";i:0;s:13:"preserve_tags";s:0:"";s:4:"html";i:0;}s:12:"element_type";s:3:"div";s:13:"element_class";s:11:"description";s:18:"element_label_type";s:0:"";s:19:"element_label_class";s:0:"";s:19:"element_label_colon";b:0;s:20:"element_wrapper_type";s:0:"";s:21:"element_wrapper_class";s:0:"";s:23:"element_default_classes";i:1;s:5:"empty";s:0:"";s:10:"hide_empty";i:0;s:10:"empty_zero";i:0;s:16:"hide_alter_empty";i:1;s:17:"click_sort_column";s:5:"value";s:4:"type";s:12:"text_default";s:8:"settings";a:0:{}s:12:"group_column";s:5:"value";s:13:"group_columns";a:0:{}s:10:"group_rows";b:1;s:11:"delta_limit";s:3:"all";s:12:"delta_offset";i:0;s:14:"delta_reversed";b:0;s:16:"delta_first_last";b:0;s:10:"multi_type";s:9:"separator";s:9:"separator";s:2:", ";s:17:"field_api_classes";i:0;}s:22:"field_thumbnail_images";a:34:{s:2:"id";s:22:"field_thumbnail_images";s:5:"table";s:33:"field_data_field_thumbnail_images";s:5:"field";s:22:"field_thumbnail_images";s:12:"relationship";s:4:"none";s:10:"group_type";s:5:"group";s:7:"ui_name";s:0:"";s:5:"label";s:0:"";s:7:"exclude";i:1;s:5:"alter";a:26:{s:10:"alter_text";i:0;s:4:"text";s:19:"[field_image_house]";s:9:"make_link";i:0;s:4:"path";s:0:"";s:8:"absolute";i:0;s:8:"external";i:0;s:14:"replace_spaces";i:0;s:9:"path_case";s:4:"none";s:15:"trim_whitespace";i:0;s:3:"alt";s:0:"";s:3:"rel";s:0:"";s:10:"link_class";s:0:"";s:6:"prefix";s:0:"";s:6:"suffix";s:0:"";s:6:"target";s:0:"";s:5:"nl2br";i:0;s:10:"max_length";s:0:"";s:13:"word_boundary";i:1;s:8:"ellipsis";i:1;s:9:"more_link";i:0;s:14:"more_link_text";s:0:"";s:14:"more_link_path";s:0:"";s:10:"strip_tags";i:0;s:4:"trim";i:0;s:13:"preserve_tags";s:0:"";s:4:"html";i:0;}s:12:"element_type";s:3:"div";s:13:"element_class";s:10:"test_class";s:18:"element_label_type";s:0:"";s:19:"element_label_class";s:0:"";s:19:"element_label_colon";b:0;s:20:"element_wrapper_type";s:0:"";s:21:"element_wrapper_class";s:0:"";s:23:"element_default_classes";i:0;s:5:"empty";s:0:"";s:10:"hide_empty";i:0;s:10:"empty_zero";i:0;s:16:"hide_alter_empty";i:1;s:17:"click_sort_column";s:3:"fid";s:4:"type";s:8:"colorbox";s:8:"settings";a:7:{s:19:"colorbox_node_style";s:16:"thumbnail_images";s:25:"colorbox_node_style_first";s:16:"thumbnail_images";s:20:"colorbox_image_style";s:5:"house";s:16:"colorbox_gallery";s:4:"post";s:23:"colorbox_gallery_custom";s:0:"";s:16:"colorbox_caption";s:4:"auto";s:23:"colorbox_caption_custom";s:0:"";}s:12:"group_column";s:0:"";s:13:"group_columns";a:0:{}s:10:"group_rows";i:1;s:11:"delta_limit";s:3:"all";s:12:"delta_offset";s:1:"0";s:14:"delta_reversed";i:0;s:16:"delta_first_last";i:0;s:10:"multi_type";s:9:"separator";s:9:"separator";s:2:", ";s:17:"field_api_classes";i:0;}s:17:"field_image_house";a:34:{s:2:"id";s:17:"field_image_house";s:5:"table";s:28:"field_data_field_image_house";s:5:"field";s:17:"field_image_house";s:12:"relationship";s:4:"none";s:10:"group_type";s:5:"group";s:7:"ui_name";s:0:"";s:5:"label";s:0:"";s:7:"exclude";i:0;s:5:"alter";a:26:{s:10:"alter_text";i:1;s:4:"text";s:576:"[field_image_house]<div class="thumbmail_images">[field_thumbnail_images]</div>\n<div class="description">[field_description]</div>\n<div class="more_info">\n    <div class="row">\n        <div class="col-lg-3">\n            [field_bathrooms]\n            [field_bedrooms]\n        </div>\n        <div class="col-lg-3">\n            [field_category_it]\n            [field_garages]\n        </div>\n        <div class="col-lg-3">\n            [field_year]\n            [field_status]\n        </div>\n        <div class="col-lg-3">\n            [field_sq_ft] \n        </div>\n    </div>\n</div>";s:9:"make_link";i:0;s:4:"path";s:0:"";s:8:"absolute";i:0;s:8:"external";i:0;s:14:"replace_spaces";i:0;s:9:"path_case";s:4:"none";s:15:"trim_whitespace";i:0;s:3:"alt";s:0:"";s:3:"rel";s:0:"";s:10:"link_class";s:0:"";s:6:"prefix";s:0:"";s:6:"suffix";s:0:"";s:6:"target";s:0:"";s:5:"nl2br";i:0;s:10:"max_length";s:0:"";s:13:"word_boundary";i:1;s:8:"ellipsis";i:1;s:9:"more_link";i:0;s:14:"more_link_text";s:0:"";s:14:"more_link_path";s:0:"";s:10:"strip_tags";i:0;s:4:"trim";i:0;s:13:"preserve_tags";s:0:"";s:4:"html";i:0;}s:12:"element_type";s:3:"div";s:13:"element_class";s:8:"col-lg-9";s:18:"element_label_type";s:0:"";s:19:"element_label_class";s:0:"";s:19:"element_label_colon";b:0;s:20:"element_wrapper_type";s:0:"";s:21:"element_wrapper_class";s:0:"";s:23:"element_default_classes";i:0;s:5:"empty";s:0:"";s:10:"hide_empty";i:0;s:10:"empty_zero";i:0;s:16:"hide_alter_empty";i:1;s:17:"click_sort_column";s:3:"fid";s:4:"type";s:5:"image";s:8:"settings";a:2:{s:11:"image_style";s:5:"house";s:10:"image_link";s:0:"";}s:12:"group_column";s:0:"";s:13:"group_columns";a:0:{}s:10:"group_rows";b:1;s:11:"delta_limit";s:3:"all";s:12:"delta_offset";i:0;s:14:"delta_reversed";b:0;s:16:"delta_first_last";b:0;s:10:"multi_type";s:9:"separator";s:9:"separator";s:2:", ";s:17:"field_api_classes";i:0;}s:20:"field_about_agent_it";a:34:{s:2:"id";s:20:"field_about_agent_it";s:5:"table";s:31:"field_data_field_about_agent_it";s:5:"field";s:20:"field_about_agent_it";s:12:"relationship";s:3:"uid";s:10:"group_type";s:5:"group";s:7:"ui_name";s:0:"";s:5:"label";s:0:"";s:7:"exclude";i:1;s:5:"alter";a:26:{s:10:"alter_text";i:1;s:4:"text";s:101:"<div class="field-label about">About agent</div><div class="field-items">[field_about_agent_it]</div>";s:9:"make_link";i:0;s:4:"path";s:0:"";s:8:"absolute";i:0;s:8:"external";i:0;s:14:"replace_spaces";i:0;s:9:"path_case";s:4:"none";s:15:"trim_whitespace";i:0;s:3:"alt";s:0:"";s:3:"rel";s:0:"";s:10:"link_class";s:0:"";s:6:"prefix";s:0:"";s:6:"suffix";s:0:"";s:6:"target";s:0:"";s:5:"nl2br";i:0;s:10:"max_length";s:0:"";s:13:"word_boundary";i:1;s:8:"ellipsis";i:1;s:9:"more_link";i:0;s:14:"more_link_text";s:0:"";s:14:"more_link_path";s:0:"";s:10:"strip_tags";i:0;s:4:"trim";i:0;s:13:"preserve_tags";s:0:"";s:4:"html";i:0;}s:12:"element_type";s:0:"";s:13:"element_class";s:0:"";s:18:"element_label_type";s:0:"";s:19:"element_label_class";s:0:"";s:19:"element_label_colon";b:0;s:20:"element_wrapper_type";s:0:"";s:21:"element_wrapper_class";s:0:"";s:23:"element_default_classes";i:1;s:5:"empty";s:0:"";s:10:"hide_empty";i:0;s:10:"empty_zero";i:0;s:16:"hide_alter_empty";i:1;s:17:"click_sort_column";s:5:"value";s:4:"type";s:12:"text_default";s:8:"settings";a:0:{}s:12:"group_column";s:5:"value";s:13:"group_columns";a:0:{}s:10:"group_rows";b:1;s:11:"delta_limit";s:3:"all";s:12:"delta_offset";i:0;s:14:"delta_reversed";b:0;s:16:"delta_first_last";b:0;s:10:"multi_type";s:9:"separator";s:9:"separator";s:2:", ";s:17:"field_api_classes";i:0;}s:14:"field_web_site";a:34:{s:2:"id";s:14:"field_web_site";s:5:"table";s:25:"field_data_field_web_site";s:5:"field";s:14:"field_web_site";s:12:"relationship";s:3:"uid";s:10:"group_type";s:5:"group";s:7:"ui_name";s:0:"";s:5:"label";s:0:"";s:7:"exclude";i:1;s:5:"alter";a:26:{s:10:"alter_text";i:1;s:4:"text";s:86:"<div class="field-label">Web site</div><div class="field-items">[field_web_site]</div>";s:9:"make_link";i:0;s:4:"path";s:0:"";s:8:"absolute";i:0;s:8:"external";i:0;s:14:"replace_spaces";i:0;s:9:"path_case";s:4:"none";s:15:"trim_whitespace";i:0;s:3:"alt";s:0:"";s:3:"rel";s:0:"";s:10:"link_class";s:0:"";s:6:"prefix";s:0:"";s:6:"suffix";s:0:"";s:6:"target";s:0:"";s:5:"nl2br";i:0;s:10:"max_length";s:0:"";s:13:"word_boundary";i:1;s:8:"ellipsis";i:1;s:9:"more_link";i:0;s:14:"more_link_text";s:0:"";s:14:"more_link_path";s:0:"";s:10:"strip_tags";i:0;s:4:"trim";i:0;s:13:"preserve_tags";s:0:"";s:4:"html";i:0;}s:12:"element_type";s:0:"";s:13:"element_class";s:0:"";s:18:"element_label_type";s:0:"";s:19:"element_label_class";s:0:"";s:19:"element_label_colon";b:0;s:20:"element_wrapper_type";s:0:"";s:21:"element_wrapper_class";s:0:"";s:23:"element_default_classes";i:1;s:5:"empty";s:0:"";s:10:"hide_empty";i:0;s:10:"empty_zero";i:0;s:16:"hide_alter_empty";i:1;s:17:"click_sort_column";s:5:"value";s:4:"type";s:12:"text_default";s:8:"settings";a:0:{}s:12:"group_column";s:5:"value";s:13:"group_columns";a:0:{}s:10:"group_rows";b:1;s:11:"delta_limit";s:3:"all";s:12:"delta_offset";i:0;s:14:"delta_reversed";b:0;s:16:"delta_first_last";b:0;s:10:"multi_type";s:9:"separator";s:9:"separator";s:2:", ";s:17:"field_api_classes";i:0;}s:14:"field_phone_it";a:34:{s:2:"id";s:14:"field_phone_it";s:5:"table";s:25:"field_data_field_phone_it";s:5:"field";s:14:"field_phone_it";s:12:"relationship";s:3:"uid";s:10:"group_type";s:5:"group";s:7:"ui_name";s:0:"";s:5:"label";s:0:"";s:7:"exclude";i:1;s:5:"alter";a:26:{s:10:"alter_text";i:1;s:4:"text";s:83:"<div class="field-label">Phone</div><div class="field-items">[field_phone_it]</div>";s:9:"make_link";i:0;s:4:"path";s:0:"";s:8:"absolute";i:0;s:8:"external";i:0;s:14:"replace_spaces";i:0;s:9:"path_case";s:4:"none";s:15:"trim_whitespace";i:0;s:3:"alt";s:0:"";s:3:"rel";s:0:"";s:10:"link_class";s:0:"";s:6:"prefix";s:0:"";s:6:"suffix";s:0:"";s:6:"target";s:0:"";s:5:"nl2br";i:0;s:10:"max_length";s:0:"";s:13:"word_boundary";i:1;s:8:"ellipsis";i:1;s:9:"more_link";i:0;s:14:"more_link_text";s:0:"";s:14:"more_link_path";s:0:"";s:10:"strip_tags";i:0;s:4:"trim";i:0;s:13:"preserve_tags";s:0:"";s:4:"html";i:0;}s:12:"element_type";s:0:"";s:13:"element_class";s:0:"";s:18:"element_label_type";s:0:"";s:19:"element_label_class";s:0:"";s:19:"element_label_colon";b:0;s:20:"element_wrapper_type";s:0:"";s:21:"element_wrapper_class";s:0:"";s:23:"element_default_classes";i:1;s:5:"empty";s:0:"";s:10:"hide_empty";i:0;s:10:"empty_zero";i:0;s:16:"hide_alter_empty";i:1;s:17:"click_sort_column";s:5:"value";s:4:"type";s:12:"text_default";s:8:"settings";a:0:{}s:12:"group_column";s:5:"value";s:13:"group_columns";a:0:{}s:10:"group_rows";b:1;s:11:"delta_limit";s:3:"all";s:12:"delta_offset";i:0;s:14:"delta_reversed";b:0;s:16:"delta_first_last";b:0;s:10:"multi_type";s:9:"separator";s:9:"separator";s:2:", ";s:17:"field_api_classes";i:0;}s:16:"field__ountry_it";a:34:{s:2:"id";s:16:"field__ountry_it";s:5:"table";s:27:"field_data_field__ountry_it";s:5:"field";s:16:"field__ountry_it";s:12:"relationship";s:3:"uid";s:10:"group_type";s:5:"group";s:7:"ui_name";s:0:"";s:5:"label";s:0:"";s:7:"exclude";i:1;s:5:"alter";a:26:{s:10:"alter_text";i:1;s:4:"text";s:88:"<div class="field-label">Сountry</div><div class="field-items">[field__ountry_it]</div>";s:9:"make_link";i:0;s:4:"path";s:0:"";s:8:"absolute";i:0;s:8:"external";i:0;s:14:"replace_spaces";i:0;s:9:"path_case";s:4:"none";s:15:"trim_whitespace";i:0;s:3:"alt";s:0:"";s:3:"rel";s:0:"";s:10:"link_class";s:0:"";s:6:"prefix";s:0:"";s:6:"suffix";s:0:"";s:6:"target";s:0:"";s:5:"nl2br";i:0;s:10:"max_length";s:0:"";s:13:"word_boundary";i:1;s:8:"ellipsis";i:1;s:9:"more_link";i:0;s:14:"more_link_text";s:0:"";s:14:"more_link_path";s:0:"";s:10:"strip_tags";i:0;s:4:"trim";i:0;s:13:"preserve_tags";s:0:"";s:4:"html";i:0;}s:12:"element_type";s:0:"";s:13:"element_class";s:0:"";s:18:"element_label_type";s:0:"";s:19:"element_label_class";s:0:"";s:19:"element_label_colon";b:0;s:20:"element_wrapper_type";s:0:"";s:21:"element_wrapper_class";s:0:"";s:23:"element_default_classes";i:1;s:5:"empty";s:0:"";s:10:"hide_empty";i:0;s:10:"empty_zero";i:0;s:16:"hide_alter_empty";i:1;s:17:"click_sort_column";s:5:"value";s:4:"type";s:12:"text_default";s:8:"settings";a:0:{}s:12:"group_column";s:5:"value";s:13:"group_columns";a:0:{}s:10:"group_rows";b:1;s:11:"delta_limit";s:3:"all";s:12:"delta_offset";i:0;s:14:"delta_reversed";b:0;s:16:"delta_first_last";b:0;s:10:"multi_type";s:9:"separator";s:9:"separator";s:2:", ";s:17:"field_api_classes";i:0;}s:13:"field_city_it";a:34:{s:2:"id";s:13:"field_city_it";s:5:"table";s:24:"field_data_field_city_it";s:5:"field";s:13:"field_city_it";s:12:"relationship";s:3:"uid";s:10:"group_type";s:5:"group";s:7:"ui_name";s:0:"";s:5:"label";s:0:"";s:7:"exclude";i:1;s:5:"alter";a:26:{s:10:"alter_text";i:1;s:4:"text";s:81:"<div class="field-label">City</div><div class="field-items">[field_city_it]</div>";s:9:"make_link";i:0;s:4:"path";s:0:"";s:8:"absolute";i:0;s:8:"external";i:0;s:14:"replace_spaces";i:0;s:9:"path_case";s:4:"none";s:15:"trim_whitespace";i:0;s:3:"alt";s:0:"";s:3:"rel";s:0:"";s:10:"link_class";s:0:"";s:6:"prefix";s:0:"";s:6:"suffix";s:0:"";s:6:"target";s:0:"";s:5:"nl2br";i:0;s:10:"max_length";s:0:"";s:13:"word_boundary";i:1;s:8:"ellipsis";i:1;s:9:"more_link";i:0;s:14:"more_link_text";s:0:"";s:14:"more_link_path";s:0:"";s:10:"strip_tags";i:0;s:4:"trim";i:0;s:13:"preserve_tags";s:0:"";s:4:"html";i:0;}s:12:"element_type";s:0:"";s:13:"element_class";s:0:"";s:18:"element_label_type";s:0:"";s:19:"element_label_class";s:0:"";s:19:"element_label_colon";b:0;s:20:"element_wrapper_type";s:0:"";s:21:"element_wrapper_class";s:0:"";s:23:"element_default_classes";i:1;s:5:"empty";s:0:"";s:10:"hide_empty";i:0;s:10:"empty_zero";i:0;s:16:"hide_alter_empty";i:1;s:17:"click_sort_column";s:5:"value";s:4:"type";s:12:"text_default";s:8:"settings";a:0:{}s:12:"group_column";s:5:"value";s:13:"group_columns";a:0:{}s:10:"group_rows";b:1;s:11:"delta_limit";s:3:"all";s:12:"delta_offset";i:0;s:14:"delta_reversed";b:0;s:16:"delta_first_last";b:0;s:10:"multi_type";s:9:"separator";s:9:"separator";s:2:", ";s:17:"field_api_classes";i:0;}s:4:"name";a:25:{s:2:"id";s:4:"name";s:5:"table";s:5:"users";s:5:"field";s:4:"name";s:12:"relationship";s:3:"uid";s:10:"group_type";s:5:"group";s:7:"ui_name";s:0:"";s:5:"label";s:0:"";s:7:"exclude";i:1;s:5:"alter";a:26:{s:10:"alter_text";i:1;s:4:"text";s:72:"<div class="field-label">Name</div><div class="field-items">[name]</div>";s:9:"make_link";i:0;s:4:"path";s:0:"";s:8:"absolute";i:0;s:8:"external";i:0;s:14:"replace_spaces";i:0;s:9:"path_case";s:4:"none";s:15:"trim_whitespace";i:0;s:3:"alt";s:0:"";s:3:"rel";s:0:"";s:10:"link_class";s:0:"";s:6:"prefix";s:0:"";s:6:"suffix";s:0:"";s:6:"target";s:0:"";s:5:"nl2br";i:0;s:10:"max_length";s:0:"";s:13:"word_boundary";i:1;s:8:"ellipsis";i:1;s:9:"more_link";i:0;s:14:"more_link_text";s:0:"";s:14:"more_link_path";s:0:"";s:10:"strip_tags";i:0;s:4:"trim";i:0;s:13:"preserve_tags";s:0:"";s:4:"html";i:0;}s:12:"element_type";s:0:"";s:13:"element_class";s:0:"";s:18:"element_label_type";s:0:"";s:19:"element_label_class";s:0:"";s:19:"element_label_colon";b:0;s:20:"element_wrapper_type";s:0:"";s:21:"element_wrapper_class";s:0:"";s:23:"element_default_classes";i:1;s:5:"empty";s:0:"";s:10:"hide_empty";i:0;s:10:"empty_zero";i:0;s:16:"hide_alter_empty";i:1;s:12:"link_to_user";i:0;s:19:"overwrite_anonymous";i:0;s:14:"anonymous_text";s:0:"";s:15:"format_username";i:1;}s:7:"picture";a:23:{s:2:"id";s:7:"picture";s:5:"table";s:5:"users";s:5:"field";s:7:"picture";s:12:"relationship";s:3:"uid";s:10:"group_type";s:5:"group";s:7:"ui_name";s:0:"";s:5:"label";s:0:"";s:7:"exclude";i:0;s:5:"alter";a:26:{s:10:"alter_text";i:1;s:4:"text";s:102:"[picture][name][field_city_it][field__ountry_it][field_phone_it][field_web_site][field_about_agent_it]";s:9:"make_link";i:0;s:4:"path";s:0:"";s:8:"absolute";i:0;s:8:"external";i:0;s:14:"replace_spaces";i:0;s:9:"path_case";s:4:"none";s:15:"trim_whitespace";i:0;s:3:"alt";s:0:"";s:3:"rel";s:0:"";s:10:"link_class";s:0:"";s:6:"prefix";s:0:"";s:6:"suffix";s:0:"";s:6:"target";s:0:"";s:5:"nl2br";i:0;s:10:"max_length";s:0:"";s:13:"word_boundary";i:1;s:8:"ellipsis";i:1;s:9:"more_link";i:0;s:14:"more_link_text";s:0:"";s:14:"more_link_path";s:0:"";s:10:"strip_tags";i:0;s:4:"trim";i:0;s:13:"preserve_tags";s:0:"";s:4:"html";i:0;}s:12:"element_type";s:3:"div";s:13:"element_class";s:8:"col-lg-3";s:18:"element_label_type";s:0:"";s:19:"element_label_class";s:0:"";s:19:"element_label_colon";b:0;s:20:"element_wrapper_type";s:0:"";s:21:"element_wrapper_class";s:0:"";s:23:"element_default_classes";i:1;s:5:"empty";s:0:"";s:10:"hide_empty";i:0;s:10:"empty_zero";i:0;s:16:"hide_alter_empty";i:1;s:21:"link_photo_to_profile";i:1;s:11:"image_style";s:0:"";}}s:7:"filters";a:2:{s:6:"status";a:6:{s:5:"value";i:1;s:5:"table";s:4:"node";s:5:"field";s:6:"status";s:2:"id";s:6:"status";s:6:"expose";a:1:{s:8:"operator";b:0;}s:5:"group";i:1;}s:4:"type";a:4:{s:2:"id";s:4:"type";s:5:"table";s:4:"node";s:5:"field";s:4:"type";s:5:"value";a:1:{s:5:"house";s:5:"house";}}}s:5:"sorts";a:1:{s:7:"created";a:4:{s:2:"id";s:7:"created";s:5:"table";s:4:"node";s:5:"field";s:7:"created";s:5:"order";s:4:"DESC";}}s:5:"title";s:6:"<none>";s:13:"relationships";a:1:{s:3:"uid";a:8:{s:2:"id";s:3:"uid";s:5:"table";s:4:"node";s:5:"field";s:3:"uid";s:12:"relationship";s:4:"none";s:10:"group_type";s:5:"group";s:7:"ui_name";s:0:"";s:5:"label";s:6:"author";s:8:"required";i:0;}}s:9:"arguments";a:1:{s:3:"nid";a:22:{s:2:"id";s:3:"nid";s:5:"table";s:4:"node";s:5:"field";s:3:"nid";s:12:"relationship";s:4:"none";s:10:"group_type";s:5:"group";s:7:"ui_name";s:0:"";s:14:"default_action";s:7:"default";s:9:"exception";a:3:{s:5:"value";s:3:"all";s:12:"title_enable";i:0;s:5:"title";s:3:"All";}s:12:"title_enable";i:0;s:5:"title";s:0:"";s:17:"breadcrumb_enable";i:0;s:10:"breadcrumb";s:0:"";s:21:"default_argument_type";s:4:"node";s:24:"default_argument_options";s:0:"";s:25:"default_argument_skip_url";i:0;s:15:"summary_options";a:4:{s:9:"base_path";s:0:"";s:5:"count";s:1:"1";s:14:"items_per_page";s:2:"25";s:8:"override";i:0;}s:7:"summary";a:3:{s:10:"sort_order";s:3:"asc";s:17:"number_of_records";s:1:"0";s:6:"format";s:15:"default_summary";}s:18:"specify_validation";i:0;s:8:"validate";a:2:{s:4:"type";s:4:"none";s:4:"fail";s:9:"not found";}s:16:"validate_options";a:0:{}s:12:"break_phrase";i:0;s:3:"not";i:0;}}}');

-- --------------------------------------------------------

--
-- Структура таблицы `views_view`
--

